-- https://www.phpmyadmin.net/
--

START TRANSACTION;



--
-- Database: `example`
--

-- --------------------------------------------------------

--
-- Table structure for table `cache`
--

CREATE TABLE `cache` (
  `key` varchar(255) COLLATE utf8mb4_unicode_ci NOT NULL,
  `value` mediumtext COLLATE utf8mb4_unicode_ci NOT NULL,
  `expiration` int NOT NULL
) ENGINE=InnoDB DEFAULT CHARSET=utf8mb4 COLLATE=utf8mb4_unicode_ci;

--
-- Dumping data for table `cache`
--

INSERT INTO `cache` (`key`, `value`, `expiration`) VALUES
('laravel_cache_spatie.permission.cache', 'a:3:{s:5:\"alias\";a:4:{s:1:\"a\";s:2:\"id\";s:1:\"b\";s:4:\"name\";s:1:\"c\";s:10:\"guard_name\";s:1:\"r\";s:5:\"roles\";}s:11:\"permissions\";a:7:{i:0;a:4:{s:1:\"a\";i:1;s:1:\"b\";s:12:\"manage users\";s:1:\"c\";s:3:\"web\";s:1:\"r\";a:1:{i:0;i:1;}}i:1;a:4:{s:1:\"a\";i:2;s:1:\"b\";s:14:\"create project\";s:1:\"c\";s:3:\"web\";s:1:\"r\";a:1:{i:0;i:1;}}i:2;a:4:{s:1:\"a\";i:3;s:1:\"b\";s:12:\"edit project\";s:1:\"c\";s:3:\"web\";s:1:\"r\";a:2:{i:0;i:1;i:1;i:2;}}i:3;a:4:{s:1:\"a\";i:4;s:1:\"b\";s:14:\"delete project\";s:1:\"c\";s:3:\"web\";s:1:\"r\";a:1:{i:0;i:1;}}i:4;a:4:{s:1:\"a\";i:5;s:1:\"b\";s:16:\"access resources\";s:1:\"c\";s:3:\"web\";s:1:\"r\";a:3:{i:0;i:1;i:1;i:2;i:2;i:3;}}i:5;a:4:{s:1:\"a\";i:6;s:1:\"b\";s:14:\"edit resources\";s:1:\"c\";s:3:\"web\";s:1:\"r\";a:2:{i:0;i:1;i:1;i:2;}}i:6;a:4:{s:1:\"a\";i:7;s:1:\"b\";s:16:\"delete resources\";s:1:\"c\";s:3:\"web\";s:1:\"r\";a:2:{i:0;i:1;i:1;i:2;}}}s:5:\"roles\";a:3:{i:0;a:3:{s:1:\"a\";i:1;s:1:\"b\";s:5:\"admin\";s:1:\"c\";s:3:\"web\";}i:1;a:3:{s:1:\"a\";i:2;s:1:\"b\";s:6:\"editor\";s:1:\"c\";s:3:\"web\";}i:2;a:3:{s:1:\"a\";i:3;s:1:\"b\";s:6:\"viewer\";s:1:\"c\";s:3:\"web\";}}}', 1744116827);

-- --------------------------------------------------------

--
-- Table structure for table `cache_locks`
--

CREATE TABLE `cache_locks` (
  `key` varchar(255) COLLATE utf8mb4_unicode_ci NOT NULL,
  `owner` varchar(255) COLLATE utf8mb4_unicode_ci NOT NULL,
  `expiration` int NOT NULL
) ENGINE=InnoDB DEFAULT CHARSET=utf8mb4 COLLATE=utf8mb4_unicode_ci;

-- --------------------------------------------------------

--
-- Table structure for table `failed_jobs`
--

CREATE TABLE `failed_jobs` (
  `id` bigint UNSIGNED NOT NULL,
  `uuid` varchar(255) COLLATE utf8mb4_unicode_ci NOT NULL,
  `connection` text COLLATE utf8mb4_unicode_ci NOT NULL,
  `queue` text COLLATE utf8mb4_unicode_ci NOT NULL,
  `payload` longtext COLLATE utf8mb4_unicode_ci NOT NULL,
  `exception` longtext COLLATE utf8mb4_unicode_ci NOT NULL,
  `failed_at` timestamp NOT NULL DEFAULT CURRENT_TIMESTAMP
) ENGINE=InnoDB DEFAULT CHARSET=utf8mb4 COLLATE=utf8mb4_unicode_ci;

-- --------------------------------------------------------

--
-- Table structure for table `jobs`
--

CREATE TABLE `jobs` (
  `id` bigint UNSIGNED NOT NULL,
  `queue` varchar(255) COLLATE utf8mb4_unicode_ci NOT NULL,
  `payload` longtext COLLATE utf8mb4_unicode_ci NOT NULL,
  `attempts` tinyint UNSIGNED NOT NULL,
  `reserved_at` int UNSIGNED DEFAULT NULL,
  `available_at` int UNSIGNED NOT NULL,
  `created_at` int UNSIGNED NOT NULL
) ENGINE=InnoDB DEFAULT CHARSET=utf8mb4 COLLATE=utf8mb4_unicode_ci;

-- --------------------------------------------------------

--
-- Table structure for table `job_batches`
--

CREATE TABLE `job_batches` (
  `id` varchar(255) COLLATE utf8mb4_unicode_ci NOT NULL,
  `name` varchar(255) COLLATE utf8mb4_unicode_ci NOT NULL,
  `total_jobs` int NOT NULL,
  `pending_jobs` int NOT NULL,
  `failed_jobs` int NOT NULL,
  `failed_job_ids` longtext COLLATE utf8mb4_unicode_ci NOT NULL,
  `options` mediumtext COLLATE utf8mb4_unicode_ci,
  `cancelled_at` int DEFAULT NULL,
  `created_at` int NOT NULL,
  `finished_at` int DEFAULT NULL
) ENGINE=InnoDB DEFAULT CHARSET=utf8mb4 COLLATE=utf8mb4_unicode_ci;

-- --------------------------------------------------------

--
-- Table structure for table `migrations`
--

CREATE TABLE `migrations` (
  `id` int UNSIGNED NOT NULL,
  `migration` varchar(255) COLLATE utf8mb4_unicode_ci NOT NULL,
  `batch` int NOT NULL
) ENGINE=InnoDB DEFAULT CHARSET=utf8mb4 COLLATE=utf8mb4_unicode_ci;

--
-- Dumping data for table `migrations`
--

INSERT INTO `migrations` (`id`, `migration`, `batch`) VALUES
(1, '0001_01_01_000000_create_users_table', 1),
(2, '0001_01_01_000001_create_cache_table', 1),
(3, '0001_01_01_000002_create_jobs_table', 1),
(4, '2024_01_01_000000_create_projects_table', 2),
(5, '2024_01_01_000001_create_resources_table', 2),
(6, '2024_01_01_000002_create_translations_table', 2),
(7, '2025_04_07_065024_create_permission_tables', 3);

-- --------------------------------------------------------

--
-- Table structure for table `model_has_permissions`
--

CREATE TABLE `model_has_permissions` (
  `permission_id` bigint UNSIGNED NOT NULL,
  `model_type` varchar(255) COLLATE utf8mb4_unicode_ci NOT NULL,
  `model_id` bigint UNSIGNED NOT NULL
) ENGINE=InnoDB DEFAULT CHARSET=utf8mb4 COLLATE=utf8mb4_unicode_ci;

-- --------------------------------------------------------

--
-- Table structure for table `model_has_roles`
--

CREATE TABLE `model_has_roles` (
  `role_id` bigint UNSIGNED NOT NULL,
  `model_type` varchar(255) COLLATE utf8mb4_unicode_ci NOT NULL,
  `model_id` bigint UNSIGNED NOT NULL
) ENGINE=InnoDB DEFAULT CHARSET=utf8mb4 COLLATE=utf8mb4_unicode_ci;

--
-- Dumping data for table `model_has_roles`
--

INSERT INTO `model_has_roles` (`role_id`, `model_type`, `model_id`) VALUES
(1, 'App\\Models\\User', 1),
(1, 'App\\Models\\User', 4),
(2, 'App\\Models\\User', 5),
(3, 'App\\Models\\User', 6);

-- --------------------------------------------------------

--
-- Table structure for table `password_reset_tokens`
--

CREATE TABLE `password_reset_tokens` (
  `email` varchar(255) COLLATE utf8mb4_unicode_ci NOT NULL,
  `token` varchar(255) COLLATE utf8mb4_unicode_ci NOT NULL,
  `created_at` timestamp NULL DEFAULT NULL
) ENGINE=InnoDB DEFAULT CHARSET=utf8mb4 COLLATE=utf8mb4_unicode_ci;

-- --------------------------------------------------------

--
-- Table structure for table `permissions`
--

CREATE TABLE `permissions` (
  `id` bigint UNSIGNED NOT NULL,
  `name` varchar(255) COLLATE utf8mb4_unicode_ci NOT NULL,
  `guard_name` varchar(255) COLLATE utf8mb4_unicode_ci NOT NULL,
  `created_at` timestamp NULL DEFAULT NULL,
  `updated_at` timestamp NULL DEFAULT NULL
) ENGINE=InnoDB DEFAULT CHARSET=utf8mb4 COLLATE=utf8mb4_unicode_ci;

--
-- Dumping data for table `permissions`
--

INSERT INTO `permissions` (`id`, `name`, `guard_name`, `created_at`, `updated_at`) VALUES
(1, 'manage users', 'web', '2025-04-07 03:04:20', '2025-04-07 03:04:20'),
(2, 'create project', 'web', '2025-04-07 03:04:20', '2025-04-07 03:04:20'),
(3, 'edit project', 'web', '2025-04-07 03:04:20', '2025-04-07 03:04:20'),
(4, 'delete project', 'web', '2025-04-07 03:04:20', '2025-04-07 03:04:20'),
(5, 'access resources', 'web', '2025-04-07 03:04:20', '2025-04-07 03:04:20'),
(6, 'edit resources', 'web', '2025-04-07 03:04:20', '2025-04-07 03:04:20'),
(7, 'delete resources', 'web', '2025-04-07 03:04:20', '2025-04-07 03:04:20');

-- --------------------------------------------------------

--
-- Table structure for table `projects`
--

CREATE TABLE `projects` (
  `id` bigint UNSIGNED NOT NULL,
  `user_id` bigint UNSIGNED NOT NULL,
  `name` varchar(255) COLLATE utf8mb4_unicode_ci NOT NULL,
  `created_at` timestamp NULL DEFAULT NULL,
  `updated_at` timestamp NULL DEFAULT NULL
) ENGINE=InnoDB DEFAULT CHARSET=utf8mb4 COLLATE=utf8mb4_unicode_ci;

--
-- Dumping data for table `projects`
--

INSERT INTO `projects` (`id`, `user_id`, `name`, `created_at`, `updated_at`) VALUES
(4, 1, 'Helios PLC', '2025-04-07 02:32:20', '2025-04-07 02:32:20'),
(7, 1, 'Helios Iraq', '2025-04-07 03:13:37', '2025-04-07 03:13:37'),
(10, 4, 'test admin', '2025-04-07 05:55:46', '2025-04-07 05:55:46'),
(11, 5, 'editor', '2025-04-07 05:56:20', '2025-04-07 05:56:20'),
(13, 4, 'aaaa', '2025-04-08 06:24:06', '2025-04-08 06:24:06');

-- --------------------------------------------------------

--
-- Table structure for table `resources`
--

CREATE TABLE `resources` (
  `id` bigint UNSIGNED NOT NULL,
  `project_id` bigint UNSIGNED NOT NULL,
  `key` varchar(255) COLLATE utf8mb4_unicode_ci NOT NULL,
  `created_at` timestamp NULL DEFAULT NULL,
  `updated_at` timestamp NULL DEFAULT NULL
) ENGINE=InnoDB DEFAULT CHARSET=utf8mb4 COLLATE=utf8mb4_unicode_ci;

--
-- Dumping data for table `resources`
--

INSERT INTO `resources` (`id`, `project_id`, `key`, `created_at`, `updated_at`) VALUES
(1691, 7, 'tr_sc_aps_005_arabi_pass_settings_default_screen_title', '2025-04-07 03:14:09', '2025-04-07 03:14:09'),
(1692, 7, 'tr_sc_aps_005_arabi_pass_settings_default_secure_your_account', '2025-04-07 03:14:09', '2025-04-07 03:14:09'),
(1693, 7, 'tr_sc_aps_005_arabi_pass_settings_default_authentication_methods', '2025-04-07 03:14:09', '2025-04-07 03:14:09'),
(1694, 7, 'tr_sc_aps_005_arabi_pass_settings_default_authorization_methods', '2025-04-07 03:14:09', '2025-04-07 03:14:09'),
(1695, 7, 'tr_sc_aps_005_arabi_pass_settings_default_general_settings', '2025-04-07 03:14:09', '2025-04-07 03:14:09'),
(1696, 7, 'tr_sc_aps_005_arabi_pass_settings_default_device_management', '2025-04-07 03:14:09', '2025-04-07 03:14:09'),
(1697, 7, 'tr_sc_aps_005_arabi_pass_settings_default_device_management_disclaimer', '2025-04-07 03:14:09', '2025-04-07 03:14:09'),
(1698, 7, 'tr_sc_aps_005_arabi_pass_settings_default_manage_joint_accounts', '2025-04-07 03:14:09', '2025-04-07 03:14:09'),
(1699, 7, 'tr_sc_aps_005_arabi_pass_settings_default_digital_certificate', '2025-04-07 03:14:09', '2025-04-07 03:14:09'),
(1700, 7, 'tr_sc_aps_005_arabi_pass_settings_default_digital_certificate_disclaimer', '2025-04-07 03:14:09', '2025-04-07 03:14:09'),
(1701, 7, 'tr_sc_aps_005_arabi_pass_settings_default_enrolled', '2025-04-07 03:14:09', '2025-04-07 03:14:09'),
(1702, 7, 'tr_sc_aps_005_arabi_pass_settings_default_not_enrolled', '2025-04-07 03:14:09', '2025-04-07 03:14:09'),
(1703, 7, 'tr_uc_aps_010_enable_facial_biometrics_default_general_error', '2025-04-07 03:14:09', '2025-04-07 03:14:09'),
(1704, 7, 'tr_uc_aps_010_enable_facial_biometrics_default_done', '2025-04-07 03:14:09', '2025-04-07 03:14:09'),
(1705, 7, 'tr_uc_aps_010_enable_facial_biometrics_default_facial_suspended_title', '2025-04-07 03:14:09', '2025-04-07 03:14:09'),
(1706, 7, 'tr_uc_aps_010_enable_facial_biometrics_default_facial_suspended_body', '2025-04-07 03:14:09', '2025-04-07 03:14:09'),
(1707, 7, 'tr_sc_aps_007_authorization_methods_screen_default_screen_title', '2025-04-07 03:14:09', '2025-04-07 03:14:09'),
(1708, 7, 'tr_sc_aps_007_authorization_methods_screen_default_secure_your_account', '2025-04-07 03:14:09', '2025-04-07 03:14:09'),
(1709, 7, 'tr_sc_aps_007_authorization_methods_screen_default_set_authorization_methods', '2025-04-07 03:14:09', '2025-04-07 03:14:09'),
(1710, 7, 'tr_sc_aps_007_authorization_methods_screen_default_facial_biometrics', '2025-04-07 03:14:09', '2025-04-07 03:14:09'),
(1711, 7, 'tr_sc_aps_007_authorization_methods_screen_default_arabi_token', '2025-04-07 03:14:09', '2025-04-07 03:14:09'),
(1712, 7, 'tr_sc_aps_007_authorization_methods_screen_default_authorization_password', '2025-04-07 03:14:10', '2025-04-07 03:14:10'),
(1713, 7, 'tr_sc_aps_010_set_authorization_method_default_screen_title', '2025-04-07 03:14:10', '2025-04-07 03:14:10'),
(1714, 7, 'tr_sc_aps_010_set_authorization_method_default_facial_biometrics', '2025-04-07 03:14:10', '2025-04-07 03:14:10'),
(1715, 7, 'tr_sc_aps_010_set_authorization_method_default_arabi_token', '2025-04-07 03:14:10', '2025-04-07 03:14:10'),
(1716, 7, 'tr_sc_aps_010_set_authorization_method_default_authorization_password', '2025-04-07 03:14:10', '2025-04-07 03:14:10'),
(1717, 7, 'tr_sc_aps_010_set_authorization_method_default_continue', '2025-04-07 03:14:10', '2025-04-07 03:14:10'),
(1718, 7, 'tr_sc_aps_015_authorization_method_updated_default_success_header_disclaimer', '2025-04-07 03:14:10', '2025-04-07 03:14:10'),
(1719, 7, 'tr_sc_aps_015_authorization_method_updated_default_success_body_disclaimer{}', '2025-04-07 03:14:10', '2025-04-07 03:14:10'),
(1720, 7, 'tr_uc_aps_015_enable_soft_token_default_general_error', '2025-04-07 03:14:10', '2025-04-07 03:14:10'),
(1721, 7, 'tr_uc_aps_020_enable_authorization_password_default_general_error', '2025-04-07 03:14:10', '2025-04-07 03:14:10'),
(1722, 7, 'tr_uc_aps_020_enable_authorization_password_default_cancel', '2025-04-07 03:14:10', '2025-04-07 03:14:10'),
(1723, 7, 'tr_uc_aps_020_enable_authorization_password_default_proceed', '2025-04-07 03:14:10', '2025-04-07 03:14:10'),
(1724, 7, 'tr_uc_aps_020_enable_authorization_password_default_not_defined_method_body', '2025-04-07 03:14:10', '2025-04-07 03:14:10'),
(1725, 7, 'tr_uc_aps_020_enable_authorization_password_default_not_defined_method_title', '2025-04-07 03:14:10', '2025-04-07 03:14:10'),
(1726, 7, 'tr_uc_aps_020_enable_authorization_password_default_authorization_pwd_not_defined_method_body', '2025-04-07 03:14:10', '2025-04-07 03:14:10'),
(1727, 7, 'tr_uc_aps_020_enable_authorization_password_default_authorization_pwd_not_defined_method_title', '2025-04-07 03:14:10', '2025-04-07 03:14:10'),
(1728, 7, 'tr_sc_aps_020_selfie_guidelines_screen_default_screen_title', '2025-04-07 03:14:10', '2025-04-07 03:14:10'),
(1729, 7, 'tr_sc_aps_020_selfie_guidelines_screen_default_selfie_time!', '2025-04-07 03:14:10', '2025-04-07 03:14:10'),
(1730, 7, 'tr_sc_aps_020_selfie_guidelines_screen_default_verify_your_identity_disclaimer', '2025-04-07 03:14:10', '2025-04-07 03:14:10'),
(1731, 7, 'tr_sc_aps_020_selfie_guidelines_screen_default_good_lighting', '2025-04-07 03:14:10', '2025-04-07 03:14:10'),
(1732, 7, 'tr_sc_aps_020_selfie_guidelines_screen_default_good_lighting_disclaimer', '2025-04-07 03:14:10', '2025-04-07 03:14:10'),
(1733, 7, 'tr_sc_aps_020_selfie_guidelines_screen_default_look_straight', '2025-04-07 03:14:10', '2025-04-07 03:14:10'),
(1734, 7, 'tr_sc_aps_020_selfie_guidelines_screen_default_look_straight_disclaimer', '2025-04-07 03:14:10', '2025-04-07 03:14:10'),
(1735, 7, 'tr_sc_aps_020_selfie_guidelines_screen_default_hold_steady', '2025-04-07 03:14:10', '2025-04-07 03:14:10'),
(1736, 7, 'tr_sc_aps_020_selfie_guidelines_screen_default_hold_steady_disclaimer', '2025-04-07 03:14:10', '2025-04-07 03:14:10'),
(1737, 7, 'tr_sc_aps_020_selfie_guidelines_screen_default_please_consider', '2025-04-07 03:14:10', '2025-04-07 03:14:10'),
(1738, 7, 'tr_sc_aps_020_selfie_guidelines_screen_default_please_consider_disclaimer', '2025-04-07 03:14:10', '2025-04-07 03:14:10'),
(1739, 7, 'tr_sc_aps_020_selfie_guidelines_screen_default_reviewed_photo', '2025-04-07 03:14:10', '2025-04-07 03:14:10'),
(1740, 7, 'tr_sc_aps_020_selfie_guidelines_screen_default_reviewed_photo_disclaimer', '2025-04-07 03:14:10', '2025-04-07 03:14:10'),
(1741, 7, 'tr_sc_aps_020_selfie_guidelines_screen_default_take_my_selfie', '2025-04-07 03:14:10', '2025-04-07 03:14:10'),
(1742, 7, 'tr_sc_aps_035_camera_default_screen_title', '2025-04-07 03:14:10', '2025-04-07 03:14:10'),
(1743, 7, 'tr_sc_aps_035_camera_default_position_your_face', '2025-04-07 03:14:10', '2025-04-07 03:14:10'),
(1744, 7, 'tr_sc_aps_035_camera_default_verifying_your_identity', '2025-04-07 03:14:10', '2025-04-07 03:14:10'),
(1745, 7, 'tr_sc_aps_035_camera_default_it_will_only_take_seconds', '2025-04-07 03:14:10', '2025-04-07 03:14:10'),
(1746, 7, 'tr_sc_aps_035_camera_default_submit_photo', '2025-04-07 03:14:10', '2025-04-07 03:14:10'),
(1747, 7, 'tr_sc_aps_035_camera_default_retake', '2025-04-07 03:14:10', '2025-04-07 03:14:10'),
(1748, 7, 'tr_sc_aps_030_05_define_authorization_password_validations_default_screen_title', '2025-04-07 03:14:10', '2025-04-07 03:14:10'),
(1749, 7, 'tr_sc_aps_030_05_define_authorization_password_validations_default_secure_your_account', '2025-04-07 03:14:10', '2025-04-07 03:14:10'),
(1750, 7, 'tr_sc_aps_030_05_define_authorization_password_validations_default_new_password', '2025-04-07 03:14:10', '2025-04-07 03:14:10'),
(1751, 7, 'tr_sc_aps_030_05_define_authorization_password_validations_default_confirm_password', '2025-04-07 03:14:10', '2025-04-07 03:14:10'),
(1752, 7, 'tr_sc_aps_030_05_define_authorization_password_validations_default_password_disclaimer', '2025-04-07 03:14:10', '2025-04-07 03:14:10'),
(1753, 7, 'tr_sc_aps_030_05_define_authorization_password_validations_default_confirm', '2025-04-07 03:14:10', '2025-04-07 03:14:10'),
(1754, 7, 'tr_sc_aps_030_05_define_authorization_password_validations_default_password_must_match', '2025-04-07 03:14:10', '2025-04-07 03:14:10'),
(1755, 7, 'tr_sc_aps_030_05_define_authorization_password_validations_default_password_length', '2025-04-07 03:14:10', '2025-04-07 03:14:10'),
(1756, 7, 'tr_sc_aps_030_05_define_authorization_password_validations_default_passowrd_can’t_be_same', '2025-04-07 03:14:10', '2025-04-07 03:14:10'),
(1757, 7, 'tr_sc_aps_030_05_define_authorization_password_validations_default_passowrd_case_sensitive', '2025-04-07 03:14:10', '2025-04-07 03:14:10'),
(1758, 7, 'tr_sc_aps_030_05_define_authorization_password_validations_default_no_space_allowed', '2025-04-07 03:14:10', '2025-04-07 03:14:10'),
(1759, 7, 'tr_sc_aps_030_05_define_authorization_password_validations_default_password_musn’t_match', '2025-04-07 03:14:10', '2025-04-07 03:14:10'),
(1760, 7, 'tr_sc_aps_030_05_define_authorization_password_validations_default_password_contain_charachter', '2025-04-07 03:14:10', '2025-04-07 03:14:10'),
(1761, 7, 'tr_sc_aps_030_05_define_authorization_password_validations_default_password_format', '2025-04-07 03:14:10', '2025-04-07 03:14:10'),
(1762, 7, 'tr_sc_aps_035_authorization_password_success_default_success_header_disclaimer', '2025-04-07 03:14:10', '2025-04-07 03:14:10'),
(1763, 7, 'tr_sc_aps_035_authorization_password_success_default_success_body_disclaimer', '2025-04-07 03:14:10', '2025-04-07 03:14:10'),
(1764, 7, 'tr_uc_aps_017_change_authorization_password_default_general_error', '2025-04-07 03:14:10', '2025-04-07 03:14:10'),
(1765, 7, 'tr_uc_aps_017_change_authorization_password_default_password_updated_header', '2025-04-07 03:14:10', '2025-04-07 03:14:10'),
(1766, 7, 'tr_uc_aps_017_change_authorization_password_default_password_updated_body', '2025-04-07 03:14:10', '2025-04-07 03:14:10'),
(1767, 7, 'tr_uc_aps_017_change_authorization_password_default_done', '2025-04-07 03:14:10', '2025-04-07 03:14:10'),
(1768, 7, 'tr_uc_aps_017_change_authorization_password_default_password_mismatch_header', '2025-04-07 03:14:10', '2025-04-07 03:14:10'),
(1769, 7, 'tr_uc_aps_017_change_authorization_password_default_password_mismatch_body', '2025-04-07 03:14:10', '2025-04-07 03:14:10'),
(1770, 7, 'tr_uc_aps_017_change_authorization_password_default_password_complexity_not_met_header', '2025-04-07 03:14:10', '2025-04-07 03:14:10'),
(1771, 7, 'tr_uc_aps_017_change_authorization_password_default_password__complexity_not_met_body', '2025-04-07 03:14:10', '2025-04-07 03:14:10'),
(1772, 7, 'tr_uc_aps_017_change_authorization_password_default_user_locked_out_header', '2025-04-07 03:14:10', '2025-04-07 03:14:10'),
(1773, 7, 'tr_uc_aps_017_change_authorization_password_default_user_locked_out_body', '2025-04-07 03:14:10', '2025-04-07 03:14:10'),
(1774, 7, 'tr_uc_aps_017_change_authorization_password_default_password_used_previously_body', '2025-04-07 03:14:10', '2025-04-07 03:14:10'),
(1775, 7, 'tr_uc_aps_017_change_authorization_password_default_password_used_previously_header', '2025-04-07 03:14:10', '2025-04-07 03:14:10'),
(1776, 7, 'tr_uc_aps_017_change_authorization_password_default_auth_password_same_header', '2025-04-07 03:14:10', '2025-04-07 03:14:10'),
(1777, 7, 'tr_uc_aps_017_change_authorization_password_default_auth_password_same_body', '2025-04-07 03:14:10', '2025-04-07 03:14:10'),
(1778, 7, 'tr_uc_aps_017_change_authorization_password_default_invalid_authz_password_header', '2025-04-07 03:14:10', '2025-04-07 03:14:10'),
(1779, 7, 'tr_uc_aps_017_change_authorization_password_default_invalid_authz_password_body', '2025-04-07 03:14:10', '2025-04-07 03:14:10'),
(1780, 7, 'tr_sc_aps_040_change_authorization_password_default_screen_title', '2025-04-07 03:14:10', '2025-04-07 03:14:10'),
(1781, 7, 'tr_sc_aps_040_change_authorization_password_default_new_password', '2025-04-07 03:14:10', '2025-04-07 03:14:10'),
(1782, 7, 'tr_sc_aps_040_change_authorization_password_default_confirm_password', '2025-04-07 03:14:10', '2025-04-07 03:14:10'),
(1783, 7, 'tr_sc_aps_040_change_authorization_password_default_password_disclaimer', '2025-04-07 03:14:10', '2025-04-07 03:14:10'),
(1784, 7, 'tr_sc_aps_040_change_authorization_password_default_confirm', '2025-04-07 03:14:10', '2025-04-07 03:14:10'),
(1785, 7, 'tr_sc_aps_040_change_authorization_password_default_password_must_match', '2025-04-07 03:14:10', '2025-04-07 03:14:10'),
(1786, 7, 'tr_sc_aps_040_change_authorization_password_default_password_length', '2025-04-07 03:14:10', '2025-04-07 03:14:10'),
(1787, 7, 'tr_sc_aps_040_change_authorization_password_default_passowrd_can’t_be_same', '2025-04-07 03:14:10', '2025-04-07 03:14:10'),
(1788, 7, 'tr_sc_aps_040_change_authorization_password_default_passowrd_case_sensitive', '2025-04-07 03:14:10', '2025-04-07 03:14:10'),
(1789, 7, 'tr_sc_aps_040_change_authorization_password_default_no_space_allowed', '2025-04-07 03:14:10', '2025-04-07 03:14:10'),
(1790, 7, 'tr_sc_aps_040_change_authorization_password_default_password_musn’t_match', '2025-04-07 03:14:10', '2025-04-07 03:14:10'),
(1791, 7, 'tr_sc_aps_040_change_authorization_password_default_password_contain_charachter', '2025-04-07 03:14:10', '2025-04-07 03:14:10'),
(1792, 7, 'tr_sc_aps_040_change_authorization_password_default_password_format', '2025-04-07 03:14:10', '2025-04-07 03:14:10'),
(1793, 7, 'tr_uc_aps_025_change_login_password_default_general_error', '2025-04-07 03:14:10', '2025-04-07 03:14:10'),
(1794, 7, 'tr_uc_aps_025_change_login_password_default_password_updated_header', '2025-04-07 03:14:11', '2025-04-07 03:14:11'),
(1795, 7, 'tr_uc_aps_025_change_login_password_default_password_updated_body', '2025-04-07 03:14:11', '2025-04-07 03:14:11'),
(1796, 7, 'tr_uc_aps_025_change_login_password_default_done', '2025-04-07 03:14:11', '2025-04-07 03:14:11'),
(1797, 7, 'tr_uc_aps_025_change_login_password_default_lgn_password_in_history_header_body', '2025-04-07 03:14:11', '2025-04-07 03:14:11'),
(1798, 7, 'tr_uc_aps_025_change_login_password_default_lgn_password_in_history_header', '2025-04-07 03:14:11', '2025-04-07 03:14:11'),
(1799, 7, 'tr_uc_aps_025_change_login_password_default_lgn_invalid_credentials_body', '2025-04-07 03:14:11', '2025-04-07 03:14:11'),
(1800, 7, 'tr_uc_aps_025_change_login_password_default_lgn_invalid_credentials_header', '2025-04-07 03:14:11', '2025-04-07 03:14:11'),
(1801, 7, 'tr_uc_aps_025_change_login_password_default_user_locked_out_body', '2025-04-07 03:14:11', '2025-04-07 03:14:11'),
(1802, 7, 'tr_uc_aps_025_change_login_password_default_user_locked_out_header', '2025-04-07 03:14:11', '2025-04-07 03:14:11'),
(1803, 7, 'tr_uc_aps_025_change_login_password_default_lgn_password__complexity_not_met_body', '2025-04-07 03:14:11', '2025-04-07 03:14:11'),
(1804, 7, 'tr_uc_aps_025_change_login_password_default_lgn_password_complexity_not_met_header', '2025-04-07 03:14:11', '2025-04-07 03:14:11'),
(1805, 7, 'tr_uc_aps_025_change_login_password_default_lgn_password_mismatch_body', '2025-04-07 03:14:11', '2025-04-07 03:14:11'),
(1806, 7, 'tr_uc_aps_025_change_login_password_default_lgn_password_mismatch_header', '2025-04-07 03:14:11', '2025-04-07 03:14:11'),
(1807, 7, 'tr_sc_aps_045_authentication_methods_default_screen_title', '2025-04-07 03:14:11', '2025-04-07 03:14:11'),
(1808, 7, 'tr_sc_aps_045_authentication_methods_default_secure_your_account', '2025-04-07 03:14:11', '2025-04-07 03:14:11'),
(1809, 7, 'tr_sc_aps_045_authentication_methods_default_change_login_password', '2025-04-07 03:14:11', '2025-04-07 03:14:11'),
(1810, 7, 'tr_sc_aps_045_authentication_methods_default_face_i_d_and_pattern', '2025-04-07 03:14:11', '2025-04-07 03:14:11'),
(1811, 7, 'tr_sc_aps_045_authentication_methods_default_facial_id_diaclamer', '2025-04-07 03:14:11', '2025-04-07 03:14:11'),
(1812, 7, 'tr_sc_aps_055_change_login_password_default_screen_title', '2025-04-07 03:14:11', '2025-04-07 03:14:11'),
(1813, 7, 'tr_sc_aps_055_change_login_password_default_current_password', '2025-04-07 03:14:11', '2025-04-07 03:14:11'),
(1814, 7, 'tr_sc_aps_055_change_login_password_default_new_password', '2025-04-07 03:14:11', '2025-04-07 03:14:11'),
(1815, 7, 'tr_sc_aps_055_change_login_password_default_confirm_password', '2025-04-07 03:14:11', '2025-04-07 03:14:11'),
(1816, 7, 'tr_sc_aps_055_change_login_password_default_password_disclaimer', '2025-04-07 03:14:11', '2025-04-07 03:14:11'),
(1817, 7, 'tr_sc_aps_055_change_login_password_default_confirm', '2025-04-07 03:14:11', '2025-04-07 03:14:11'),
(1818, 7, 'tr_sc_aps_055_change_login_password_default_password_must_match', '2025-04-07 03:14:11', '2025-04-07 03:14:11'),
(1819, 7, 'tr_sc_aps_055_change_login_password_default_password_length', '2025-04-07 03:14:11', '2025-04-07 03:14:11'),
(1820, 7, 'tr_sc_aps_055_change_login_password_default_passowrd_can’t_be_same', '2025-04-07 03:14:11', '2025-04-07 03:14:11'),
(1821, 7, 'tr_sc_aps_055_change_login_password_default_passowrd_case_sensitive', '2025-04-07 03:14:11', '2025-04-07 03:14:11'),
(1822, 7, 'tr_sc_aps_055_change_login_password_default_no_space_allowed', '2025-04-07 03:14:11', '2025-04-07 03:14:11'),
(1823, 7, 'tr_sc_aps_055_change_login_password_default_password_musn’t_match', '2025-04-07 03:14:11', '2025-04-07 03:14:11'),
(1824, 7, 'tr_sc_aps_055_change_login_password_default_password_contain_charachter', '2025-04-07 03:14:11', '2025-04-07 03:14:11'),
(1825, 7, 'tr_sc_aps_055_change_login_password_default_password_format', '2025-04-07 03:14:11', '2025-04-07 03:14:11'),
(1826, 7, 'tr_uc_aps_030_face_id_and_pattern_default_general_error', '2025-04-07 03:14:11', '2025-04-07 03:14:11'),
(1827, 7, 'tr_uc_aps_030_face_id_and_pattern_default_activation_face_id_header', '2025-04-07 03:14:11', '2025-04-07 03:14:11'),
(1828, 7, 'tr_uc_aps_030_face_id_and_pattern_default_activation_face_id_body', '2025-04-07 03:14:11', '2025-04-07 03:14:11'),
(1829, 7, 'tr_uc_aps_030_face_id_and_pattern_default_accept_and_activate', '2025-04-07 03:14:11', '2025-04-07 03:14:11'),
(1830, 7, 'tr_uc_aps_030_face_id_and_pattern_default_cancel', '2025-04-07 03:14:11', '2025-04-07 03:14:11'),
(1831, 7, 'tr_uc_aps_030_face_id_and_pattern_default_deactivation_face_id_header', '2025-04-07 03:14:11', '2025-04-07 03:14:11'),
(1832, 7, 'tr_uc_aps_030_face_id_and_pattern_default_deactivation_face_id_body', '2025-04-07 03:14:11', '2025-04-07 03:14:11'),
(1833, 7, 'tr_uc_aps_030_face_id_and_pattern_default_switch_off', '2025-04-07 03:14:11', '2025-04-07 03:14:11'),
(1834, 7, 'tr_uc_aps_030_face_id_and_pattern_default_activation_pattern_header', '2025-04-07 03:14:11', '2025-04-07 03:14:11'),
(1835, 7, 'tr_uc_aps_030_face_id_and_pattern_default_activation_pattern_body', '2025-04-07 03:14:11', '2025-04-07 03:14:11'),
(1836, 7, 'tr_uc_aps_030_face_id_and_pattern_default_deactivation_pattern_header', '2025-04-07 03:14:11', '2025-04-07 03:14:11'),
(1837, 7, 'tr_uc_aps_030_face_id_and_pattern_default_deactivation_pattern_body', '2025-04-07 03:14:11', '2025-04-07 03:14:11'),
(1838, 7, 'tr_uc_aps_030_face_id_and_pattern_default_deactivation_touch_id_header', '2025-04-07 03:14:11', '2025-04-07 03:14:11'),
(1839, 7, 'tr_uc_aps_030_face_id_and_pattern_default_deactivation_touch_id_body', '2025-04-07 03:14:11', '2025-04-07 03:14:11'),
(1840, 7, 'tr_uc_aps_030_face_id_and_pattern_default_activation_touch_id_header', '2025-04-07 03:14:11', '2025-04-07 03:14:11'),
(1841, 7, 'tr_uc_aps_030_face_id_and_pattern_default_activation_touch_id_body', '2025-04-07 03:14:11', '2025-04-07 03:14:11'),
(1842, 7, 'tr_sc_aps_060_face_id_and_pattern_enabled_default_screen_title', '2025-04-07 03:14:11', '2025-04-07 03:14:11'),
(1843, 7, 'tr_sc_aps_060_face_id_and_pattern_enabled_default_face_id_pattern_disclaimer', '2025-04-07 03:14:11', '2025-04-07 03:14:11'),
(1844, 7, 'tr_sc_aps_060_face_id_and_pattern_enabled_default_face_i_d', '2025-04-07 03:14:11', '2025-04-07 03:14:11'),
(1845, 7, 'tr_sc_aps_060_face_id_and_pattern_enabled_default_face_id_disclaimer', '2025-04-07 03:14:11', '2025-04-07 03:14:11'),
(1846, 7, 'tr_sc_aps_060_face_id_and_pattern_enabled_default_touch_i_d', '2025-04-07 03:14:11', '2025-04-07 03:14:11'),
(1847, 7, 'tr_sc_aps_060_face_id_and_pattern_enabled_default_touch_id_disclaimer', '2025-04-07 03:14:11', '2025-04-07 03:14:11'),
(1848, 7, 'tr_sc_aps_060_face_id_and_pattern_enabled_default_clear', '2025-04-07 03:14:11', '2025-04-07 03:14:11'),
(1849, 7, 'tr_sc_aps_060_face_id_and_pattern_enabled_default_next', '2025-04-07 03:14:11', '2025-04-07 03:14:11'),
(1850, 7, 'tr_sc_aps_060_face_id_and_pattern_enabled_default_information_text_enabled', '2025-04-07 03:14:11', '2025-04-07 03:14:11'),
(1851, 7, 'tr_sc_aps_060_face_id_and_pattern_enabled_default_information_text_disabled', '2025-04-07 03:14:11', '2025-04-07 03:14:11'),
(1852, 7, 'tr_sc_aps_060_face_id_and_pattern_enabled_default_information_text_disabled_enabled', '2025-04-07 03:14:11', '2025-04-07 03:14:11'),
(1853, 7, 'tr_sc_aps_060_face_id_and_pattern_enabled_default_information_text_drawing', '2025-04-07 03:14:11', '2025-04-07 03:14:11'),
(1854, 7, 'tr_sc_aps_060_face_id_and_pattern_enabled_default_information_text_too_short', '2025-04-07 03:14:11', '2025-04-07 03:14:11'),
(1855, 7, 'tr_sc_aps_060_face_id_and_pattern_enabled_default_information_text_confirm', '2025-04-07 03:14:11', '2025-04-07 03:14:11'),
(1856, 7, 'tr_sc_aps_060_face_id_and_pattern_enabled_default_pattern', '2025-04-07 03:14:11', '2025-04-07 03:14:11'),
(1857, 7, 'tr_sc_aps_060_face_id_and_pattern_enabled_default_pattern_disclaimer', '2025-04-07 03:14:11', '2025-04-07 03:14:11'),
(1858, 7, 'tr_sc_aps_065_devices_list_default_screen_title', '2025-04-07 03:14:11', '2025-04-07 03:14:11'),
(1859, 7, 'tr_sc_aps_065_devices_list_default_primary_device', '2025-04-07 03:14:11', '2025-04-07 03:14:11'),
(1860, 7, 'tr_sc_aps_065_devices_list_default_registered_devices', '2025-04-07 03:14:11', '2025-04-07 03:14:11'),
(1861, 7, 'tr_sc_aps_065_devices_list_default_i_d', '2025-04-07 03:14:11', '2025-04-07 03:14:11'),
(1862, 7, 'tr_sc_aps_065_devices_list_default_other_devices', '2025-04-07 03:14:11', '2025-04-07 03:14:11'),
(1863, 7, 'tr_sc_aps_065_devices_list_default_change_primary_device', '2025-04-07 03:14:11', '2025-04-07 03:14:11'),
(1864, 7, 'tr_sc_aps_065_devices_list_default_continue', '2025-04-07 03:14:11', '2025-04-07 03:14:11'),
(1865, 7, 'tr_sc_aps_067_devices_activity_log_screen_default_screen_title', '2025-04-07 03:14:11', '2025-04-07 03:14:11'),
(1866, 7, 'tr_sc_aps_067_devices_activity_log_screen_default_activity', '2025-04-07 03:14:11', '2025-04-07 03:14:11'),
(1867, 7, 'tr_sc_aps_067_devices_activity_log_screen_default_today', '2025-04-07 03:14:11', '2025-04-07 03:14:11'),
(1868, 7, 'tr_sc_aps_067_devices_activity_log_screen_default_tomorrow', '2025-04-07 03:14:11', '2025-04-07 03:14:11'),
(1869, 7, 'tr_sc_aps_069_devices_activity_information_screen_default_device_information', '2025-04-07 03:14:11', '2025-04-07 03:14:11'),
(1870, 7, 'tr_sc_aps_069_devices_activity_information_screen_default_device_name', '2025-04-07 03:14:11', '2025-04-07 03:14:11'),
(1871, 7, 'tr_sc_aps_069_devices_activity_information_screen_default_i_d', '2025-04-07 03:14:11', '2025-04-07 03:14:11'),
(1872, 7, 'tr_sc_aps_069_devices_activity_information_screen_default_last_successful_login', '2025-04-07 03:14:12', '2025-04-07 03:14:12'),
(1873, 7, 'tr_sc_aps_069_devices_activity_information_screen_default_activation_date', '2025-04-07 03:14:12', '2025-04-07 03:14:12'),
(1874, 7, 'tr_sc_aps_069_devices_activity_information_screen_default_last_authorized_method_update', '2025-04-07 03:14:12', '2025-04-07 03:14:12'),
(1875, 7, 'tr_sc_aps_069_devices_activity_information_screen_default_last_login_password_change', '2025-04-07 03:14:12', '2025-04-07 03:14:12'),
(1876, 7, 'tr_sc_aps_069_devices_activity_information_screen_default_last_authorization_password_change', '2025-04-07 03:14:12', '2025-04-07 03:14:12'),
(1877, 7, 'tr_uc_aps_045_deactivate_device_default_deactivate_current_confirmation_body', '2025-04-07 03:14:12', '2025-04-07 03:14:12'),
(1878, 7, 'tr_uc_aps_045_deactivate_device_default_deactivation_success_header', '2025-04-07 03:14:12', '2025-04-07 03:14:12'),
(1879, 7, 'tr_uc_aps_045_deactivate_device_default_deactivate_other_confirmation_header', '2025-04-07 03:14:12', '2025-04-07 03:14:12'),
(1880, 7, 'tr_uc_aps_045_deactivate_device_default_deactivate_current_confirmation_header', '2025-04-07 03:14:12', '2025-04-07 03:14:12'),
(1881, 7, 'tr_uc_aps_045_deactivate_device_default_deactivation_success_body', '2025-04-07 03:14:12', '2025-04-07 03:14:12'),
(1882, 7, 'tr_uc_aps_045_deactivate_device_default_deactivate_other_confirmation_body', '2025-04-07 03:14:12', '2025-04-07 03:14:12'),
(1883, 7, 'tr_uc_aps_045_logout_default_logout_confirmation_body', '2025-04-07 03:14:12', '2025-04-07 03:14:12'),
(1884, 7, 'tr_uc_aps_045_logout_default_logout_confirmation_header', '2025-04-07 03:14:12', '2025-04-07 03:14:12'),
(1885, 7, 'tr_uc_aps_045_logout_default_yes_button', '2025-04-07 03:14:12', '2025-04-07 03:14:12'),
(1886, 7, 'tr_uc_aps_045_logout_default_no_button', '2025-04-07 03:14:12', '2025-04-07 03:14:12'),
(1887, 7, 'tr_uc_aps_045_logout_default_session_timeout', '2025-04-07 03:14:12', '2025-04-07 03:14:12'),
(1888, 7, 'tr_uc_aps_050_forgot_authorization_password_default_general_error', '2025-04-07 03:14:12', '2025-04-07 03:14:12'),
(1889, 7, 'tr_uc_aps_050_forgot_authorization_password_default_password_updated_header', '2025-04-07 03:14:12', '2025-04-07 03:14:12'),
(1890, 7, 'tr_uc_aps_050_forgot_authorization_password_default_password_updated_body', '2025-04-07 03:14:12', '2025-04-07 03:14:12'),
(1891, 7, 'tr_uc_aps_050_forgot_authorization_password_default_done', '2025-04-07 03:14:12', '2025-04-07 03:14:12'),
(1892, 7, 'tr_sc_aps_070_authorization_password_settings_default_screen_title', '2025-04-07 03:14:12', '2025-04-07 03:14:12'),
(1893, 7, 'tr_sc_aps_070_authorization_password_settings_default_secure_your_account', '2025-04-07 03:14:12', '2025-04-07 03:14:12'),
(1894, 7, 'tr_sc_aps_070_authorization_password_settings_default_change_authorization_password', '2025-04-07 03:14:12', '2025-04-07 03:14:12'),
(1895, 7, 'tr_sc_aps_070_authorization_password_settings_default_forget_authorization_password', '2025-04-07 03:14:12', '2025-04-07 03:14:12'),
(1896, 7, 'tr_sc_aps_075_forget_authorization_password_default_screen_title', '2025-04-07 03:14:12', '2025-04-07 03:14:12'),
(1897, 7, 'tr_sc_aps_075_forget_authorization_password_default_new_password', '2025-04-07 03:14:12', '2025-04-07 03:14:12'),
(1898, 7, 'tr_sc_aps_075_forget_authorization_password_default_confirm_password', '2025-04-07 03:14:12', '2025-04-07 03:14:12'),
(1899, 7, 'tr_sc_aps_075_forget_authorization_password_default_password_disclaimer', '2025-04-07 03:14:12', '2025-04-07 03:14:12'),
(1900, 7, 'tr_sc_aps_075_forget_authorization_password_default_confirm', '2025-04-07 03:14:12', '2025-04-07 03:14:12'),
(1901, 7, 'tr_sc_aps_075_forget_authorization_password_default_password_must_match', '2025-04-07 03:14:12', '2025-04-07 03:14:12'),
(1902, 7, 'tr_sc_aps_075_forget_authorization_password_default_password_length', '2025-04-07 03:14:12', '2025-04-07 03:14:12'),
(1903, 7, 'tr_sc_aps_075_forget_authorization_password_default_passowrd_can’t_be_same', '2025-04-07 03:14:12', '2025-04-07 03:14:12'),
(1904, 7, 'tr_sc_aps_075_forget_authorization_password_default_passowrd_case_sensitive', '2025-04-07 03:14:12', '2025-04-07 03:14:12'),
(1905, 7, 'tr_sc_aps_075_forget_authorization_password_default_no_space_allowed', '2025-04-07 03:14:12', '2025-04-07 03:14:12'),
(1906, 7, 'tr_sc_aps_075_forget_authorization_password_default_password_musn’t_match', '2025-04-07 03:14:12', '2025-04-07 03:14:12'),
(1907, 7, 'tr_sc_aps_075_forget_authorization_password_default_password_contain_charachter', '2025-04-07 03:14:12', '2025-04-07 03:14:12'),
(1908, 7, 'tr_sc_aps_075_forget_authorization_password_default_password_format', '2025-04-07 03:14:12', '2025-04-07 03:14:12'),
(1909, 7, 'test_value', '2025-04-07 03:15:00', '2025-04-07 03:15:00'),
(1912, 10, 'tr_uc_aps_005_arabi_pass_settings_landing_page_default_general_error', '2025-04-07 05:57:34', '2025-04-07 05:57:34'),
(1913, 10, 'tr_sc_aps_005_arabi_pass_settings_default_screen_title', '2025-04-07 05:57:34', '2025-04-07 05:57:34'),
(1914, 10, 'tr_sc_aps_005_arabi_pass_settings_default_secure_your_account', '2025-04-07 05:57:34', '2025-04-07 05:57:34'),
(1915, 10, 'tr_sc_aps_005_arabi_pass_settings_default_authentication_methods', '2025-04-07 05:57:34', '2025-04-07 05:57:34'),
(1916, 10, 'tr_sc_aps_005_arabi_pass_settings_default_authorization_methods', '2025-04-07 05:57:34', '2025-04-07 05:57:34'),
(1917, 10, 'tr_sc_aps_005_arabi_pass_settings_default_general_settings', '2025-04-07 05:57:34', '2025-04-07 05:57:34'),
(1918, 10, 'tr_sc_aps_005_arabi_pass_settings_default_device_management', '2025-04-07 05:57:34', '2025-04-07 05:57:34'),
(1919, 10, 'tr_sc_aps_005_arabi_pass_settings_default_device_management_disclaimer', '2025-04-07 05:57:34', '2025-04-07 05:57:34'),
(1920, 10, 'tr_sc_aps_005_arabi_pass_settings_default_manage_joint_accounts', '2025-04-07 05:57:34', '2025-04-07 05:57:34'),
(1921, 10, 'tr_sc_aps_005_arabi_pass_settings_default_digital_certificate', '2025-04-07 05:57:34', '2025-04-07 05:57:34'),
(1922, 10, 'tr_sc_aps_005_arabi_pass_settings_default_digital_certificate_disclaimer', '2025-04-07 05:57:34', '2025-04-07 05:57:34'),
(1923, 10, 'tr_sc_aps_005_arabi_pass_settings_default_enrolled', '2025-04-07 05:57:34', '2025-04-07 05:57:34'),
(1924, 10, 'tr_sc_aps_005_arabi_pass_settings_default_not_enrolled', '2025-04-07 05:57:34', '2025-04-07 05:57:34'),
(1925, 10, 'tr_uc_aps_010_enable_facial_biometrics_default_general_error', '2025-04-07 05:57:34', '2025-04-07 05:57:34'),
(1926, 10, 'tr_uc_aps_010_enable_facial_biometrics_default_done', '2025-04-07 05:57:34', '2025-04-07 05:57:34'),
(1927, 10, 'tr_uc_aps_010_enable_facial_biometrics_default_facial_suspended_title', '2025-04-07 05:57:34', '2025-04-07 05:57:34'),
(1928, 10, 'tr_uc_aps_010_enable_facial_biometrics_default_facial_suspended_body', '2025-04-07 05:57:34', '2025-04-07 05:57:34'),
(1929, 10, 'tr_sc_aps_007_authorization_methods_screen_default_screen_title', '2025-04-07 05:57:34', '2025-04-07 05:57:34'),
(1930, 10, 'tr_sc_aps_007_authorization_methods_screen_default_secure_your_account', '2025-04-07 05:57:34', '2025-04-07 05:57:34'),
(1931, 10, 'tr_sc_aps_007_authorization_methods_screen_default_set_authorization_methods', '2025-04-07 05:57:34', '2025-04-07 05:57:34'),
(1932, 10, 'tr_sc_aps_007_authorization_methods_screen_default_facial_biometrics', '2025-04-07 05:57:34', '2025-04-07 05:57:34'),
(1933, 10, 'tr_sc_aps_007_authorization_methods_screen_default_arabi_token', '2025-04-07 05:57:34', '2025-04-07 05:57:34'),
(1934, 10, 'tr_sc_aps_007_authorization_methods_screen_default_authorization_password', '2025-04-07 05:57:34', '2025-04-07 05:57:34'),
(1935, 10, 'tr_sc_aps_010_set_authorization_method_default_screen_title', '2025-04-07 05:57:34', '2025-04-07 05:57:34'),
(1936, 10, 'tr_sc_aps_010_set_authorization_method_default_facial_biometrics', '2025-04-07 05:57:34', '2025-04-07 05:57:34'),
(1937, 10, 'tr_sc_aps_010_set_authorization_method_default_arabi_token', '2025-04-07 05:57:34', '2025-04-07 05:57:34'),
(1938, 10, 'tr_sc_aps_010_set_authorization_method_default_authorization_password', '2025-04-07 05:57:34', '2025-04-07 05:57:34'),
(1939, 10, 'tr_sc_aps_010_set_authorization_method_default_continue', '2025-04-07 05:57:34', '2025-04-07 05:57:34'),
(1940, 10, 'tr_sc_aps_015_authorization_method_updated_default_success_header_disclaimer', '2025-04-07 05:57:34', '2025-04-07 05:57:34'),
(1941, 10, 'tr_sc_aps_015_authorization_method_updated_default_success_body_disclaimer{}', '2025-04-07 05:57:34', '2025-04-07 05:57:34'),
(1942, 10, 'tr_uc_aps_015_enable_soft_token_default_general_error', '2025-04-07 05:57:34', '2025-04-07 05:57:34'),
(1943, 10, 'tr_uc_aps_020_enable_authorization_password_default_general_error', '2025-04-07 05:57:34', '2025-04-07 05:57:34'),
(1944, 10, 'tr_uc_aps_020_enable_authorization_password_default_cancel', '2025-04-07 05:57:34', '2025-04-07 05:57:34'),
(1945, 10, 'tr_uc_aps_020_enable_authorization_password_default_proceed', '2025-04-07 05:57:34', '2025-04-07 05:57:34'),
(1946, 10, 'tr_uc_aps_020_enable_authorization_password_default_not_defined_method_body', '2025-04-07 05:57:34', '2025-04-07 05:57:34'),
(1947, 10, 'tr_uc_aps_020_enable_authorization_password_default_not_defined_method_title', '2025-04-07 05:57:34', '2025-04-07 05:57:34'),
(1948, 10, 'tr_uc_aps_020_enable_authorization_password_default_authorization_pwd_not_defined_method_body', '2025-04-07 05:57:34', '2025-04-07 05:57:34'),
(1949, 10, 'tr_uc_aps_020_enable_authorization_password_default_authorization_pwd_not_defined_method_title', '2025-04-07 05:57:34', '2025-04-07 05:57:34'),
(1950, 10, 'tr_sc_aps_020_selfie_guidelines_screen_default_screen_title', '2025-04-07 05:57:34', '2025-04-07 05:57:34'),
(1951, 10, 'tr_sc_aps_020_selfie_guidelines_screen_default_selfie_time!', '2025-04-07 05:57:34', '2025-04-07 05:57:34'),
(1952, 10, 'tr_sc_aps_020_selfie_guidelines_screen_default_verify_your_identity_disclaimer', '2025-04-07 05:57:34', '2025-04-07 05:57:34'),
(1953, 10, 'tr_sc_aps_020_selfie_guidelines_screen_default_good_lighting', '2025-04-07 05:57:34', '2025-04-07 05:57:34'),
(1954, 10, 'tr_sc_aps_020_selfie_guidelines_screen_default_good_lighting_disclaimer', '2025-04-07 05:57:34', '2025-04-07 05:57:34'),
(1955, 10, 'tr_sc_aps_020_selfie_guidelines_screen_default_look_straight', '2025-04-07 05:57:34', '2025-04-07 05:57:34'),
(1956, 10, 'tr_sc_aps_020_selfie_guidelines_screen_default_look_straight_disclaimer', '2025-04-07 05:57:34', '2025-04-07 05:57:34'),
(1957, 10, 'tr_sc_aps_020_selfie_guidelines_screen_default_hold_steady', '2025-04-07 05:57:34', '2025-04-07 05:57:34'),
(1958, 10, 'tr_sc_aps_020_selfie_guidelines_screen_default_hold_steady_disclaimer', '2025-04-07 05:57:34', '2025-04-07 05:57:34'),
(1959, 10, 'tr_sc_aps_020_selfie_guidelines_screen_default_please_consider', '2025-04-07 05:57:34', '2025-04-07 05:57:34'),
(1960, 10, 'tr_sc_aps_020_selfie_guidelines_screen_default_please_consider_disclaimer', '2025-04-07 05:57:34', '2025-04-07 05:57:34'),
(1961, 10, 'tr_sc_aps_020_selfie_guidelines_screen_default_reviewed_photo', '2025-04-07 05:57:34', '2025-04-07 05:57:34'),
(1962, 10, 'tr_sc_aps_020_selfie_guidelines_screen_default_reviewed_photo_disclaimer', '2025-04-07 05:57:34', '2025-04-07 05:57:34'),
(1963, 10, 'tr_sc_aps_020_selfie_guidelines_screen_default_take_my_selfie', '2025-04-07 05:57:34', '2025-04-07 05:57:34'),
(1964, 10, 'tr_sc_aps_035_camera_default_screen_title', '2025-04-07 05:57:35', '2025-04-07 05:57:35'),
(1965, 10, 'tr_sc_aps_035_camera_default_position_your_face', '2025-04-07 05:57:35', '2025-04-07 05:57:35'),
(1966, 10, 'tr_sc_aps_035_camera_default_verifying_your_identity', '2025-04-07 05:57:35', '2025-04-07 05:57:35'),
(1967, 10, 'tr_sc_aps_035_camera_default_it_will_only_take_seconds', '2025-04-07 05:57:35', '2025-04-07 05:57:35'),
(1968, 10, 'tr_sc_aps_035_camera_default_submit_photo', '2025-04-07 05:57:35', '2025-04-07 05:57:35'),
(1969, 10, 'tr_sc_aps_035_camera_default_retake', '2025-04-07 05:57:35', '2025-04-07 05:57:35'),
(1970, 10, 'tr_sc_aps_030_05_define_authorization_password_validations_default_screen_title', '2025-04-07 05:57:35', '2025-04-07 05:57:35'),
(1971, 10, 'tr_sc_aps_030_05_define_authorization_password_validations_default_secure_your_account', '2025-04-07 05:57:35', '2025-04-07 05:57:35'),
(1972, 10, 'tr_sc_aps_030_05_define_authorization_password_validations_default_new_password', '2025-04-07 05:57:35', '2025-04-07 05:57:35'),
(1973, 10, 'tr_sc_aps_030_05_define_authorization_password_validations_default_confirm_password', '2025-04-07 05:57:35', '2025-04-07 05:57:35'),
(1974, 10, 'tr_sc_aps_030_05_define_authorization_password_validations_default_password_disclaimer', '2025-04-07 05:57:35', '2025-04-07 05:57:35'),
(1975, 10, 'tr_sc_aps_030_05_define_authorization_password_validations_default_confirm', '2025-04-07 05:57:35', '2025-04-07 05:57:35'),
(1976, 10, 'tr_sc_aps_030_05_define_authorization_password_validations_default_password_must_match', '2025-04-07 05:57:35', '2025-04-07 05:57:35'),
(1977, 10, 'tr_sc_aps_030_05_define_authorization_password_validations_default_password_length', '2025-04-07 05:57:35', '2025-04-07 05:57:35'),
(1978, 10, 'tr_sc_aps_030_05_define_authorization_password_validations_default_passowrd_can’t_be_same', '2025-04-07 05:57:35', '2025-04-07 05:57:35'),
(1979, 10, 'tr_sc_aps_030_05_define_authorization_password_validations_default_passowrd_case_sensitive', '2025-04-07 05:57:35', '2025-04-07 05:57:35'),
(1980, 10, 'tr_sc_aps_030_05_define_authorization_password_validations_default_no_space_allowed', '2025-04-07 05:57:35', '2025-04-07 05:57:35'),
(1981, 10, 'tr_sc_aps_030_05_define_authorization_password_validations_default_password_musn’t_match', '2025-04-07 05:57:35', '2025-04-07 05:57:35'),
(1982, 10, 'tr_sc_aps_030_05_define_authorization_password_validations_default_password_contain_charachter', '2025-04-07 05:57:35', '2025-04-07 05:57:35'),
(1983, 10, 'tr_sc_aps_030_05_define_authorization_password_validations_default_password_format', '2025-04-07 05:57:35', '2025-04-07 05:57:35'),
(1984, 10, 'tr_sc_aps_035_authorization_password_success_default_success_header_disclaimer', '2025-04-07 05:57:35', '2025-04-07 05:57:35'),
(1985, 10, 'tr_sc_aps_035_authorization_password_success_default_success_body_disclaimer', '2025-04-07 05:57:35', '2025-04-07 05:57:35'),
(1986, 10, 'tr_uc_aps_017_change_authorization_password_default_general_error', '2025-04-07 05:57:35', '2025-04-07 05:57:35'),
(1987, 10, 'tr_uc_aps_017_change_authorization_password_default_password_updated_header', '2025-04-07 05:57:35', '2025-04-07 05:57:35'),
(1988, 10, 'tr_uc_aps_017_change_authorization_password_default_password_updated_body', '2025-04-07 05:57:35', '2025-04-07 05:57:35'),
(1989, 10, 'tr_uc_aps_017_change_authorization_password_default_done', '2025-04-07 05:57:35', '2025-04-07 05:57:35'),
(1990, 10, 'tr_uc_aps_017_change_authorization_password_default_password_mismatch_header', '2025-04-07 05:57:35', '2025-04-07 05:57:35'),
(1991, 10, 'tr_uc_aps_017_change_authorization_password_default_password_mismatch_body', '2025-04-07 05:57:35', '2025-04-07 05:57:35'),
(1992, 10, 'tr_uc_aps_017_change_authorization_password_default_password_complexity_not_met_header', '2025-04-07 05:57:35', '2025-04-07 05:57:35'),
(1993, 10, 'tr_uc_aps_017_change_authorization_password_default_password__complexity_not_met_body', '2025-04-07 05:57:35', '2025-04-07 05:57:35'),
(1994, 10, 'tr_uc_aps_017_change_authorization_password_default_user_locked_out_header', '2025-04-07 05:57:35', '2025-04-07 05:57:35'),
(1995, 10, 'tr_uc_aps_017_change_authorization_password_default_user_locked_out_body', '2025-04-07 05:57:35', '2025-04-07 05:57:35'),
(1996, 10, 'tr_uc_aps_017_change_authorization_password_default_password_used_previously_body', '2025-04-07 05:57:35', '2025-04-07 05:57:35'),
(1997, 10, 'tr_uc_aps_017_change_authorization_password_default_password_used_previously_header', '2025-04-07 05:57:35', '2025-04-07 05:57:35'),
(1998, 10, 'tr_uc_aps_017_change_authorization_password_default_auth_password_same_header', '2025-04-07 05:57:35', '2025-04-07 05:57:35'),
(1999, 10, 'tr_uc_aps_017_change_authorization_password_default_auth_password_same_body', '2025-04-07 05:57:35', '2025-04-07 05:57:35'),
(2000, 10, 'tr_uc_aps_017_change_authorization_password_default_invalid_authz_password_header', '2025-04-07 05:57:35', '2025-04-07 05:57:35'),
(2001, 10, 'tr_uc_aps_017_change_authorization_password_default_invalid_authz_password_body', '2025-04-07 05:57:35', '2025-04-07 05:57:35'),
(2002, 10, 'tr_sc_aps_040_change_authorization_password_default_screen_title', '2025-04-07 05:57:35', '2025-04-07 05:57:35'),
(2003, 10, 'tr_sc_aps_040_change_authorization_password_default_new_password', '2025-04-07 05:57:35', '2025-04-07 05:57:35'),
(2004, 10, 'tr_sc_aps_040_change_authorization_password_default_confirm_password', '2025-04-07 05:57:35', '2025-04-07 05:57:35'),
(2005, 10, 'tr_sc_aps_040_change_authorization_password_default_password_disclaimer', '2025-04-07 05:57:35', '2025-04-07 05:57:35'),
(2006, 10, 'tr_sc_aps_040_change_authorization_password_default_confirm', '2025-04-07 05:57:35', '2025-04-07 05:57:35'),
(2007, 10, 'tr_sc_aps_040_change_authorization_password_default_password_must_match', '2025-04-07 05:57:35', '2025-04-07 05:57:35'),
(2008, 10, 'tr_sc_aps_040_change_authorization_password_default_password_length', '2025-04-07 05:57:35', '2025-04-07 05:57:35'),
(2009, 10, 'tr_sc_aps_040_change_authorization_password_default_passowrd_can’t_be_same', '2025-04-07 05:57:35', '2025-04-07 05:57:35'),
(2010, 10, 'tr_sc_aps_040_change_authorization_password_default_passowrd_case_sensitive', '2025-04-07 05:57:35', '2025-04-07 05:57:35'),
(2011, 10, 'tr_sc_aps_040_change_authorization_password_default_no_space_allowed', '2025-04-07 05:57:35', '2025-04-07 05:57:35'),
(2012, 10, 'tr_sc_aps_040_change_authorization_password_default_password_musn’t_match', '2025-04-07 05:57:35', '2025-04-07 05:57:35'),
(2013, 10, 'tr_sc_aps_040_change_authorization_password_default_password_contain_charachter', '2025-04-07 05:57:35', '2025-04-07 05:57:35'),
(2014, 10, 'tr_sc_aps_040_change_authorization_password_default_password_format', '2025-04-07 05:57:35', '2025-04-07 05:57:35'),
(2015, 10, 'tr_uc_aps_025_change_login_password_default_general_error', '2025-04-07 05:57:35', '2025-04-07 05:57:35'),
(2016, 10, 'tr_uc_aps_025_change_login_password_default_password_updated_header', '2025-04-07 05:57:35', '2025-04-07 05:57:35'),
(2017, 10, 'tr_uc_aps_025_change_login_password_default_password_updated_body', '2025-04-07 05:57:35', '2025-04-07 05:57:35'),
(2018, 10, 'tr_uc_aps_025_change_login_password_default_done', '2025-04-07 05:57:35', '2025-04-07 05:57:35'),
(2019, 10, 'tr_uc_aps_025_change_login_password_default_lgn_password_in_history_header_body', '2025-04-07 05:57:35', '2025-04-07 05:57:35'),
(2020, 10, 'tr_uc_aps_025_change_login_password_default_lgn_password_in_history_header', '2025-04-07 05:57:35', '2025-04-07 05:57:35'),
(2021, 10, 'tr_uc_aps_025_change_login_password_default_lgn_invalid_credentials_body', '2025-04-07 05:57:35', '2025-04-07 05:57:35'),
(2022, 10, 'tr_uc_aps_025_change_login_password_default_lgn_invalid_credentials_header', '2025-04-07 05:57:35', '2025-04-07 05:57:35'),
(2023, 10, 'tr_uc_aps_025_change_login_password_default_user_locked_out_body', '2025-04-07 05:57:35', '2025-04-07 05:57:35'),
(2024, 10, 'tr_uc_aps_025_change_login_password_default_user_locked_out_header', '2025-04-07 05:57:35', '2025-04-07 05:57:35'),
(2025, 10, 'tr_uc_aps_025_change_login_password_default_lgn_password__complexity_not_met_body', '2025-04-07 05:57:35', '2025-04-07 05:57:35'),
(2026, 10, 'tr_uc_aps_025_change_login_password_default_lgn_password_complexity_not_met_header', '2025-04-07 05:57:35', '2025-04-07 05:57:35'),
(2027, 10, 'tr_uc_aps_025_change_login_password_default_lgn_password_mismatch_body', '2025-04-07 05:57:35', '2025-04-07 05:57:35'),
(2028, 10, 'tr_uc_aps_025_change_login_password_default_lgn_password_mismatch_header', '2025-04-07 05:57:35', '2025-04-07 05:57:35'),
(2029, 10, 'tr_sc_aps_045_authentication_methods_default_screen_title', '2025-04-07 05:57:35', '2025-04-07 05:57:35'),
(2030, 10, 'tr_sc_aps_045_authentication_methods_default_secure_your_account', '2025-04-07 05:57:35', '2025-04-07 05:57:35'),
(2031, 10, 'tr_sc_aps_045_authentication_methods_default_change_login_password', '2025-04-07 05:57:35', '2025-04-07 05:57:35'),
(2032, 10, 'tr_sc_aps_045_authentication_methods_default_face_i_d_and_pattern', '2025-04-07 05:57:35', '2025-04-07 05:57:35'),
(2033, 10, 'tr_sc_aps_045_authentication_methods_default_facial_id_diaclamer', '2025-04-07 05:57:35', '2025-04-07 05:57:35'),
(2034, 10, 'tr_sc_aps_055_change_login_password_default_screen_title', '2025-04-07 05:57:35', '2025-04-07 05:57:35'),
(2035, 10, 'tr_sc_aps_055_change_login_password_default_current_password', '2025-04-07 05:57:35', '2025-04-07 05:57:35'),
(2036, 10, 'tr_sc_aps_055_change_login_password_default_new_password', '2025-04-07 05:57:35', '2025-04-07 05:57:35'),
(2037, 10, 'tr_sc_aps_055_change_login_password_default_confirm_password', '2025-04-07 05:57:35', '2025-04-07 05:57:35'),
(2038, 10, 'tr_sc_aps_055_change_login_password_default_password_disclaimer', '2025-04-07 05:57:35', '2025-04-07 05:57:35'),
(2039, 10, 'tr_sc_aps_055_change_login_password_default_confirm', '2025-04-07 05:57:35', '2025-04-07 05:57:35'),
(2040, 10, 'tr_sc_aps_055_change_login_password_default_password_must_match', '2025-04-07 05:57:35', '2025-04-07 05:57:35'),
(2041, 10, 'tr_sc_aps_055_change_login_password_default_password_length', '2025-04-07 05:57:35', '2025-04-07 05:57:35'),
(2042, 10, 'tr_sc_aps_055_change_login_password_default_passowrd_can’t_be_same', '2025-04-07 05:57:35', '2025-04-07 05:57:35'),
(2043, 10, 'tr_sc_aps_055_change_login_password_default_passowrd_case_sensitive', '2025-04-07 05:57:35', '2025-04-07 05:57:35'),
(2044, 10, 'tr_sc_aps_055_change_login_password_default_no_space_allowed', '2025-04-07 05:57:35', '2025-04-07 05:57:35'),
(2045, 10, 'tr_sc_aps_055_change_login_password_default_password_musn’t_match', '2025-04-07 05:57:35', '2025-04-07 05:57:35'),
(2046, 10, 'tr_sc_aps_055_change_login_password_default_password_contain_charachter', '2025-04-07 05:57:35', '2025-04-07 05:57:35'),
(2047, 10, 'tr_sc_aps_055_change_login_password_default_password_format', '2025-04-07 05:57:35', '2025-04-07 05:57:35'),
(2048, 10, 'tr_uc_aps_030_face_id_and_pattern_default_general_error', '2025-04-07 05:57:36', '2025-04-07 05:57:36'),
(2049, 10, 'tr_uc_aps_030_face_id_and_pattern_default_activation_face_id_header', '2025-04-07 05:57:36', '2025-04-07 05:57:36'),
(2050, 10, 'tr_uc_aps_030_face_id_and_pattern_default_activation_face_id_body', '2025-04-07 05:57:36', '2025-04-07 05:57:36'),
(2051, 10, 'tr_uc_aps_030_face_id_and_pattern_default_accept_and_activate', '2025-04-07 05:57:36', '2025-04-07 05:57:36'),
(2052, 10, 'tr_uc_aps_030_face_id_and_pattern_default_cancel', '2025-04-07 05:57:36', '2025-04-07 05:57:36'),
(2053, 10, 'tr_uc_aps_030_face_id_and_pattern_default_deactivation_face_id_header', '2025-04-07 05:57:36', '2025-04-07 05:57:36'),
(2054, 10, 'tr_uc_aps_030_face_id_and_pattern_default_deactivation_face_id_body', '2025-04-07 05:57:36', '2025-04-07 05:57:36'),
(2055, 10, 'tr_uc_aps_030_face_id_and_pattern_default_switch_off', '2025-04-07 05:57:36', '2025-04-07 05:57:36'),
(2056, 10, 'tr_uc_aps_030_face_id_and_pattern_default_activation_pattern_header', '2025-04-07 05:57:36', '2025-04-07 05:57:36'),
(2057, 10, 'tr_uc_aps_030_face_id_and_pattern_default_activation_pattern_body', '2025-04-07 05:57:36', '2025-04-07 05:57:36'),
(2058, 10, 'tr_uc_aps_030_face_id_and_pattern_default_deactivation_pattern_header', '2025-04-07 05:57:36', '2025-04-07 05:57:36'),
(2059, 10, 'tr_uc_aps_030_face_id_and_pattern_default_deactivation_pattern_body', '2025-04-07 05:57:36', '2025-04-07 05:57:36'),
(2060, 10, 'tr_uc_aps_030_face_id_and_pattern_default_deactivation_touch_id_header', '2025-04-07 05:57:36', '2025-04-07 05:57:36'),
(2061, 10, 'tr_uc_aps_030_face_id_and_pattern_default_deactivation_touch_id_body', '2025-04-07 05:57:36', '2025-04-07 05:57:36'),
(2062, 10, 'tr_uc_aps_030_face_id_and_pattern_default_activation_touch_id_header', '2025-04-07 05:57:36', '2025-04-07 05:57:36'),
(2063, 10, 'tr_uc_aps_030_face_id_and_pattern_default_activation_touch_id_body', '2025-04-07 05:57:36', '2025-04-07 05:57:36'),
(2064, 10, 'tr_sc_aps_060_face_id_and_pattern_enabled_default_screen_title', '2025-04-07 05:57:36', '2025-04-07 05:57:36'),
(2065, 10, 'tr_sc_aps_060_face_id_and_pattern_enabled_default_face_id_pattern_disclaimer', '2025-04-07 05:57:36', '2025-04-07 05:57:36'),
(2066, 10, 'tr_sc_aps_060_face_id_and_pattern_enabled_default_face_i_d', '2025-04-07 05:57:36', '2025-04-07 05:57:36'),
(2067, 10, 'tr_sc_aps_060_face_id_and_pattern_enabled_default_face_id_disclaimer', '2025-04-07 05:57:36', '2025-04-07 05:57:36'),
(2068, 10, 'tr_sc_aps_060_face_id_and_pattern_enabled_default_touch_i_d', '2025-04-07 05:57:36', '2025-04-07 05:57:36'),
(2069, 10, 'tr_sc_aps_060_face_id_and_pattern_enabled_default_touch_id_disclaimer', '2025-04-07 05:57:36', '2025-04-07 05:57:36'),
(2070, 10, 'tr_sc_aps_060_face_id_and_pattern_enabled_default_clear', '2025-04-07 05:57:36', '2025-04-07 05:57:36'),
(2071, 10, 'tr_sc_aps_060_face_id_and_pattern_enabled_default_next', '2025-04-07 05:57:36', '2025-04-07 05:57:36'),
(2072, 10, 'tr_sc_aps_060_face_id_and_pattern_enabled_default_information_text_enabled', '2025-04-07 05:57:36', '2025-04-07 05:57:36'),
(2073, 10, 'tr_sc_aps_060_face_id_and_pattern_enabled_default_information_text_disabled', '2025-04-07 05:57:36', '2025-04-07 05:57:36'),
(2074, 10, 'tr_sc_aps_060_face_id_and_pattern_enabled_default_information_text_disabled_enabled', '2025-04-07 05:57:36', '2025-04-07 05:57:36'),
(2075, 10, 'tr_sc_aps_060_face_id_and_pattern_enabled_default_information_text_drawing', '2025-04-07 05:57:36', '2025-04-07 05:57:36'),
(2076, 10, 'tr_sc_aps_060_face_id_and_pattern_enabled_default_information_text_too_short', '2025-04-07 05:57:36', '2025-04-07 05:57:36'),
(2077, 10, 'tr_sc_aps_060_face_id_and_pattern_enabled_default_information_text_confirm', '2025-04-07 05:57:36', '2025-04-07 05:57:36'),
(2078, 10, 'tr_sc_aps_060_face_id_and_pattern_enabled_default_pattern', '2025-04-07 05:57:36', '2025-04-07 05:57:36'),
(2079, 10, 'tr_sc_aps_060_face_id_and_pattern_enabled_default_pattern_disclaimer', '2025-04-07 05:57:36', '2025-04-07 05:57:36'),
(2080, 10, 'tr_sc_aps_065_devices_list_default_screen_title', '2025-04-07 05:57:36', '2025-04-07 05:57:36'),
(2081, 10, 'tr_sc_aps_065_devices_list_default_primary_device', '2025-04-07 05:57:36', '2025-04-07 05:57:36'),
(2082, 10, 'tr_sc_aps_065_devices_list_default_registered_devices', '2025-04-07 05:57:36', '2025-04-07 05:57:36'),
(2083, 10, 'tr_sc_aps_065_devices_list_default_i_d', '2025-04-07 05:57:36', '2025-04-07 05:57:36'),
(2084, 10, 'tr_sc_aps_065_devices_list_default_other_devices', '2025-04-07 05:57:36', '2025-04-07 05:57:36'),
(2085, 10, 'tr_sc_aps_065_devices_list_default_change_primary_device', '2025-04-07 05:57:36', '2025-04-07 05:57:36'),
(2086, 10, 'tr_sc_aps_065_devices_list_default_continue', '2025-04-07 05:57:36', '2025-04-07 05:57:36'),
(2087, 10, 'tr_sc_aps_067_devices_activity_log_screen_default_screen_title', '2025-04-07 05:57:36', '2025-04-07 05:57:36');
INSERT INTO `resources` (`id`, `project_id`, `key`, `created_at`, `updated_at`) VALUES
(2088, 10, 'tr_sc_aps_067_devices_activity_log_screen_default_activity', '2025-04-07 05:57:36', '2025-04-07 05:57:36'),
(2089, 10, 'tr_sc_aps_067_devices_activity_log_screen_default_today', '2025-04-07 05:57:36', '2025-04-07 05:57:36'),
(2090, 10, 'tr_sc_aps_067_devices_activity_log_screen_default_tomorrow', '2025-04-07 05:57:36', '2025-04-07 05:57:36'),
(2091, 10, 'tr_sc_aps_069_devices_activity_information_screen_default_device_information', '2025-04-07 05:57:36', '2025-04-07 05:57:36'),
(2092, 10, 'tr_sc_aps_069_devices_activity_information_screen_default_device_name', '2025-04-07 05:57:36', '2025-04-07 05:57:36'),
(2093, 10, 'tr_sc_aps_069_devices_activity_information_screen_default_i_d', '2025-04-07 05:57:36', '2025-04-07 05:57:36'),
(2094, 10, 'tr_sc_aps_069_devices_activity_information_screen_default_last_successful_login', '2025-04-07 05:57:36', '2025-04-07 05:57:36'),
(2095, 10, 'tr_sc_aps_069_devices_activity_information_screen_default_activation_date', '2025-04-07 05:57:36', '2025-04-07 05:57:36'),
(2096, 10, 'tr_sc_aps_069_devices_activity_information_screen_default_last_authorized_method_update', '2025-04-07 05:57:36', '2025-04-07 05:57:36'),
(2097, 10, 'tr_sc_aps_069_devices_activity_information_screen_default_last_login_password_change', '2025-04-07 05:57:36', '2025-04-07 05:57:36'),
(2098, 10, 'tr_sc_aps_069_devices_activity_information_screen_default_last_authorization_password_change', '2025-04-07 05:57:36', '2025-04-07 05:57:36'),
(2099, 10, 'tr_uc_aps_045_deactivate_device_default_deactivate_current_confirmation_body', '2025-04-07 05:57:36', '2025-04-07 05:57:36'),
(2100, 10, 'tr_uc_aps_045_deactivate_device_default_deactivation_success_header', '2025-04-07 05:57:36', '2025-04-07 05:57:36'),
(2101, 10, 'tr_uc_aps_045_deactivate_device_default_deactivate_other_confirmation_header', '2025-04-07 05:57:36', '2025-04-07 05:57:36'),
(2102, 10, 'tr_uc_aps_045_deactivate_device_default_deactivate_current_confirmation_header', '2025-04-07 05:57:36', '2025-04-07 05:57:36'),
(2103, 10, 'tr_uc_aps_045_deactivate_device_default_deactivation_success_body', '2025-04-07 05:57:36', '2025-04-07 05:57:36'),
(2104, 10, 'tr_uc_aps_045_deactivate_device_default_deactivate_other_confirmation_body', '2025-04-07 05:57:36', '2025-04-07 05:57:36'),
(2105, 10, 'tr_uc_aps_045_logout_default_logout_confirmation_body', '2025-04-07 05:57:36', '2025-04-07 05:57:36'),
(2106, 10, 'tr_uc_aps_045_logout_default_logout_confirmation_header', '2025-04-07 05:57:36', '2025-04-07 05:57:36'),
(2107, 10, 'tr_uc_aps_045_logout_default_yes_button', '2025-04-07 05:57:36', '2025-04-07 05:57:36'),
(2108, 10, 'tr_uc_aps_045_logout_default_no_button', '2025-04-07 05:57:36', '2025-04-07 05:57:36'),
(2109, 10, 'tr_uc_aps_045_logout_default_session_timeout', '2025-04-07 05:57:36', '2025-04-07 05:57:36'),
(2110, 10, 'tr_uc_aps_050_forgot_authorization_password_default_general_error', '2025-04-07 05:57:36', '2025-04-07 05:57:36'),
(2111, 10, 'tr_uc_aps_050_forgot_authorization_password_default_password_updated_header', '2025-04-07 05:57:36', '2025-04-07 05:57:36'),
(2112, 10, 'tr_uc_aps_050_forgot_authorization_password_default_password_updated_body', '2025-04-07 05:57:36', '2025-04-07 05:57:36'),
(2113, 10, 'tr_uc_aps_050_forgot_authorization_password_default_done', '2025-04-07 05:57:36', '2025-04-07 05:57:36'),
(2114, 10, 'tr_sc_aps_070_authorization_password_settings_default_screen_title', '2025-04-07 05:57:36', '2025-04-07 05:57:36'),
(2115, 10, 'tr_sc_aps_070_authorization_password_settings_default_secure_your_account', '2025-04-07 05:57:36', '2025-04-07 05:57:36'),
(2116, 10, 'tr_sc_aps_070_authorization_password_settings_default_change_authorization_password', '2025-04-07 05:57:36', '2025-04-07 05:57:36'),
(2117, 10, 'tr_sc_aps_070_authorization_password_settings_default_forget_authorization_password', '2025-04-07 05:57:36', '2025-04-07 05:57:36'),
(2118, 10, 'tr_sc_aps_075_forget_authorization_password_default_screen_title', '2025-04-07 05:57:36', '2025-04-07 05:57:36'),
(2119, 10, 'tr_sc_aps_075_forget_authorization_password_default_new_password', '2025-04-07 05:57:36', '2025-04-07 05:57:36'),
(2120, 10, 'tr_sc_aps_075_forget_authorization_password_default_confirm_password', '2025-04-07 05:57:36', '2025-04-07 05:57:36'),
(2121, 10, 'tr_sc_aps_075_forget_authorization_password_default_password_disclaimer', '2025-04-07 05:57:36', '2025-04-07 05:57:36'),
(2122, 10, 'tr_sc_aps_075_forget_authorization_password_default_confirm', '2025-04-07 05:57:36', '2025-04-07 05:57:36'),
(2123, 10, 'tr_sc_aps_075_forget_authorization_password_default_password_must_match', '2025-04-07 05:57:36', '2025-04-07 05:57:36'),
(2124, 10, 'tr_sc_aps_075_forget_authorization_password_default_password_length', '2025-04-07 05:57:36', '2025-04-07 05:57:36'),
(2125, 10, 'tr_sc_aps_075_forget_authorization_password_default_passowrd_can’t_be_same', '2025-04-07 05:57:36', '2025-04-07 05:57:36'),
(2126, 10, 'tr_sc_aps_075_forget_authorization_password_default_passowrd_case_sensitive', '2025-04-07 05:57:37', '2025-04-07 05:57:37'),
(2127, 10, 'tr_sc_aps_075_forget_authorization_password_default_no_space_allowed', '2025-04-07 05:57:37', '2025-04-07 05:57:37'),
(2128, 10, 'tr_sc_aps_075_forget_authorization_password_default_password_musn’t_match', '2025-04-07 05:57:37', '2025-04-07 05:57:37'),
(2129, 10, 'tr_sc_aps_075_forget_authorization_password_default_password_contain_charachter', '2025-04-07 05:57:37', '2025-04-07 05:57:37'),
(2130, 10, 'tr_sc_aps_075_forget_authorization_password_default_password_format', '2025-04-07 05:57:37', '2025-04-07 05:57:37'),
(2570, 4, 'TR_UC_APS_005_ARABI_PASS_SETTINGS_LANDING_PAGE_DEFAULT_GENERALERROR', '2025-04-08 01:00:27', '2025-04-08 01:00:27'),
(2571, 4, 'TR_SC_APS_005_ARABI_PASS_SETTINGS_DEFAULT_SCREEN_TITLE', '2025-04-08 01:00:27', '2025-04-08 01:00:27'),
(2572, 4, 'TR_SC_APS_005_ARABI_PASS_SETTINGS_DEFAULT_SECURE_YOUR_ACCOUNT', '2025-04-08 01:00:27', '2025-04-08 01:00:27'),
(2573, 4, 'TR_SC_APS_005_ARABI_PASS_SETTINGS_DEFAULT_AUTHENTICATION_METHODS', '2025-04-08 01:00:27', '2025-04-08 01:00:27'),
(2574, 4, 'TR_SC_APS_005_ARABI_PASS_SETTINGS_DEFAULT_AUTHORIZATION_METHODS', '2025-04-08 01:00:27', '2025-04-08 01:00:27'),
(2575, 4, 'TR_SC_APS_005_ARABI_PASS_SETTINGS_DEFAULT_GENERAL_SETTINGS', '2025-04-08 01:00:27', '2025-04-08 01:00:27'),
(2576, 4, 'TR_SC_APS_005_ARABI_PASS_SETTINGS_DEFAULT_DEVICE_MANAGEMENT', '2025-04-08 01:00:27', '2025-04-08 01:00:27'),
(2577, 4, 'TR_SC_APS_005_ARABI_PASS_SETTINGS_DEFAULT_DEVICEMANAGEMENTDISCLAIMER', '2025-04-08 01:00:27', '2025-04-08 01:00:27'),
(2578, 4, 'TR_SC_APS_005_ARABI_PASS_SETTINGS_DEFAULT_MANAGE_JOINT_ACCOUNTS', '2025-04-08 01:00:27', '2025-04-08 01:00:27'),
(2579, 4, 'TR_SC_APS_005_ARABI_PASS_SETTINGS_DEFAULT_DIGITAL_CERTIFICATE', '2025-04-08 01:00:27', '2025-04-08 01:00:27'),
(2580, 4, 'TR_SC_APS_005_ARABI_PASS_SETTINGS_DEFAULT_DIGITALCERTIFICATEDISCLAIMER', '2025-04-08 01:00:27', '2025-04-08 01:00:27'),
(2581, 4, 'TR_SC_APS_005_ARABI_PASS_SETTINGS_DEFAULT_ENROLLED', '2025-04-08 01:00:27', '2025-04-08 01:00:27'),
(2582, 4, 'TR_SC_APS_005_ARABI_PASS_SETTINGS_DEFAULT_NOTENROLLED', '2025-04-08 01:00:27', '2025-04-08 01:00:27'),
(2583, 4, 'TR_UC_APS_010_ENABLE_FACIAL_BIOMETRICS_DEFAULT_GENERALERROR', '2025-04-08 01:00:27', '2025-04-08 01:00:27'),
(2584, 4, 'TR_UC_APS_010_ENABLE_FACIAL_BIOMETRICS_DEFAULT_DONE', '2025-04-08 01:00:27', '2025-04-08 01:00:27'),
(2585, 4, 'TR_UC_APS_010_ENABLE_FACIAL_BIOMETRICS_DEFAULT_FACIALSUSPENDEDTITLE', '2025-04-08 01:00:27', '2025-04-08 01:00:27'),
(2586, 4, 'TR_UC_APS_010_ENABLE_FACIAL_BIOMETRICS_DEFAULT_FACIALSUSPENDEDBODY', '2025-04-08 01:00:27', '2025-04-08 01:00:27'),
(2587, 4, 'TR_SC_APS_007_AUTHORIZATION_METHODS_SCREEN_DEFAULT_SCREEN_TITLE', '2025-04-08 01:00:27', '2025-04-08 01:00:27'),
(2588, 4, 'TR_SC_APS_007_AUTHORIZATION_METHODS_SCREEN_DEFAULT_SECURE_YOUR_ACCOUNT', '2025-04-08 01:00:27', '2025-04-08 01:00:27'),
(2589, 4, 'TR_SC_APS_007_AUTHORIZATION_METHODS_SCREEN_DEFAULT_SET_AUTHORIZATION_METHODS', '2025-04-08 01:00:27', '2025-04-08 01:00:27'),
(2590, 4, 'TR_SC_APS_007_AUTHORIZATION_METHODS_SCREEN_DEFAULT_FACIAL_BIOMETRICS', '2025-04-08 01:00:27', '2025-04-08 01:00:27'),
(2591, 4, 'TR_SC_APS_007_AUTHORIZATION_METHODS_SCREEN_DEFAULT_ARABI_TOKEN', '2025-04-08 01:00:27', '2025-04-08 01:00:27'),
(2592, 4, 'TR_SC_APS_007_AUTHORIZATION_METHODS_SCREEN_DEFAULT_AUTHORIZATION_PASSWORD', '2025-04-08 01:00:27', '2025-04-08 01:00:27'),
(2593, 4, 'TR_SC_APS_010_SET_AUTHORIZATION_METHOD_DEFAULT_SCREEN_TITLE', '2025-04-08 01:00:27', '2025-04-08 01:00:27'),
(2594, 4, 'TR_SC_APS_010_SET_AUTHORIZATION_METHOD_DEFAULT_FACIALBIOMETRICS', '2025-04-08 01:00:27', '2025-04-08 01:00:27'),
(2595, 4, 'TR_SC_APS_010_SET_AUTHORIZATION_METHOD_DEFAULT_ARABITOKEN', '2025-04-08 01:00:27', '2025-04-08 01:00:27'),
(2596, 4, 'TR_SC_APS_010_SET_AUTHORIZATION_METHOD_DEFAULT_AUTHORIZATIONPASSWORD', '2025-04-08 01:00:27', '2025-04-08 01:00:27'),
(2597, 4, 'TR_SC_APS_010_SET_AUTHORIZATION_METHOD_DEFAULT_CONTINUE', '2025-04-08 01:00:27', '2025-04-08 01:00:27'),
(2598, 4, 'TR_SC_APS_015_AUTHORIZATION_METHOD_UPDATED_DEFAULT_SUCCESSHEADERDISCLAIMER', '2025-04-08 01:00:27', '2025-04-08 01:00:27'),
(2599, 4, 'TR_SC_APS_015_AUTHORIZATION_METHOD_UPDATED_DEFAULT_SUCCESSBODYDISCLAIMER', '2025-04-08 01:00:27', '2025-04-08 01:00:27'),
(2600, 4, 'TR_UC_APS_015_ENABLE_SOFT_TOKEN_DEFAULT_GENERALERROR', '2025-04-08 01:00:27', '2025-04-08 01:00:27'),
(2601, 4, 'TR_UC_APS_020_ENABLE_AUTHORIZATION_PASSWORD_DEFAULT_GENERALERROR', '2025-04-08 01:00:27', '2025-04-08 01:00:27'),
(2602, 4, 'TR_UC_APS_020_ENABLE_AUTHORIZATION_PASSWORD_DEFAULT_CANCEL', '2025-04-08 01:00:27', '2025-04-08 01:00:27'),
(2603, 4, 'TR_UC_APS_020_ENABLE_AUTHORIZATION_PASSWORD_DEFAULT_PROCEED', '2025-04-08 01:00:27', '2025-04-08 01:00:27'),
(2604, 4, 'TR_UC_APS_020_ENABLE_AUTHORIZATION_PASSWORD_DEFAULT_NOTDEFINEDMETHODBODY', '2025-04-08 01:00:27', '2025-04-08 01:00:27'),
(2605, 4, 'TR_UC_APS_020_ENABLE_AUTHORIZATION_PASSWORD_DEFAULT_NOTDEFINEDMETHODTITLE', '2025-04-08 01:00:27', '2025-04-08 01:00:27'),
(2606, 4, 'TR_UC_APS_020_ENABLE_AUTHORIZATION_PASSWORD_DEFAULT_AUTHORIZATIONPWDNOTDEFINEDMETHODBODY', '2025-04-08 01:00:27', '2025-04-08 01:00:27'),
(2607, 4, 'TR_UC_APS_020_ENABLE_AUTHORIZATION_PASSWORD_DEFAULT_AUTHORIZATIONPWDNOTDEFINEDMETHODTITLE', '2025-04-08 01:00:27', '2025-04-08 01:00:27'),
(2608, 4, 'TR_SC_APS_020_SELFIE_GUIDELINES_SCREEN_DEFAULT_SCREEN_TITLE', '2025-04-08 01:00:27', '2025-04-08 01:00:27'),
(2609, 4, 'TR_SC_APS_020_SELFIE_GUIDELINES_SCREEN_DEFAULT_SELFIE_TIME', '2025-04-08 01:00:27', '2025-04-08 01:00:27'),
(2610, 4, 'TR_SC_APS_020_SELFIE_GUIDELINES_SCREEN_DEFAULT_VERIFYYOURIDENTITYDISCLAIMER', '2025-04-08 01:00:27', '2025-04-08 01:00:27'),
(2611, 4, 'TR_SC_APS_020_SELFIE_GUIDELINES_SCREEN_DEFAULT_GOOD_LIGHTING', '2025-04-08 01:00:27', '2025-04-08 01:00:27'),
(2612, 4, 'TR_SC_APS_020_SELFIE_GUIDELINES_SCREEN_DEFAULT_GOODLIGHTINGDISCLAIMER', '2025-04-08 01:00:27', '2025-04-08 01:00:27'),
(2613, 4, 'TR_SC_APS_020_SELFIE_GUIDELINES_SCREEN_DEFAULT_LOOK_STRAIGHT', '2025-04-08 01:00:27', '2025-04-08 01:00:27'),
(2614, 4, 'TR_SC_APS_020_SELFIE_GUIDELINES_SCREEN_DEFAULT_LOOKSTRAIGHT_DISCLAIMER', '2025-04-08 01:00:27', '2025-04-08 01:00:27'),
(2615, 4, 'TR_SC_APS_020_SELFIE_GUIDELINES_SCREEN_DEFAULT_HOLD_STEADY', '2025-04-08 01:00:27', '2025-04-08 01:00:27'),
(2616, 4, 'TR_SC_APS_020_SELFIE_GUIDELINES_SCREEN_DEFAULT_HOLDSTEADY_DISCLAIMER', '2025-04-08 01:00:27', '2025-04-08 01:00:27'),
(2617, 4, 'TR_SC_APS_020_SELFIE_GUIDELINES_SCREEN_DEFAULT_PLEASE_CONSIDER', '2025-04-08 01:00:27', '2025-04-08 01:00:27'),
(2618, 4, 'TR_SC_APS_020_SELFIE_GUIDELINES_SCREEN_DEFAULT_PLEASECONSIDER_DISCLAIMER', '2025-04-08 01:00:27', '2025-04-08 01:00:27'),
(2619, 4, 'TR_SC_APS_020_SELFIE_GUIDELINES_SCREEN_DEFAULT_REVIEWED_PHOTO', '2025-04-08 01:00:27', '2025-04-08 01:00:27'),
(2620, 4, 'TR_SC_APS_020_SELFIE_GUIDELINES_SCREEN_DEFAULT_REVIEWEDPHOTODISCLAIMER', '2025-04-08 01:00:27', '2025-04-08 01:00:27'),
(2621, 4, 'TR_SC_APS_020_SELFIE_GUIDELINES_SCREEN_DEFAULT_TAKE_MY_SELFIE', '2025-04-08 01:00:27', '2025-04-08 01:00:27'),
(2622, 4, 'TR_SC_APS_035_CAMERA_DEFAULT_SCREEN_TITLE', '2025-04-08 01:00:27', '2025-04-08 01:00:27'),
(2623, 4, 'TR_SC_APS_035_CAMERA_DEFAULT_POSITIONYOURFACE', '2025-04-08 01:00:27', '2025-04-08 01:00:27'),
(2624, 4, 'TR_SC_APS_035_CAMERA_DEFAULT_VERIFYINGYOURIDENTITY', '2025-04-08 01:00:28', '2025-04-08 01:00:28'),
(2625, 4, 'TR_SC_APS_035_CAMERA_DEFAULT_IT_WILL_ONLY_TAKE_SECONDS', '2025-04-08 01:00:28', '2025-04-08 01:00:28'),
(2626, 4, 'TR_SC_APS_035_CAMERA_DEFAULT_SUBMIT_PHOTO', '2025-04-08 01:00:28', '2025-04-08 01:00:28'),
(2627, 4, 'TR_SC_APS_035_CAMERA_DEFAULT_RETAKE', '2025-04-08 01:00:28', '2025-04-08 01:00:28'),
(2628, 4, 'TR_SC_APS_030_05_DEFINE_AUTHORIZATION_PASSWORD_VALIDATIONS_DEFAULT_SCREEN_TITLE', '2025-04-08 01:00:28', '2025-04-08 01:00:28'),
(2629, 4, 'TR_SC_APS_030_05_DEFINE_AUTHORIZATION_PASSWORD_VALIDATIONS_DEFAULT_SECURE_YOUR_ACCOUNT', '2025-04-08 01:00:28', '2025-04-08 01:00:28'),
(2630, 4, 'TR_SC_APS_030_05_DEFINE_AUTHORIZATION_PASSWORD_VALIDATIONS_DEFAULT_NEW_PASSWORD', '2025-04-08 01:00:28', '2025-04-08 01:00:28'),
(2631, 4, 'TR_SC_APS_030_05_DEFINE_AUTHORIZATION_PASSWORD_VALIDATIONS_DEFAULT_CONFIRM_PASSWORD', '2025-04-08 01:00:28', '2025-04-08 01:00:28'),
(2632, 4, 'TR_SC_APS_030_05_DEFINE_AUTHORIZATION_PASSWORD_VALIDATIONS_DEFAULT_PASSWORDDISCLAIMER', '2025-04-08 01:00:28', '2025-04-08 01:00:28'),
(2633, 4, 'TR_SC_APS_030_05_DEFINE_AUTHORIZATION_PASSWORD_VALIDATIONS_DEFAULT_CONFIRM', '2025-04-08 01:00:28', '2025-04-08 01:00:28'),
(2634, 4, 'TR_SC_APS_030_05_DEFINE_AUTHORIZATION_PASSWORD_VALIDATIONS_DEFAULT_PASSWORDMUSTMATCH', '2025-04-08 01:00:28', '2025-04-08 01:00:28'),
(2635, 4, 'TR_SC_APS_030_05_DEFINE_AUTHORIZATION_PASSWORD_VALIDATIONS_DEFAULT_PASSWORDLENGTH', '2025-04-08 01:00:28', '2025-04-08 01:00:28'),
(2636, 4, 'TR_SC_APS_030_05_DEFINE_AUTHORIZATION_PASSWORD_VALIDATIONS_DEFAULT_PASSOWRDCANTBESAME', '2025-04-08 01:00:28', '2025-04-08 01:00:28'),
(2637, 4, 'TR_SC_APS_030_05_DEFINE_AUTHORIZATION_PASSWORD_VALIDATIONS_DEFAULT_PASSOWRDCASESENSITIVE', '2025-04-08 01:00:28', '2025-04-08 01:00:28'),
(2638, 4, 'TR_SC_APS_030_05_DEFINE_AUTHORIZATION_PASSWORD_VALIDATIONS_DEFAULT_NOSPACEALLOWED', '2025-04-08 01:00:28', '2025-04-08 01:00:28'),
(2639, 4, 'TR_SC_APS_030_05_DEFINE_AUTHORIZATION_PASSWORD_VALIDATIONS_DEFAULT_PASSWORDMUSNTMATCH', '2025-04-08 01:00:28', '2025-04-08 01:00:28'),
(2640, 4, 'TR_SC_APS_030_05_DEFINE_AUTHORIZATION_PASSWORD_VALIDATIONS_DEFAULT_PASSWORDCONTAINCHARACHTER', '2025-04-08 01:00:28', '2025-04-08 01:00:28'),
(2641, 4, 'TR_SC_APS_030_05_DEFINE_AUTHORIZATION_PASSWORD_VALIDATIONS_DEFAULT_PASSWORDFORMAT', '2025-04-08 01:00:28', '2025-04-08 01:00:28'),
(2642, 4, 'TR_SC_APS_035_AUTHORIZATION_PASSWORD_SUCCESS_DEFAULT_SUCCESSHEADERDISCLAIMER', '2025-04-08 01:00:28', '2025-04-08 01:00:28'),
(2643, 4, 'TR_SC_APS_035_AUTHORIZATION_PASSWORD_SUCCESS_DEFAULT_SUCCESSBODYDISCLAIMER', '2025-04-08 01:00:28', '2025-04-08 01:00:28'),
(2644, 4, 'TR_UC_APS_017_CHANGE_AUTHORIZATION_PASSWORD_DEFAULT_GENERALERROR', '2025-04-08 01:00:28', '2025-04-08 01:00:28'),
(2645, 4, 'TR_UC_APS_017_CHANGE_AUTHORIZATION_PASSWORD_DEFAULT_PASSWORDUPDATEDHEADER', '2025-04-08 01:00:28', '2025-04-08 01:00:28'),
(2646, 4, 'TR_UC_APS_017_CHANGE_AUTHORIZATION_PASSWORD_DEFAULT_PASSWORDUPDATEDBODY', '2025-04-08 01:00:28', '2025-04-08 01:00:28'),
(2647, 4, 'TR_UC_APS_017_CHANGE_AUTHORIZATION_PASSWORD_DEFAULT_DONE', '2025-04-08 01:00:28', '2025-04-08 01:00:28'),
(2648, 4, 'TR_UC_APS_017_CHANGE_AUTHORIZATION_PASSWORD_DEFAULT_PASSWORDMISMATCHHEADER', '2025-04-08 01:00:28', '2025-04-08 01:00:28'),
(2649, 4, 'TR_UC_APS_017_CHANGE_AUTHORIZATION_PASSWORD_DEFAULT_PASSWORDMISMATCHBODY', '2025-04-08 01:00:28', '2025-04-08 01:00:28'),
(2650, 4, 'TR_UC_APS_017_CHANGE_AUTHORIZATION_PASSWORD_DEFAULT_PASSWORDCOMPLEXITYNOTMETHEADER', '2025-04-08 01:00:28', '2025-04-08 01:00:28'),
(2651, 4, 'TR_UC_APS_017_CHANGE_AUTHORIZATION_PASSWORD_DEFAULT_PASSWORD_COMPLEXITYNOTMET_BODY', '2025-04-08 01:00:28', '2025-04-08 01:00:28'),
(2652, 4, 'TR_UC_APS_017_CHANGE_AUTHORIZATION_PASSWORD_DEFAULT_USERLOCKEDOUTHEADER', '2025-04-08 01:00:28', '2025-04-08 01:00:28'),
(2653, 4, 'TR_UC_APS_017_CHANGE_AUTHORIZATION_PASSWORD_DEFAULT_USERLOCKEDOUT_BODY', '2025-04-08 01:00:28', '2025-04-08 01:00:28'),
(2654, 4, 'TR_UC_APS_017_CHANGE_AUTHORIZATION_PASSWORD_DEFAULT_PASSWORDUSEDPREVIOUSLYBODY', '2025-04-08 01:00:28', '2025-04-08 01:00:28'),
(2655, 4, 'TR_UC_APS_017_CHANGE_AUTHORIZATION_PASSWORD_DEFAULT_PASSWORDUSEDPREVIOUSLYHEADER', '2025-04-08 01:00:28', '2025-04-08 01:00:28'),
(2656, 4, 'TR_UC_APS_017_CHANGE_AUTHORIZATION_PASSWORD_DEFAULT_AUTHPASSWORDSAMEHEADER', '2025-04-08 01:00:28', '2025-04-08 01:00:28'),
(2657, 4, 'TR_UC_APS_017_CHANGE_AUTHORIZATION_PASSWORD_DEFAULT_AUTHPASSWORDSAMEBODY', '2025-04-08 01:00:28', '2025-04-08 01:00:28'),
(2658, 4, 'TR_UC_APS_017_CHANGE_AUTHORIZATION_PASSWORD_DEFAULT_INVALIDAUTHZPASSWORDHEADER', '2025-04-08 01:00:28', '2025-04-08 01:00:28'),
(2659, 4, 'TR_UC_APS_017_CHANGE_AUTHORIZATION_PASSWORD_DEFAULT_INVALIDAUTHZPASSWORDBODY', '2025-04-08 01:00:28', '2025-04-08 01:00:28'),
(2660, 4, 'TR_SC_APS_040_CHANGE_AUTHORIZATION_PASSWORD_DEFAULT_SCREEN_TITLE', '2025-04-08 01:00:28', '2025-04-08 01:00:28'),
(2661, 4, 'TR_SC_APS_040_CHANGE_AUTHORIZATION_PASSWORD_DEFAULT_NEW_PASSWORD', '2025-04-08 01:00:28', '2025-04-08 01:00:28'),
(2662, 4, 'TR_SC_APS_040_CHANGE_AUTHORIZATION_PASSWORD_DEFAULT_CONFIRM_PASSWORD', '2025-04-08 01:00:28', '2025-04-08 01:00:28'),
(2663, 4, 'TR_SC_APS_040_CHANGE_AUTHORIZATION_PASSWORD_DEFAULT_PASSWORDDISCLAIMER', '2025-04-08 01:00:28', '2025-04-08 01:00:28'),
(2664, 4, 'TR_SC_APS_040_CHANGE_AUTHORIZATION_PASSWORD_DEFAULT_CONFIRM', '2025-04-08 01:00:28', '2025-04-08 01:00:28'),
(2665, 4, 'TR_SC_APS_040_CHANGE_AUTHORIZATION_PASSWORD_DEFAULT_PASSWORDMUSTMATCH', '2025-04-08 01:00:28', '2025-04-08 01:00:28'),
(2666, 4, 'TR_SC_APS_040_CHANGE_AUTHORIZATION_PASSWORD_DEFAULT_PASSWORDLENGTH', '2025-04-08 01:00:28', '2025-04-08 01:00:28'),
(2667, 4, 'TR_SC_APS_040_CHANGE_AUTHORIZATION_PASSWORD_DEFAULT_PASSOWRDCANTBESAME', '2025-04-08 01:00:28', '2025-04-08 01:00:28'),
(2668, 4, 'TR_SC_APS_040_CHANGE_AUTHORIZATION_PASSWORD_DEFAULT_PASSOWRDCASESENSITIVE', '2025-04-08 01:00:28', '2025-04-08 01:00:28'),
(2669, 4, 'TR_SC_APS_040_CHANGE_AUTHORIZATION_PASSWORD_DEFAULT_NOSPACEALLOWED', '2025-04-08 01:00:28', '2025-04-08 01:00:28'),
(2670, 4, 'TR_SC_APS_040_CHANGE_AUTHORIZATION_PASSWORD_DEFAULT_PASSWORDMUSNTMATCH', '2025-04-08 01:00:28', '2025-04-08 01:00:28'),
(2671, 4, 'TR_SC_APS_040_CHANGE_AUTHORIZATION_PASSWORD_DEFAULT_PASSWORDCONTAINCHARACHTER', '2025-04-08 01:00:28', '2025-04-08 01:00:28'),
(2672, 4, 'TR_SC_APS_040_CHANGE_AUTHORIZATION_PASSWORD_DEFAULT_PASSWORDFORMAT', '2025-04-08 01:00:28', '2025-04-08 01:00:28'),
(2673, 4, 'TR_UC_APS_025_CHANGE_LOGIN_PASSWORD_DEFAULT_GENERALERROR', '2025-04-08 01:00:28', '2025-04-08 01:00:28'),
(2674, 4, 'TR_UC_APS_025_CHANGE_LOGIN_PASSWORD_DEFAULT_PASSWORDUPDATEDHEADER', '2025-04-08 01:00:28', '2025-04-08 01:00:28'),
(2675, 4, 'TR_UC_APS_025_CHANGE_LOGIN_PASSWORD_DEFAULT_PASSWORDUPDATEDBODY', '2025-04-08 01:00:28', '2025-04-08 01:00:28'),
(2676, 4, 'TR_UC_APS_025_CHANGE_LOGIN_PASSWORD_DEFAULT_DONE', '2025-04-08 01:00:28', '2025-04-08 01:00:28'),
(2677, 4, 'TR_UC_APS_025_CHANGE_LOGIN_PASSWORD_DEFAULT_LGNPASSWORDINHISTORYHEADERBODY', '2025-04-08 01:00:28', '2025-04-08 01:00:28'),
(2678, 4, 'TR_UC_APS_025_CHANGE_LOGIN_PASSWORD_DEFAULT_LGNPASSWORDINHISTORYHEADER', '2025-04-08 01:00:28', '2025-04-08 01:00:28'),
(2679, 4, 'TR_UC_APS_025_CHANGE_LOGIN_PASSWORD_DEFAULT_LGNINVALIDCREDENTIALSBODY', '2025-04-08 01:00:28', '2025-04-08 01:00:28'),
(2680, 4, 'TR_UC_APS_025_CHANGE_LOGIN_PASSWORD_DEFAULT_LGNINVALIDCREDENTIALSHEADER', '2025-04-08 01:00:28', '2025-04-08 01:00:28'),
(2681, 4, 'TR_UC_APS_025_CHANGE_LOGIN_PASSWORD_DEFAULT_USERLOCKEDOUT_BODY', '2025-04-08 01:00:28', '2025-04-08 01:00:28'),
(2682, 4, 'TR_UC_APS_025_CHANGE_LOGIN_PASSWORD_DEFAULT_USERLOCKEDOUTHEADER', '2025-04-08 01:00:28', '2025-04-08 01:00:28'),
(2683, 4, 'TR_UC_APS_025_CHANGE_LOGIN_PASSWORD_DEFAULT_LGNPASSWORD_COMPLEXITYNOTMET_BODY', '2025-04-08 01:00:28', '2025-04-08 01:00:28'),
(2684, 4, 'TR_UC_APS_025_CHANGE_LOGIN_PASSWORD_DEFAULT_LGNPASSWORDCOMPLEXITYNOTMETHEADER', '2025-04-08 01:00:28', '2025-04-08 01:00:28'),
(2685, 4, 'TR_UC_APS_025_CHANGE_LOGIN_PASSWORD_DEFAULT_LGNPASSWORDMISMATCHBODY', '2025-04-08 01:00:28', '2025-04-08 01:00:28'),
(2686, 4, 'TR_UC_APS_025_CHANGE_LOGIN_PASSWORD_DEFAULT_LGNPASSWORDMISMATCHHEADER', '2025-04-08 01:00:28', '2025-04-08 01:00:28'),
(2687, 4, 'TR_SC_APS_045_AUTHENTICATION_METHODS_DEFAULT_SCREEN_TITLE', '2025-04-08 01:00:28', '2025-04-08 01:00:28'),
(2688, 4, 'TR_SC_APS_045_AUTHENTICATION_METHODS_DEFAULT_SECURE_YOUR_ACCOUNT', '2025-04-08 01:00:28', '2025-04-08 01:00:28'),
(2689, 4, 'TR_SC_APS_045_AUTHENTICATION_METHODS_DEFAULT_CHANGE_LOGIN_PASSWORD', '2025-04-08 01:00:28', '2025-04-08 01:00:28'),
(2690, 4, 'TR_SC_APS_045_AUTHENTICATION_METHODS_DEFAULT_FACE_I_D_AND_PATTERN', '2025-04-08 01:00:28', '2025-04-08 01:00:28'),
(2691, 4, 'TR_SC_APS_045_AUTHENTICATION_METHODS_DEFAULT_FACIALIDDIACLAMER', '2025-04-08 01:00:28', '2025-04-08 01:00:28'),
(2692, 4, 'TR_SC_APS_055_CHANGE_LOGIN_PASSWORD_DEFAULT_SCREEN_TITLE', '2025-04-08 01:00:28', '2025-04-08 01:00:28'),
(2693, 4, 'TR_SC_APS_055_CHANGE_LOGIN_PASSWORD_DEFAULT_CURRENT_PASSWORD', '2025-04-08 01:00:28', '2025-04-08 01:00:28'),
(2694, 4, 'TR_SC_APS_055_CHANGE_LOGIN_PASSWORD_DEFAULT_NEW_PASSWORD', '2025-04-08 01:00:28', '2025-04-08 01:00:28'),
(2695, 4, 'TR_SC_APS_055_CHANGE_LOGIN_PASSWORD_DEFAULT_CONFIRM_PASSWORD', '2025-04-08 01:00:28', '2025-04-08 01:00:28'),
(2696, 4, 'TR_SC_APS_055_CHANGE_LOGIN_PASSWORD_DEFAULT_PASSWORDDISCLAIMER', '2025-04-08 01:00:28', '2025-04-08 01:00:28'),
(2697, 4, 'TR_SC_APS_055_CHANGE_LOGIN_PASSWORD_DEFAULT_CONFIRM', '2025-04-08 01:00:28', '2025-04-08 01:00:28'),
(2698, 4, 'TR_SC_APS_055_CHANGE_LOGIN_PASSWORD_DEFAULT_PASSWORDMUSTMATCH', '2025-04-08 01:00:28', '2025-04-08 01:00:28'),
(2699, 4, 'TR_SC_APS_055_CHANGE_LOGIN_PASSWORD_DEFAULT_PASSWORDLENGTH', '2025-04-08 01:00:28', '2025-04-08 01:00:28'),
(2700, 4, 'TR_SC_APS_055_CHANGE_LOGIN_PASSWORD_DEFAULT_PASSOWRDCANTBESAME', '2025-04-08 01:00:28', '2025-04-08 01:00:28'),
(2701, 4, 'TR_SC_APS_055_CHANGE_LOGIN_PASSWORD_DEFAULT_PASSOWRDCASESENSITIVE', '2025-04-08 01:00:28', '2025-04-08 01:00:28'),
(2702, 4, 'TR_SC_APS_055_CHANGE_LOGIN_PASSWORD_DEFAULT_NOSPACEALLOWED', '2025-04-08 01:00:28', '2025-04-08 01:00:28'),
(2703, 4, 'TR_SC_APS_055_CHANGE_LOGIN_PASSWORD_DEFAULT_PASSWORDMUSNTMATCH', '2025-04-08 01:00:28', '2025-04-08 01:00:28'),
(2704, 4, 'TR_SC_APS_055_CHANGE_LOGIN_PASSWORD_DEFAULT_PASSWORDCONTAINCHARACHTER', '2025-04-08 01:00:28', '2025-04-08 01:00:28'),
(2705, 4, 'TR_SC_APS_055_CHANGE_LOGIN_PASSWORD_DEFAULT_PASSWORDFORMAT', '2025-04-08 01:00:28', '2025-04-08 01:00:28'),
(2706, 4, 'TR_UC_APS_030_FACE_ID_AND_PATTERN_DEFAULT_GENERALERROR', '2025-04-08 01:00:28', '2025-04-08 01:00:28'),
(2707, 4, 'TR_UC_APS_030_FACE_ID_AND_PATTERN_DEFAULT_ACTIVATIONFACEIDHEADER', '2025-04-08 01:00:28', '2025-04-08 01:00:28'),
(2708, 4, 'TR_UC_APS_030_FACE_ID_AND_PATTERN_DEFAULT_ACTIVATIONFACEIDBODY', '2025-04-08 01:00:28', '2025-04-08 01:00:28'),
(2709, 4, 'TR_UC_APS_030_FACE_ID_AND_PATTERN_DEFAULT_ACCEPT_AND_ACTIVATE', '2025-04-08 01:00:28', '2025-04-08 01:00:28'),
(2710, 4, 'TR_UC_APS_030_FACE_ID_AND_PATTERN_DEFAULT_CANCEL', '2025-04-08 01:00:28', '2025-04-08 01:00:28'),
(2711, 4, 'TR_UC_APS_030_FACE_ID_AND_PATTERN_DEFAULT_DEACTIVATIONFACEIDHEADER', '2025-04-08 01:00:28', '2025-04-08 01:00:28'),
(2712, 4, 'TR_UC_APS_030_FACE_ID_AND_PATTERN_DEFAULT_DEACTIVATIONFACEIDBODY', '2025-04-08 01:00:28', '2025-04-08 01:00:28'),
(2713, 4, 'TR_UC_APS_030_FACE_ID_AND_PATTERN_DEFAULT_SWITCH_OFF', '2025-04-08 01:00:29', '2025-04-08 01:00:29'),
(2714, 4, 'TR_UC_APS_030_FACE_ID_AND_PATTERN_DEFAULT_ACTIVATIONPATTERNHEADER', '2025-04-08 01:00:29', '2025-04-08 01:00:29'),
(2715, 4, 'TR_UC_APS_030_FACE_ID_AND_PATTERN_DEFAULT_ACTIVATIONPATTERNBODY', '2025-04-08 01:00:29', '2025-04-08 01:00:29'),
(2716, 4, 'TR_UC_APS_030_FACE_ID_AND_PATTERN_DEFAULT_DEACTIVATIONPATTERNHEADER', '2025-04-08 01:00:29', '2025-04-08 01:00:29'),
(2717, 4, 'TR_UC_APS_030_FACE_ID_AND_PATTERN_DEFAULT_DEACTIVATIONPATTERNBODY', '2025-04-08 01:00:29', '2025-04-08 01:00:29'),
(2718, 4, 'TR_UC_APS_030_FACE_ID_AND_PATTERN_DEFAULT_DEACTIVATIONTOUCHIDHEADER', '2025-04-08 01:00:29', '2025-04-08 01:00:29'),
(2719, 4, 'TR_UC_APS_030_FACE_ID_AND_PATTERN_DEFAULT_DEACTIVATIONTOUCHIDBODY', '2025-04-08 01:00:29', '2025-04-08 01:00:29'),
(2720, 4, 'TR_UC_APS_030_FACE_ID_AND_PATTERN_DEFAULT_ACTIVATIONTOUCHIDHEADER', '2025-04-08 01:00:29', '2025-04-08 01:00:29'),
(2721, 4, 'TR_UC_APS_030_FACE_ID_AND_PATTERN_DEFAULT_ACTIVATIONTOUCHIDBODY', '2025-04-08 01:00:29', '2025-04-08 01:00:29'),
(2722, 4, 'TR_SC_APS_060_FACE_ID_AND_PATTERN_ENABLED_DEFAULT_SCREEN_TITLE', '2025-04-08 01:00:29', '2025-04-08 01:00:29'),
(2723, 4, 'TR_SC_APS_060_FACE_ID_AND_PATTERN_ENABLED_DEFAULT_FACEIDPATTERNDISCLAIMER', '2025-04-08 01:00:29', '2025-04-08 01:00:29'),
(2724, 4, 'TR_SC_APS_060_FACE_ID_AND_PATTERN_ENABLED_DEFAULT_FACE_I_D', '2025-04-08 01:00:29', '2025-04-08 01:00:29'),
(2725, 4, 'TR_SC_APS_060_FACE_ID_AND_PATTERN_ENABLED_DEFAULT_FACEIDDISCLAIMER', '2025-04-08 01:00:29', '2025-04-08 01:00:29'),
(2726, 4, 'TR_SC_APS_060_FACE_ID_AND_PATTERN_ENABLED_DEFAULT_TOUCH_I_D', '2025-04-08 01:00:29', '2025-04-08 01:00:29'),
(2727, 4, 'TR_SC_APS_060_FACE_ID_AND_PATTERN_ENABLED_DEFAULT_TOUCHIDDISCLAIMER', '2025-04-08 01:00:29', '2025-04-08 01:00:29'),
(2728, 4, 'TR_SC_APS_060_FACE_ID_AND_PATTERN_ENABLED_DEFAULT_CLEAR', '2025-04-08 01:00:29', '2025-04-08 01:00:29'),
(2729, 4, 'TR_SC_APS_060_FACE_ID_AND_PATTERN_ENABLED_DEFAULT_NEXT', '2025-04-08 01:00:29', '2025-04-08 01:00:29'),
(2730, 4, 'TR_SC_APS_060_FACE_ID_AND_PATTERN_ENABLED_DEFAULT_INFORMATIONTEXTENABLED', '2025-04-08 01:00:29', '2025-04-08 01:00:29'),
(2731, 4, 'TR_SC_APS_060_FACE_ID_AND_PATTERN_ENABLED_DEFAULT_INFORMATIONTEXTDISABLED', '2025-04-08 01:00:29', '2025-04-08 01:00:29'),
(2732, 4, 'TR_SC_APS_060_FACE_ID_AND_PATTERN_ENABLED_DEFAULT_INFORMATIONTEXTDISABLEDENABLED', '2025-04-08 01:00:29', '2025-04-08 01:00:29'),
(2733, 4, 'TR_SC_APS_060_FACE_ID_AND_PATTERN_ENABLED_DEFAULT_INFORMATIONTEXTDRAWING', '2025-04-08 01:00:29', '2025-04-08 01:00:29'),
(2734, 4, 'TR_SC_APS_060_FACE_ID_AND_PATTERN_ENABLED_DEFAULT_INFORMATIONTEXTTOOSHORT', '2025-04-08 01:00:29', '2025-04-08 01:00:29'),
(2735, 4, 'TR_SC_APS_060_FACE_ID_AND_PATTERN_ENABLED_DEFAULT_INFORMATIONTEXTCONFIRM', '2025-04-08 01:00:29', '2025-04-08 01:00:29'),
(2736, 4, 'TR_SC_APS_060_FACE_ID_AND_PATTERN_ENABLED_DEFAULT_PATTERN', '2025-04-08 01:00:29', '2025-04-08 01:00:29'),
(2737, 4, 'TR_SC_APS_060_FACE_ID_AND_PATTERN_ENABLED_DEFAULT_PATTERN_DISCLAIMER', '2025-04-08 01:00:29', '2025-04-08 01:00:29'),
(2738, 4, 'TR_SC_APS_065_DEVICES_LIST_DEFAULT_SCREEN_TITLE', '2025-04-08 01:00:29', '2025-04-08 01:00:29'),
(2739, 4, 'TR_SC_APS_065_DEVICES_LIST_DEFAULT_PRIMARY_DEVICE', '2025-04-08 01:00:29', '2025-04-08 01:00:29'),
(2740, 4, 'TR_SC_APS_065_DEVICES_LIST_DEFAULT_REGISTERED_DEVICES', '2025-04-08 01:00:29', '2025-04-08 01:00:29'),
(2741, 4, 'TR_SC_APS_065_DEVICES_LIST_DEFAULT_I_D', '2025-04-08 01:00:29', '2025-04-08 01:00:29'),
(2742, 4, 'TR_SC_APS_065_DEVICES_LIST_DEFAULT_OTHER_DEVICES', '2025-04-08 01:00:29', '2025-04-08 01:00:29'),
(2743, 4, 'TR_SC_APS_065_DEVICES_LIST_DEFAULT_CHANGE_PRIMARY_DEVICE', '2025-04-08 01:00:29', '2025-04-08 01:00:29'),
(2744, 4, 'TR_SC_APS_065_DEVICES_LIST_DEFAULT_CHANGEPRIMARYDEVICE', '2025-04-08 01:00:29', '2025-04-08 01:00:29'),
(2745, 4, 'TR_SC_APS_065_DEVICES_LIST_DEFAULT_CONTINUE', '2025-04-08 01:00:29', '2025-04-08 01:00:29'),
(2746, 4, 'TR_SC_APS_067_DEVICES_ACTIVITY_LOG_SCREEN_DEFAULT_SCREEN_TITLE', '2025-04-08 01:00:29', '2025-04-08 01:00:29'),
(2747, 4, 'TR_SC_APS_067_DEVICES_ACTIVITY_LOG_SCREEN_DEFAULT_ACTIVITY', '2025-04-08 01:00:29', '2025-04-08 01:00:29'),
(2748, 4, 'TR_SC_APS_067_DEVICES_ACTIVITY_LOG_SCREEN_DEFAULT_TODAY', '2025-04-08 01:00:29', '2025-04-08 01:00:29'),
(2749, 4, 'TR_SC_APS_067_DEVICES_ACTIVITY_LOG_SCREEN_DEFAULT_TOMORROW', '2025-04-08 01:00:29', '2025-04-08 01:00:29'),
(2750, 4, 'TR_SC_APS_069_DEVICES_ACTIVITY_INFORMATION_SCREEN_DEFAULT_DEVICE_INFORMATION', '2025-04-08 01:00:29', '2025-04-08 01:00:29'),
(2751, 4, 'TR_SC_APS_069_DEVICES_ACTIVITY_INFORMATION_SCREEN_DEFAULT_DEVICE_NAME', '2025-04-08 01:00:29', '2025-04-08 01:00:29'),
(2752, 4, 'TR_SC_APS_069_DEVICES_ACTIVITY_INFORMATION_SCREEN_DEFAULT_I_D', '2025-04-08 01:00:29', '2025-04-08 01:00:29'),
(2753, 4, 'TR_SC_APS_069_DEVICES_ACTIVITY_INFORMATION_SCREEN_DEFAULT_LAST_SUCCESSFUL_LOGIN', '2025-04-08 01:00:29', '2025-04-08 01:00:29'),
(2754, 4, 'TR_SC_APS_069_DEVICES_ACTIVITY_INFORMATION_SCREEN_DEFAULT_ACTIVATION_DATE', '2025-04-08 01:00:29', '2025-04-08 01:00:29'),
(2755, 4, 'TR_SC_APS_069_DEVICES_ACTIVITY_INFORMATION_SCREEN_DEFAULT_LAST_AUTHORIZED_METHOD_UPDATE', '2025-04-08 01:00:29', '2025-04-08 01:00:29'),
(2756, 4, 'TR_SC_APS_069_DEVICES_ACTIVITY_INFORMATION_SCREEN_DEFAULT_LAST_LOGIN_PASSWORD_CHANGE', '2025-04-08 01:00:29', '2025-04-08 01:00:29'),
(2757, 4, 'TR_SC_APS_069_DEVICES_ACTIVITY_INFORMATION_SCREEN_DEFAULT_LAST_AUTHORIZATION_PASSWORD_CHANGE', '2025-04-08 01:00:29', '2025-04-08 01:00:29'),
(2758, 4, 'TR_UC_APS_045_DEACTIVATE_DEVICE_DEFAULT_DEACTIVATECURRENTCONFIRMATIONBODY', '2025-04-08 01:00:29', '2025-04-08 01:00:29'),
(2759, 4, 'TR_UC_APS_045_DEACTIVATE_DEVICE_DEFAULT_DEACTIVATIONSUCCESSHEADER', '2025-04-08 01:00:29', '2025-04-08 01:00:29'),
(2760, 4, 'TR_UC_APS_045_DEACTIVATE_DEVICE_DEFAULT_DEACTIVATEOTHERCONFIRMATIONHEADER', '2025-04-08 01:00:29', '2025-04-08 01:00:29'),
(2761, 4, 'TR_UC_APS_045_DEACTIVATE_DEVICE_DEFAULT_DEACTIVATECURRENTCONFIRMATIONHEADER', '2025-04-08 01:00:29', '2025-04-08 01:00:29'),
(2762, 4, 'TR_UC_APS_045_DEACTIVATE_DEVICE_DEFAULT_DEACTIVATIONSUCCESSBODY', '2025-04-08 01:00:29', '2025-04-08 01:00:29'),
(2763, 4, 'TR_UC_APS_045_DEACTIVATE_DEVICE_DEFAULT_DEACTIVATEOTHERCONFIRMATIONBODY', '2025-04-08 01:00:29', '2025-04-08 01:00:29'),
(2764, 4, 'TR_UC_APS_045_LOGOUT_DEFAULT_LOGOUTCONFIRMATIONBODY', '2025-04-08 01:00:29', '2025-04-08 01:00:29'),
(2765, 4, 'TR_UC_APS_045_LOGOUT_DEFAULT_LOGOUTCONFIRMATIONHEADER', '2025-04-08 01:00:29', '2025-04-08 01:00:29'),
(2766, 4, 'TR_UC_APS_045_LOGOUT_DEFAULT_YES_BUTTON', '2025-04-08 01:00:29', '2025-04-08 01:00:29'),
(2767, 4, 'TR_UC_APS_045_LOGOUT_DEFAULT_NO_BUTTON', '2025-04-08 01:00:29', '2025-04-08 01:00:29'),
(2768, 4, 'TR_UC_APS_045_LOGOUT_DEFAULT_SESSIONTIMEOUT', '2025-04-08 01:00:29', '2025-04-08 01:00:29'),
(2769, 4, 'TR_UC_APS_050_FORGOT_AUTHORIZATION_PASSWORD_DEFAULT_GENERALERROR', '2025-04-08 01:00:29', '2025-04-08 01:00:29'),
(2770, 4, 'TR_UC_APS_050_FORGOT_AUTHORIZATION_PASSWORD_DEFAULT_PASSWORDUPDATEDHEADER', '2025-04-08 01:00:29', '2025-04-08 01:00:29'),
(2771, 4, 'TR_UC_APS_050_FORGOT_AUTHORIZATION_PASSWORD_DEFAULT_PASSWORDUPDATEDBODY', '2025-04-08 01:00:29', '2025-04-08 01:00:29'),
(2772, 4, 'TR_UC_APS_050_FORGOT_AUTHORIZATION_PASSWORD_DEFAULT_DONE', '2025-04-08 01:00:29', '2025-04-08 01:00:29'),
(2773, 4, 'TR_SC_APS_070_AUTHORIZATION_PASSWORD_SETTINGS_DEFAULT_SCREEN_TITLE', '2025-04-08 01:00:29', '2025-04-08 01:00:29'),
(2774, 4, 'TR_SC_APS_070_AUTHORIZATION_PASSWORD_SETTINGS_DEFAULT_SECURE_YOUR_ACCOUNT', '2025-04-08 01:00:29', '2025-04-08 01:00:29'),
(2775, 4, 'TR_SC_APS_070_AUTHORIZATION_PASSWORD_SETTINGS_DEFAULT_CHANGE_AUTHORIZATION_PASSWORD', '2025-04-08 01:00:29', '2025-04-08 01:00:29'),
(2776, 4, 'TR_SC_APS_070_AUTHORIZATION_PASSWORD_SETTINGS_DEFAULT_FORGET_AUTHORIZATION_PASSWORD', '2025-04-08 01:00:29', '2025-04-08 01:00:29'),
(2777, 4, 'TR_SC_APS_075_FORGET_AUTHORIZATION_PASSWORD_DEFAULT_SCREEN_TITLE', '2025-04-08 01:00:29', '2025-04-08 01:00:29'),
(2778, 4, 'TR_SC_APS_075_FORGET_AUTHORIZATION_PASSWORD_DEFAULT_NEW_PASSWORD', '2025-04-08 01:00:29', '2025-04-08 01:00:29'),
(2779, 4, 'TR_SC_APS_075_FORGET_AUTHORIZATION_PASSWORD_DEFAULT_CONFIRM_PASSWORD', '2025-04-08 01:00:29', '2025-04-08 01:00:29'),
(2780, 4, 'TR_SC_APS_075_FORGET_AUTHORIZATION_PASSWORD_DEFAULT_PASSWORDDISCLAIMER', '2025-04-08 01:00:29', '2025-04-08 01:00:29'),
(2781, 4, 'TR_SC_APS_075_FORGET_AUTHORIZATION_PASSWORD_DEFAULT_CONFIRM', '2025-04-08 01:00:29', '2025-04-08 01:00:29'),
(2782, 4, 'TR_SC_APS_075_FORGET_AUTHORIZATION_PASSWORD_DEFAULT_PASSWORDMUSTMATCH', '2025-04-08 01:00:29', '2025-04-08 01:00:29'),
(2783, 4, 'TR_SC_APS_075_FORGET_AUTHORIZATION_PASSWORD_DEFAULT_PASSWORDLENGTH', '2025-04-08 01:00:29', '2025-04-08 01:00:29'),
(2784, 4, 'TR_SC_APS_075_FORGET_AUTHORIZATION_PASSWORD_DEFAULT_PASSOWRDCANTBESAME', '2025-04-08 01:00:29', '2025-04-08 01:00:29'),
(2785, 4, 'TR_SC_APS_075_FORGET_AUTHORIZATION_PASSWORD_DEFAULT_PASSOWRDCASESENSITIVE', '2025-04-08 01:00:29', '2025-04-08 01:00:29'),
(2786, 4, 'TR_SC_APS_075_FORGET_AUTHORIZATION_PASSWORD_DEFAULT_NOSPACEALLOWED', '2025-04-08 01:00:29', '2025-04-08 01:00:29'),
(2787, 4, 'TR_SC_APS_075_FORGET_AUTHORIZATION_PASSWORD_DEFAULT_PASSWORDMUSNTMATCH', '2025-04-08 01:00:29', '2025-04-08 01:00:29'),
(2788, 4, 'TR_SC_APS_075_FORGET_AUTHORIZATION_PASSWORD_DEFAULT_PASSWORDCONTAINCHARACHTER', '2025-04-08 01:00:29', '2025-04-08 01:00:29'),
(2789, 4, 'TR_SC_APS_075_FORGET_AUTHORIZATION_PASSWORD_DEFAULT_PASSWORDFORMAT', '2025-04-08 01:00:29', '2025-04-08 01:00:29');

-- --------------------------------------------------------

--
-- Table structure for table `roles`
--

CREATE TABLE `roles` (
  `id` bigint UNSIGNED NOT NULL,
  `name` varchar(255) COLLATE utf8mb4_unicode_ci NOT NULL,
  `guard_name` varchar(255) COLLATE utf8mb4_unicode_ci NOT NULL,
  `created_at` timestamp NULL DEFAULT NULL,
  `updated_at` timestamp NULL DEFAULT NULL
) ENGINE=InnoDB DEFAULT CHARSET=utf8mb4 COLLATE=utf8mb4_unicode_ci;

--
-- Dumping data for table `roles`
--

INSERT INTO `roles` (`id`, `name`, `guard_name`, `created_at`, `updated_at`) VALUES
(1, 'admin', 'web', '2025-04-07 03:04:20', '2025-04-07 03:04:20'),
(2, 'editor', 'web', '2025-04-07 03:04:20', '2025-04-07 03:04:20'),
(3, 'viewer', 'web', '2025-04-07 03:04:20', '2025-04-07 03:04:20');

-- --------------------------------------------------------

--
-- Table structure for table `role_has_permissions`
--

CREATE TABLE `role_has_permissions` (
  `permission_id` bigint UNSIGNED NOT NULL,
  `role_id` bigint UNSIGNED NOT NULL
) ENGINE=InnoDB DEFAULT CHARSET=utf8mb4 COLLATE=utf8mb4_unicode_ci;

--
-- Dumping data for table `role_has_permissions`
--

INSERT INTO `role_has_permissions` (`permission_id`, `role_id`) VALUES
(1, 1),
(2, 1),
(3, 1),
(4, 1),
(5, 1),
(6, 1),
(7, 1),
(3, 2),
(5, 2),
(6, 2),
(7, 2),
(5, 3);

-- --------------------------------------------------------

--
-- Table structure for table `sessions`
--

CREATE TABLE `sessions` (
  `id` varchar(255) COLLATE utf8mb4_unicode_ci NOT NULL,
  `user_id` bigint UNSIGNED DEFAULT NULL,
  `ip_address` varchar(45) COLLATE utf8mb4_unicode_ci DEFAULT NULL,
  `user_agent` text COLLATE utf8mb4_unicode_ci,
  `payload` longtext COLLATE utf8mb4_unicode_ci NOT NULL,
  `last_activity` int NOT NULL
) ENGINE=InnoDB DEFAULT CHARSET=utf8mb4 COLLATE=utf8mb4_unicode_ci;

--
-- Dumping data for table `sessions`
--

INSERT INTO `sessions` (`id`, `user_id`, `ip_address`, `user_agent`, `payload`, `last_activity`) VALUES
('j52nONMdMHoqsttSau4OhATmU0D3RuHdM3lWfTq1', 5, '::1', 'Mozilla/5.0 (Macintosh; Intel Mac OS X 10_15_7) AppleWebKit/537.36 (KHTML, like Gecko) Chrome/135.0.0.0 Safari/537.36', 'YTo1OntzOjY6Il90b2tlbiI7czo0MDoiazZ0NThSc3BRdHJ5MWk3UGQwWnVlRzNHOVRtaHI5ZHNYcUVyM1o4ViI7czo2OiJfZmxhc2giO2E6Mjp7czozOiJvbGQiO2E6MDp7fXM6MzoibmV3IjthOjA6e319czo5OiJfcHJldmlvdXMiO2E6MTp7czozOiJ1cmwiO3M6MzA6Imh0dHA6Ly9sb2NhbGhvc3Q6ODAwMC9wcm9qZWN0cyI7fXM6MzoidXJsIjthOjA6e31zOjUwOiJsb2dpbl93ZWJfNTliYTM2YWRkYzJiMmY5NDAxNTgwZjAxNGM3ZjU4ZWE0ZTMwOTg5ZCI7aTo1O30=', 1744110303),
('W4XBOLMBZzcikLUtMAnMYMf0K1YLoARQQ4ZxYJFf', 5, '::1', 'Mozilla/5.0 (Macintosh; Intel Mac OS X 10_15_7) AppleWebKit/537.36 (KHTML, like Gecko) Chrome/135.0.0.0 Safari/537.36', 'YTo1OntzOjY6Il90b2tlbiI7czo0MDoiSGk2N29qU0d1b2h6VWwxb3AwSFFRT0dQZFlkbTk4cFRkcFhZN1JZWiI7czo2OiJfZmxhc2giO2E6Mjp7czozOiJvbGQiO2E6MDp7fXM6MzoibmV3IjthOjA6e319czo5OiJfcHJldmlvdXMiO2E6MTp7czozOiJ1cmwiO3M6Mzg6Imh0dHA6Ly9sb2NhbGhvc3Q6ODAwMC9leHBvcnQvYW5kcm9pZC80Ijt9czozOiJ1cmwiO2E6MDp7fXM6NTA6ImxvZ2luX3dlYl81OWJhMzZhZGRjMmIyZjk0MDE1ODBmMDE0YzdmNThlYTRlMzA5ODlkIjtpOjU7fQ==', 1744034093),
('zChOO5yRpvd6MNjpT6iyuB32fOzglRg0YtyfdvnR', NULL, '::1', 'Mozilla/5.0 (Macintosh; Intel Mac OS X 10_15_7) AppleWebKit/537.36 (KHTML, like Gecko) Chrome/135.0.0.0 Safari/537.36', 'YTo0OntzOjY6Il90b2tlbiI7czo0MDoiZUZ4RHlIM0RteThZaHlhMXV5SkswNk0yWERkcnBwMU1LUWN6ZkEzWiI7czo2OiJfZmxhc2giO2E6Mjp7czozOiJvbGQiO2E6MDp7fXM6MzoibmV3IjthOjA6e319czo5OiJfcHJldmlvdXMiO2E6MTp7czozOiJ1cmwiO3M6Mjc6Imh0dHA6Ly9sb2NhbGhvc3Q6ODAwMC9sb2dpbiI7fXM6MzoidXJsIjthOjE6e3M6ODoiaW50ZW5kZWQiO3M6MzA6Imh0dHA6Ly9sb2NhbGhvc3Q6ODAwMC9wcm9qZWN0cyI7fX0=', 1744089692);

-- --------------------------------------------------------

--
-- Table structure for table `translations`
--

CREATE TABLE `translations` (
  `id` bigint UNSIGNED NOT NULL,
  `resource_id` bigint UNSIGNED NOT NULL,
  `language_code` varchar(255) COLLATE utf8mb4_unicode_ci NOT NULL,
  `value` text COLLATE utf8mb4_unicode_ci NOT NULL,
  `created_at` timestamp NULL DEFAULT NULL,
  `updated_at` timestamp NULL DEFAULT NULL
) ENGINE=InnoDB DEFAULT CHARSET=utf8mb4 COLLATE=utf8mb4_unicode_ci;

--
-- Dumping data for table `translations`
--

INSERT INTO `translations` (`id`, `resource_id`, `language_code`, `value`, `created_at`, `updated_at`) VALUES
(4969, 1691, 'en', 'Arabi Pass settings', '2025-04-07 03:14:09', '2025-04-07 03:14:09'),
(4970, 1691, 'fr', '-', '2025-04-07 03:14:09', '2025-04-07 03:14:09'),
(4971, 1691, 'ar', 'إعدادات العربي باس', '2025-04-07 03:14:09', '2025-04-07 03:14:09'),
(4972, 1692, 'en', 'Secure your account', '2025-04-07 03:14:09', '2025-04-07 03:14:09'),
(4973, 1692, 'fr', '-', '2025-04-07 03:14:09', '2025-04-07 03:14:09'),
(4974, 1692, 'ar', 'تأمين حسابك', '2025-04-07 03:14:09', '2025-04-07 03:14:09'),
(4975, 1693, 'en', 'Login Methods', '2025-04-07 03:14:09', '2025-04-07 03:14:09'),
(4976, 1693, 'fr', '-', '2025-04-07 03:14:09', '2025-04-07 03:14:09'),
(4977, 1693, 'ar', 'طرق تسجيل الدخول', '2025-04-07 03:14:09', '2025-04-07 03:14:09'),
(4978, 1694, 'en', 'Authorization  Methods', '2025-04-07 03:14:09', '2025-04-07 03:14:09'),
(4979, 1694, 'fr', '-', '2025-04-07 03:14:09', '2025-04-07 03:14:09'),
(4980, 1694, 'ar', 'طرق التفويض', '2025-04-07 03:14:09', '2025-04-07 03:14:09'),
(4981, 1695, 'en', 'General Settings', '2025-04-07 03:14:09', '2025-04-07 03:14:09'),
(4982, 1695, 'fr', '-', '2025-04-07 03:14:09', '2025-04-07 03:14:09'),
(4983, 1696, 'en', 'Manage Devices', '2025-04-07 03:14:09', '2025-04-07 03:14:09'),
(4984, 1696, 'fr', '-', '2025-04-07 03:14:09', '2025-04-07 03:14:09'),
(4985, 1696, 'ar', 'التحكم الأجهزة', '2025-04-07 03:14:09', '2025-04-07 03:14:09'),
(4986, 1697, 'en', 'Manage your registered devices and view activity', '2025-04-07 03:14:09', '2025-04-07 03:14:09'),
(4987, 1697, 'fr', '-', '2025-04-07 03:14:09', '2025-04-07 03:14:09'),
(4988, 1697, 'ar', 'إدارة أجهزتك المسجلة وعرض النشاط', '2025-04-07 03:14:09', '2025-04-07 03:14:09'),
(4989, 1698, 'en', 'Manage joint accounts', '2025-04-07 03:14:09', '2025-04-07 03:14:09'),
(4990, 1698, 'fr', '-', '2025-04-07 03:14:09', '2025-04-07 03:14:09'),
(4991, 1699, 'en', 'TODO_BANK', '2025-04-07 03:14:09', '2025-04-07 03:14:09'),
(4992, 1699, 'fr', '-', '2025-04-07 03:14:09', '2025-04-07 03:14:09'),
(4993, 1699, 'ar', 'TODO_BANK', '2025-04-07 03:14:09', '2025-04-07 03:14:09'),
(4994, 1700, 'en', 'TODO_BANK', '2025-04-07 03:14:09', '2025-04-07 03:14:09'),
(4995, 1700, 'fr', '-', '2025-04-07 03:14:09', '2025-04-07 03:14:09'),
(4996, 1700, 'ar', 'TODO_BANK', '2025-04-07 03:14:09', '2025-04-07 03:14:09'),
(4997, 1701, 'en', 'TODO_BANK', '2025-04-07 03:14:09', '2025-04-07 03:14:09'),
(4998, 1701, 'fr', '-', '2025-04-07 03:14:09', '2025-04-07 03:14:09'),
(4999, 1701, 'ar', 'TODO_BANK', '2025-04-07 03:14:09', '2025-04-07 03:14:09'),
(5000, 1702, 'en', 'TODO_BANK', '2025-04-07 03:14:09', '2025-04-07 03:14:09'),
(5001, 1702, 'fr', '-', '2025-04-07 03:14:09', '2025-04-07 03:14:09'),
(5002, 1702, 'ar', 'TODO_BANK', '2025-04-07 03:14:09', '2025-04-07 03:14:09'),
(5003, 1703, 'en', 'Sorry, your request cannot be processed due to technical reasons. For any assistance please call our customer care center', '2025-04-07 03:14:09', '2025-04-07 03:14:09'),
(5004, 1703, 'fr', '-', '2025-04-07 03:14:09', '2025-04-07 03:14:09'),
(5005, 1703, 'ar', 'نأسف لا يمكن تنفيذ طلبك الآن و ذلك لأسباب فنية. للمزيد من المساعدة يرجى الاتصال بمركز خدمة العملاء', '2025-04-07 03:14:09', '2025-04-07 03:14:09'),
(5006, 1704, 'en', 'Done', '2025-04-07 03:14:09', '2025-04-07 03:14:09'),
(5007, 1704, 'fr', '-', '2025-04-07 03:14:09', '2025-04-07 03:14:09'),
(5008, 1704, 'ar', 'تم', '2025-04-07 03:14:09', '2025-04-07 03:14:09'),
(5009, 1705, 'en', 'Suspended', '2025-04-07 03:14:09', '2025-04-07 03:14:09'),
(5010, 1705, 'fr', '-', '2025-04-07 03:14:09', '2025-04-07 03:14:09'),
(5011, 1705, 'ar', 'تم ايقاف الخدمة', '2025-04-07 03:14:09', '2025-04-07 03:14:09'),
(5012, 1706, 'en', 'Your account has been suspended', '2025-04-07 03:14:09', '2025-04-07 03:14:09'),
(5013, 1706, 'fr', '-', '2025-04-07 03:14:09', '2025-04-07 03:14:09'),
(5014, 1706, 'ar', 'تم إيقاف خدمة الخصائص الحيوية', '2025-04-07 03:14:09', '2025-04-07 03:14:09'),
(5015, 1707, 'en', 'Arabi Pass settings', '2025-04-07 03:14:09', '2025-04-07 03:14:09'),
(5016, 1707, 'fr', '-', '2025-04-07 03:14:09', '2025-04-07 03:14:09'),
(5017, 1707, 'ar', 'إعدادات العربي باس', '2025-04-07 03:14:09', '2025-04-07 03:14:09'),
(5018, 1708, 'en', 'Secure your account', '2025-04-07 03:14:09', '2025-04-07 03:14:09'),
(5019, 1708, 'fr', '-', '2025-04-07 03:14:09', '2025-04-07 03:14:09'),
(5020, 1708, 'ar', 'تأمين حسابك', '2025-04-07 03:14:09', '2025-04-07 03:14:09'),
(5021, 1709, 'en', 'Set authorization methods', '2025-04-07 03:14:09', '2025-04-07 03:14:09'),
(5022, 1709, 'fr', '-', '2025-04-07 03:14:09', '2025-04-07 03:14:09'),
(5023, 1709, 'ar', 'ضبط طرق التفويض', '2025-04-07 03:14:09', '2025-04-07 03:14:09'),
(5024, 1710, 'en', 'Facial biometrics', '2025-04-07 03:14:09', '2025-04-07 03:14:09'),
(5025, 1710, 'fr', '-', '2025-04-07 03:14:09', '2025-04-07 03:14:09'),
(5026, 1710, 'ar', 'القياسات الحيوية للوجه', '2025-04-07 03:14:09', '2025-04-07 03:14:09'),
(5027, 1711, 'en', 'Arabi token', '2025-04-07 03:14:09', '2025-04-07 03:14:09'),
(5028, 1711, 'fr', '-', '2025-04-07 03:14:09', '2025-04-07 03:14:09'),
(5029, 1711, 'ar', 'رمز عربي', '2025-04-07 03:14:09', '2025-04-07 03:14:09'),
(5030, 1712, 'en', 'Authorization password', '2025-04-07 03:14:10', '2025-04-07 03:14:10'),
(5031, 1712, 'fr', '-', '2025-04-07 03:14:10', '2025-04-07 03:14:10'),
(5032, 1712, 'ar', 'كلمة السر الخاصة بالتفويض', '2025-04-07 03:14:10', '2025-04-07 03:14:10'),
(5033, 1713, 'en', 'Set Authorization Method', '2025-04-07 03:14:10', '2025-04-07 03:14:10'),
(5034, 1713, 'fr', '-', '2025-04-07 03:14:10', '2025-04-07 03:14:10'),
(5035, 1713, 'ar', 'ضبط طرق التفويض', '2025-04-07 03:14:10', '2025-04-07 03:14:10'),
(5036, 1714, 'en', 'Facial Biometrics', '2025-04-07 03:14:10', '2025-04-07 03:14:10'),
(5037, 1714, 'fr', '-', '2025-04-07 03:14:10', '2025-04-07 03:14:10'),
(5038, 1714, 'ar', 'القياسات الحيوية للوجه', '2025-04-07 03:14:10', '2025-04-07 03:14:10'),
(5039, 1715, 'en', 'Arabi Token', '2025-04-07 03:14:10', '2025-04-07 03:14:10'),
(5040, 1715, 'fr', '-', '2025-04-07 03:14:10', '2025-04-07 03:14:10'),
(5041, 1715, 'ar', 'رمز عربي', '2025-04-07 03:14:10', '2025-04-07 03:14:10'),
(5042, 1716, 'en', 'Authorization Password', '2025-04-07 03:14:10', '2025-04-07 03:14:10'),
(5043, 1716, 'fr', '-', '2025-04-07 03:14:10', '2025-04-07 03:14:10'),
(5044, 1716, 'ar', 'كلمة السر الخاصة بالتفويض', '2025-04-07 03:14:10', '2025-04-07 03:14:10'),
(5045, 1717, 'en', 'Continue', '2025-04-07 03:14:10', '2025-04-07 03:14:10'),
(5046, 1717, 'fr', '-', '2025-04-07 03:14:10', '2025-04-07 03:14:10'),
(5047, 1717, 'ar', 'التالي', '2025-04-07 03:14:10', '2025-04-07 03:14:10'),
(5048, 1718, 'en', 'Authorization method updated', '2025-04-07 03:14:10', '2025-04-07 03:14:10'),
(5049, 1718, 'fr', '-', '2025-04-07 03:14:10', '2025-04-07 03:14:10'),
(5050, 1718, 'ar', 'تم تحديث طريقة التفويض', '2025-04-07 03:14:10', '2025-04-07 03:14:10'),
(5051, 1719, 'en', '(The selected method) has been set as your authorization method sucessfully', '2025-04-07 03:14:10', '2025-04-07 03:14:10'),
(5052, 1719, 'fr', '-', '2025-04-07 03:14:10', '2025-04-07 03:14:10'),
(5053, 1719, 'ar', 'تم تعيين (الطريقة المحددة) كطريقة التفويض الخاصة بك بنجاح', '2025-04-07 03:14:10', '2025-04-07 03:14:10'),
(5054, 1720, 'en', 'Sorry, your request cannot be processed due to technical reasons. For any assistance please call our customer care center', '2025-04-07 03:14:10', '2025-04-07 03:14:10'),
(5055, 1720, 'fr', '-', '2025-04-07 03:14:10', '2025-04-07 03:14:10'),
(5056, 1720, 'ar', 'نأسف لا يمكن تنفيذ طلبك الآن و ذلك لأسباب فنية. للمزيد من المساعدة يرجى الاتصال بمركز خدمة العملاء', '2025-04-07 03:14:10', '2025-04-07 03:14:10'),
(5057, 1721, 'en', 'Sorry, your request cannot be processed due to technical reasons. For any assistance please call our customer care center', '2025-04-07 03:14:10', '2025-04-07 03:14:10'),
(5058, 1721, 'fr', '-', '2025-04-07 03:14:10', '2025-04-07 03:14:10'),
(5059, 1721, 'ar', 'نأسف لا يمكن تنفيذ طلبك الآن و ذلك لأسباب فنية. للمزيد من المساعدة يرجى الاتصال بمركز خدمة العملاء', '2025-04-07 03:14:10', '2025-04-07 03:14:10'),
(5060, 1722, 'en', 'cancel', '2025-04-07 03:14:10', '2025-04-07 03:14:10'),
(5061, 1722, 'fr', '-', '2025-04-07 03:14:10', '2025-04-07 03:14:10'),
(5062, 1722, 'ar', 'الغاء', '2025-04-07 03:14:10', '2025-04-07 03:14:10'),
(5063, 1723, 'en', 'Proceed', '2025-04-07 03:14:10', '2025-04-07 03:14:10'),
(5064, 1723, 'fr', '-', '2025-04-07 03:14:10', '2025-04-07 03:14:10'),
(5065, 1723, 'ar', 'تابع', '2025-04-07 03:14:10', '2025-04-07 03:14:10'),
(5066, 1724, 'en', 'You don’t have any active methods', '2025-04-07 03:14:10', '2025-04-07 03:14:10'),
(5067, 1724, 'fr', '-', '2025-04-07 03:14:10', '2025-04-07 03:14:10'),
(5068, 1724, 'ar', 'ليس لديك أي أساليب نشطة', '2025-04-07 03:14:10', '2025-04-07 03:14:10'),
(5069, 1725, 'en', 'Activate a method', '2025-04-07 03:14:10', '2025-04-07 03:14:10'),
(5070, 1725, 'fr', '-', '2025-04-07 03:14:10', '2025-04-07 03:14:10'),
(5071, 1725, 'ar', 'تفعيل طريقة', '2025-04-07 03:14:10', '2025-04-07 03:14:10'),
(5072, 1726, 'en', 'TODO_BANK', '2025-04-07 03:14:10', '2025-04-07 03:14:10'),
(5073, 1726, 'fr', '-', '2025-04-07 03:14:10', '2025-04-07 03:14:10'),
(5074, 1726, 'ar', 'TODO_BANK', '2025-04-07 03:14:10', '2025-04-07 03:14:10'),
(5075, 1727, 'en', 'TODO_BANK', '2025-04-07 03:14:10', '2025-04-07 03:14:10'),
(5076, 1727, 'fr', '-', '2025-04-07 03:14:10', '2025-04-07 03:14:10'),
(5077, 1727, 'ar', 'TODO_BANK', '2025-04-07 03:14:10', '2025-04-07 03:14:10'),
(5078, 1728, 'en', 'verify your identity', '2025-04-07 03:14:10', '2025-04-07 03:14:10'),
(5079, 1728, 'fr', '-', '2025-04-07 03:14:10', '2025-04-07 03:14:10'),
(5080, 1728, 'ar', 'التحقق من هويتك', '2025-04-07 03:14:10', '2025-04-07 03:14:10'),
(5081, 1729, 'en', 'Selfie time!', '2025-04-07 03:14:10', '2025-04-07 03:14:10'),
(5082, 1729, 'fr', '-', '2025-04-07 03:14:10', '2025-04-07 03:14:10'),
(5083, 1730, 'en', 'To make sure your photo passes our ID verification please follow these guidelines:', '2025-04-07 03:14:10', '2025-04-07 03:14:10'),
(5084, 1730, 'fr', '-', '2025-04-07 03:14:10', '2025-04-07 03:14:10'),
(5085, 1730, 'ar', 'لتأكد من اجتياز صورتك للتحقق من الهوية، يرجى اتباع الإرشادات التالية:', '2025-04-07 03:14:10', '2025-04-07 03:14:10'),
(5086, 1731, 'en', 'Good Lighting', '2025-04-07 03:14:10', '2025-04-07 03:14:10'),
(5087, 1731, 'fr', '-', '2025-04-07 03:14:10', '2025-04-07 03:14:10'),
(5088, 1731, 'ar', 'إضاءة جيدة', '2025-04-07 03:14:10', '2025-04-07 03:14:10'),
(5089, 1732, 'en', 'Make sure you are in a well-lit area without glare or extreme lighting', '2025-04-07 03:14:10', '2025-04-07 03:14:10'),
(5090, 1732, 'fr', '-', '2025-04-07 03:14:10', '2025-04-07 03:14:10'),
(5091, 1732, 'ar', 'تأكد من أنك في منطقة مضاءة جيدًا دون وهج أو إضاءة شديدة', '2025-04-07 03:14:10', '2025-04-07 03:14:10'),
(5092, 1733, 'en', 'Look straight', '2025-04-07 03:14:10', '2025-04-07 03:14:10'),
(5093, 1733, 'fr', '-', '2025-04-07 03:14:10', '2025-04-07 03:14:10'),
(5094, 1733, 'ar', 'انظر بشكل مستقيم', '2025-04-07 03:14:10', '2025-04-07 03:14:10'),
(5095, 1734, 'en', 'Hold your phone at eye level and look straight into the camera', '2025-04-07 03:14:10', '2025-04-07 03:14:10'),
(5096, 1734, 'fr', '-', '2025-04-07 03:14:10', '2025-04-07 03:14:10'),
(5097, 1734, 'ar', 'أمسك هاتفك على مستوى العين وانظر مباشرة إلى الكاميرا', '2025-04-07 03:14:10', '2025-04-07 03:14:10'),
(5098, 1735, 'en', 'Hold steady', '2025-04-07 03:14:10', '2025-04-07 03:14:10'),
(5099, 1735, 'fr', '-', '2025-04-07 03:14:10', '2025-04-07 03:14:10'),
(5100, 1736, 'en', 'Make sure not to move your phone', '2025-04-07 03:14:10', '2025-04-07 03:14:10'),
(5101, 1736, 'fr', '-', '2025-04-07 03:14:10', '2025-04-07 03:14:10'),
(5102, 1736, 'ar', 'تأكد من عدم تحريك هاتفك', '2025-04-07 03:14:10', '2025-04-07 03:14:10'),
(5103, 1737, 'en', 'Please consider', '2025-04-07 03:14:10', '2025-04-07 03:14:10'),
(5104, 1737, 'fr', '-', '2025-04-07 03:14:10', '2025-04-07 03:14:10'),
(5105, 1737, 'ar', 'يرجى الأخذ بعين الاعتبار', '2025-04-07 03:14:10', '2025-04-07 03:14:10'),
(5106, 1738, 'en', 'Neutral expression, no smiling, no glasses', '2025-04-07 03:14:10', '2025-04-07 03:14:10'),
(5107, 1738, 'fr', '-', '2025-04-07 03:14:10', '2025-04-07 03:14:10'),
(5108, 1738, 'ar', 'تعبير محايد، لا ابتسامة ولا نظارات', '2025-04-07 03:14:10', '2025-04-07 03:14:10'),
(5109, 1739, 'en', 'Your photo will be reviewed', '2025-04-07 03:14:10', '2025-04-07 03:14:10'),
(5110, 1739, 'fr', '-', '2025-04-07 03:14:10', '2025-04-07 03:14:10'),
(5111, 1739, 'ar', 'سيتم مراجعة صورتك', '2025-04-07 03:14:10', '2025-04-07 03:14:10'),
(5112, 1740, 'en', 'We will review your photo to verify your identity', '2025-04-07 03:14:10', '2025-04-07 03:14:10'),
(5113, 1740, 'fr', '-', '2025-04-07 03:14:10', '2025-04-07 03:14:10'),
(5114, 1740, 'ar', 'سنراجع صورتك للتحقق من هويتك', '2025-04-07 03:14:10', '2025-04-07 03:14:10'),
(5115, 1741, 'en', 'Take my selfie', '2025-04-07 03:14:10', '2025-04-07 03:14:10'),
(5116, 1741, 'fr', '-', '2025-04-07 03:14:10', '2025-04-07 03:14:10'),
(5117, 1741, 'ar', 'اخذ صورتي الشخصية', '2025-04-07 03:14:10', '2025-04-07 03:14:10'),
(5118, 1742, 'en', 'Face ID', '2025-04-07 03:14:10', '2025-04-07 03:14:10'),
(5119, 1742, 'fr', '-', '2025-04-07 03:14:10', '2025-04-07 03:14:10'),
(5120, 1743, 'en', 'Position your face', '2025-04-07 03:14:10', '2025-04-07 03:14:10'),
(5121, 1743, 'fr', '-', '2025-04-07 03:14:10', '2025-04-07 03:14:10'),
(5122, 1743, 'ar', 'ضع وجهك', '2025-04-07 03:14:10', '2025-04-07 03:14:10'),
(5123, 1744, 'en', 'Verify your identity', '2025-04-07 03:14:10', '2025-04-07 03:14:10'),
(5124, 1744, 'fr', '-', '2025-04-07 03:14:10', '2025-04-07 03:14:10'),
(5125, 1744, 'ar', 'التحقق من هويتك', '2025-04-07 03:14:10', '2025-04-07 03:14:10'),
(5126, 1745, 'en', 'It will only take seconds', '2025-04-07 03:14:10', '2025-04-07 03:14:10'),
(5127, 1745, 'fr', '-', '2025-04-07 03:14:10', '2025-04-07 03:14:10'),
(5128, 1745, 'ar', 'سوف يستغرق ثواني فقط', '2025-04-07 03:14:10', '2025-04-07 03:14:10'),
(5129, 1746, 'en', 'Submit photo', '2025-04-07 03:14:10', '2025-04-07 03:14:10'),
(5130, 1746, 'fr', '-', '2025-04-07 03:14:10', '2025-04-07 03:14:10'),
(5131, 1746, 'ar', 'إرسال الصورة', '2025-04-07 03:14:10', '2025-04-07 03:14:10'),
(5132, 1747, 'en', 'Retake', '2025-04-07 03:14:10', '2025-04-07 03:14:10'),
(5133, 1747, 'fr', '-', '2025-04-07 03:14:10', '2025-04-07 03:14:10'),
(5134, 1747, 'ar', 'إعادة الالتقاط', '2025-04-07 03:14:10', '2025-04-07 03:14:10'),
(5135, 1748, 'en', 'Authorization password', '2025-04-07 03:14:10', '2025-04-07 03:14:10'),
(5136, 1748, 'fr', '-', '2025-04-07 03:14:10', '2025-04-07 03:14:10'),
(5137, 1748, 'ar', 'كلمة السر الخاصة بالتفويض', '2025-04-07 03:14:10', '2025-04-07 03:14:10'),
(5138, 1749, 'en', 'Secure your account', '2025-04-07 03:14:10', '2025-04-07 03:14:10'),
(5139, 1749, 'fr', '-', '2025-04-07 03:14:10', '2025-04-07 03:14:10'),
(5140, 1749, 'ar', 'تأمين حسابك', '2025-04-07 03:14:10', '2025-04-07 03:14:10'),
(5141, 1750, 'en', 'New password', '2025-04-07 03:14:10', '2025-04-07 03:14:10'),
(5142, 1750, 'fr', '-', '2025-04-07 03:14:10', '2025-04-07 03:14:10'),
(5143, 1750, 'ar', 'كلمة المرور الجديدة', '2025-04-07 03:14:10', '2025-04-07 03:14:10'),
(5144, 1751, 'en', 'Confirm Password', '2025-04-07 03:14:10', '2025-04-07 03:14:10'),
(5145, 1751, 'fr', '-', '2025-04-07 03:14:10', '2025-04-07 03:14:10'),
(5146, 1751, 'ar', 'تأكيد كلمة المرور', '2025-04-07 03:14:10', '2025-04-07 03:14:10'),
(5147, 1752, 'en', 'Please enter your password', '2025-04-07 03:14:10', '2025-04-07 03:14:10'),
(5148, 1752, 'fr', '-', '2025-04-07 03:14:10', '2025-04-07 03:14:10'),
(5149, 1752, 'ar', 'الرجاء إدخال كلمة المرور الخاصة بك', '2025-04-07 03:14:10', '2025-04-07 03:14:10'),
(5150, 1753, 'en', 'Continue', '2025-04-07 03:14:10', '2025-04-07 03:14:10'),
(5151, 1753, 'fr', '-', '2025-04-07 03:14:10', '2025-04-07 03:14:10'),
(5152, 1753, 'ar', 'التالي', '2025-04-07 03:14:10', '2025-04-07 03:14:10'),
(5153, 1754, 'en', 'Password and re-enter password must match', '2025-04-07 03:14:10', '2025-04-07 03:14:10'),
(5154, 1754, 'fr', '-', '2025-04-07 03:14:10', '2025-04-07 03:14:10'),
(5155, 1755, 'en', 'Password must be at least 8 characters long with a maximum of 20 characters.', '2025-04-07 03:14:10', '2025-04-07 03:14:10'),
(5156, 1755, 'fr', '-', '2025-04-07 03:14:10', '2025-04-07 03:14:10'),
(5157, 1755, 'ar', 'طول كلمة السر من 8 إلى 16 خانة.', '2025-04-07 03:14:10', '2025-04-07 03:14:10'),
(5158, 1756, 'en', 'Password cannot be the same as previous 3 passwords', '2025-04-07 03:14:10', '2025-04-07 03:14:10'),
(5159, 1756, 'fr', '-', '2025-04-07 03:14:10', '2025-04-07 03:14:10'),
(5160, 1756, 'ar', 'لا يمكن أن تكون كلمة المرور مماثلة لكلمات المرور الثلاثة السابقة', '2025-04-07 03:14:10', '2025-04-07 03:14:10'),
(5161, 1757, 'en', 'Password is case sensitive', '2025-04-07 03:14:10', '2025-04-07 03:14:10'),
(5162, 1757, 'fr', '-', '2025-04-07 03:14:10', '2025-04-07 03:14:10'),
(5163, 1757, 'ar', 'كلمة المرور حساسة لحالة الأحرف', '2025-04-07 03:14:10', '2025-04-07 03:14:10'),
(5164, 1758, 'en', 'Password should not contain any space', '2025-04-07 03:14:10', '2025-04-07 03:14:10'),
(5165, 1758, 'fr', '-', '2025-04-07 03:14:10', '2025-04-07 03:14:10'),
(5166, 1758, 'ar', 'يجب ألا تحتوي كلمة المرور على أي مسافة', '2025-04-07 03:14:10', '2025-04-07 03:14:10'),
(5167, 1759, 'en', 'Password should be different from the username', '2025-04-07 03:14:10', '2025-04-07 03:14:10'),
(5168, 1759, 'fr', '-', '2025-04-07 03:14:10', '2025-04-07 03:14:10'),
(5169, 1759, 'ar', 'يجب أن تكون كلمة المرور مختلفة عن اسم المستخدم', '2025-04-07 03:14:10', '2025-04-07 03:14:10'),
(5170, 1760, 'en', 'Password must contain any of the following special characters (! $ % &amp; ( ) * + , - . / @ := ?).', '2025-04-07 03:14:10', '2025-04-07 03:14:10'),
(5171, 1760, 'fr', '-', '2025-04-07 03:14:10', '2025-04-07 03:14:10'),
(5172, 1760, 'ar', 'يجب لكلمة السر أن تحتوي على واحد من الحروف الخاصة التالية (! $ % &amp; ( ) * + , - . / @ : = ?)..', '2025-04-07 03:14:10', '2025-04-07 03:14:10'),
(5173, 1761, 'en', 'Password should have at least one number, one letter, one capital letter and one special character among (!@#$ &amp; -_ .?)', '2025-04-07 03:14:10', '2025-04-07 03:14:10'),
(5174, 1761, 'fr', '-', '2025-04-07 03:14:10', '2025-04-07 03:14:10'),
(5175, 1761, 'ar', 'يجب أن تحتوي كلمة المرور على رقم واحد وحرف واحد وحرف كبير وحرف خاص واحد على الأقل بين (!@#$ &amp; -_ .?)', '2025-04-07 03:14:10', '2025-04-07 03:14:10'),
(5176, 1762, 'en', 'TODO_BANK', '2025-04-07 03:14:10', '2025-04-07 03:14:10'),
(5177, 1762, 'fr', '-', '2025-04-07 03:14:10', '2025-04-07 03:14:10'),
(5178, 1762, 'ar', 'TODO_BANK', '2025-04-07 03:14:10', '2025-04-07 03:14:10'),
(5179, 1763, 'en', 'TODO_BANK', '2025-04-07 03:14:10', '2025-04-07 03:14:10'),
(5180, 1763, 'fr', '-', '2025-04-07 03:14:10', '2025-04-07 03:14:10'),
(5181, 1763, 'ar', 'TODO_BANK', '2025-04-07 03:14:10', '2025-04-07 03:14:10'),
(5182, 1764, 'en', 'Sorry, your request cannot be processed due to technical reasons. For any assistance please call our customer care center', '2025-04-07 03:14:10', '2025-04-07 03:14:10'),
(5183, 1764, 'fr', '-', '2025-04-07 03:14:10', '2025-04-07 03:14:10'),
(5184, 1764, 'ar', 'نأسف لا يمكن تنفيذ طلبك الآن و ذلك لأسباب فنية. للمزيد من المساعدة يرجى الاتصال بمركز خدمة العملاء', '2025-04-07 03:14:10', '2025-04-07 03:14:10'),
(5185, 1765, 'en', 'Successfully', '2025-04-07 03:14:10', '2025-04-07 03:14:10'),
(5186, 1765, 'fr', '-', '2025-04-07 03:14:10', '2025-04-07 03:14:10'),
(5187, 1766, 'en', 'You have successfully changed the authorization password', '2025-04-07 03:14:10', '2025-04-07 03:14:10'),
(5188, 1766, 'fr', '-', '2025-04-07 03:14:10', '2025-04-07 03:14:10'),
(5189, 1766, 'ar', 'لقد قمت بتغيير كلمة مرور التفويض بنجاح', '2025-04-07 03:14:10', '2025-04-07 03:14:10'),
(5190, 1767, 'en', 'Done', '2025-04-07 03:14:10', '2025-04-07 03:14:10'),
(5191, 1767, 'fr', '-', '2025-04-07 03:14:10', '2025-04-07 03:14:10'),
(5192, 1767, 'ar', 'تم', '2025-04-07 03:14:10', '2025-04-07 03:14:10'),
(5193, 1768, 'en', 'TODO_BANK', '2025-04-07 03:14:10', '2025-04-07 03:14:10'),
(5194, 1768, 'fr', '-', '2025-04-07 03:14:10', '2025-04-07 03:14:10'),
(5195, 1768, 'ar', 'TODO_BANK', '2025-04-07 03:14:10', '2025-04-07 03:14:10'),
(5196, 1769, 'en', 'TODO_BANK', '2025-04-07 03:14:10', '2025-04-07 03:14:10'),
(5197, 1769, 'fr', '-', '2025-04-07 03:14:10', '2025-04-07 03:14:10'),
(5198, 1769, 'ar', 'TODO_BANK', '2025-04-07 03:14:10', '2025-04-07 03:14:10'),
(5199, 1770, 'en', 'TODO_BANK', '2025-04-07 03:14:10', '2025-04-07 03:14:10'),
(5200, 1770, 'fr', '-', '2025-04-07 03:14:10', '2025-04-07 03:14:10'),
(5201, 1770, 'ar', 'TODO_BANK', '2025-04-07 03:14:10', '2025-04-07 03:14:10'),
(5202, 1771, 'en', 'TODO_BANK', '2025-04-07 03:14:10', '2025-04-07 03:14:10'),
(5203, 1771, 'fr', '-', '2025-04-07 03:14:10', '2025-04-07 03:14:10'),
(5204, 1771, 'ar', 'TODO_BANK', '2025-04-07 03:14:10', '2025-04-07 03:14:10'),
(5205, 1772, 'en', 'TODO_BANK', '2025-04-07 03:14:10', '2025-04-07 03:14:10'),
(5206, 1772, 'fr', '-', '2025-04-07 03:14:10', '2025-04-07 03:14:10'),
(5207, 1772, 'ar', 'TODO_BANK', '2025-04-07 03:14:10', '2025-04-07 03:14:10'),
(5208, 1773, 'en', 'TODO_BANK', '2025-04-07 03:14:10', '2025-04-07 03:14:10'),
(5209, 1773, 'fr', '-', '2025-04-07 03:14:10', '2025-04-07 03:14:10'),
(5210, 1773, 'ar', 'TODO_BANK', '2025-04-07 03:14:10', '2025-04-07 03:14:10'),
(5211, 1774, 'en', 'TODO_BANK', '2025-04-07 03:14:10', '2025-04-07 03:14:10'),
(5212, 1774, 'fr', '-', '2025-04-07 03:14:10', '2025-04-07 03:14:10'),
(5213, 1774, 'ar', 'TODO_BANK', '2025-04-07 03:14:10', '2025-04-07 03:14:10'),
(5214, 1775, 'en', 'TODO_BANK', '2025-04-07 03:14:10', '2025-04-07 03:14:10'),
(5215, 1775, 'fr', '-', '2025-04-07 03:14:10', '2025-04-07 03:14:10'),
(5216, 1775, 'ar', 'TODO_BANK', '2025-04-07 03:14:10', '2025-04-07 03:14:10'),
(5217, 1776, 'en', 'TODO_BANK', '2025-04-07 03:14:10', '2025-04-07 03:14:10'),
(5218, 1776, 'fr', '-', '2025-04-07 03:14:10', '2025-04-07 03:14:10'),
(5219, 1776, 'ar', 'TODO_BANK', '2025-04-07 03:14:10', '2025-04-07 03:14:10'),
(5220, 1777, 'en', 'TODO_BANK', '2025-04-07 03:14:10', '2025-04-07 03:14:10'),
(5221, 1777, 'fr', '-', '2025-04-07 03:14:10', '2025-04-07 03:14:10'),
(5222, 1777, 'ar', 'TODO_BANK', '2025-04-07 03:14:10', '2025-04-07 03:14:10'),
(5223, 1778, 'en', 'TODO_BANK', '2025-04-07 03:14:10', '2025-04-07 03:14:10'),
(5224, 1778, 'fr', '-', '2025-04-07 03:14:10', '2025-04-07 03:14:10'),
(5225, 1778, 'ar', 'TODO_BANK', '2025-04-07 03:14:10', '2025-04-07 03:14:10'),
(5226, 1779, 'en', 'TODO_BANK', '2025-04-07 03:14:10', '2025-04-07 03:14:10'),
(5227, 1779, 'fr', '-', '2025-04-07 03:14:10', '2025-04-07 03:14:10'),
(5228, 1779, 'ar', 'TODO_BANK', '2025-04-07 03:14:10', '2025-04-07 03:14:10'),
(5229, 1780, 'en', 'Change Authorization password', '2025-04-07 03:14:10', '2025-04-07 03:14:10'),
(5230, 1780, 'fr', '-', '2025-04-07 03:14:10', '2025-04-07 03:14:10'),
(5231, 1780, 'ar', 'تغير كلمة السر الخاصة بالتفويض', '2025-04-07 03:14:10', '2025-04-07 03:14:10'),
(5232, 1781, 'en', 'New password', '2025-04-07 03:14:10', '2025-04-07 03:14:10'),
(5233, 1781, 'fr', '-', '2025-04-07 03:14:10', '2025-04-07 03:14:10'),
(5234, 1781, 'ar', 'كلمة المرور الجديدة', '2025-04-07 03:14:10', '2025-04-07 03:14:10'),
(5235, 1782, 'en', 'Confirm Password', '2025-04-07 03:14:10', '2025-04-07 03:14:10'),
(5236, 1782, 'fr', '-', '2025-04-07 03:14:10', '2025-04-07 03:14:10'),
(5237, 1782, 'ar', 'تأكيد كلمة المرور', '2025-04-07 03:14:10', '2025-04-07 03:14:10'),
(5238, 1783, 'en', 'Please enter your password', '2025-04-07 03:14:10', '2025-04-07 03:14:10'),
(5239, 1783, 'fr', '-', '2025-04-07 03:14:10', '2025-04-07 03:14:10'),
(5240, 1783, 'ar', 'الرجاء إدخال كلمة المرور الخاصة بك', '2025-04-07 03:14:10', '2025-04-07 03:14:10'),
(5241, 1784, 'en', 'Continue', '2025-04-07 03:14:10', '2025-04-07 03:14:10'),
(5242, 1784, 'fr', '-', '2025-04-07 03:14:10', '2025-04-07 03:14:10'),
(5243, 1784, 'ar', 'التالي', '2025-04-07 03:14:10', '2025-04-07 03:14:10'),
(5244, 1785, 'en', 'Password and re-enter password must match', '2025-04-07 03:14:10', '2025-04-07 03:14:10'),
(5245, 1785, 'fr', '-', '2025-04-07 03:14:10', '2025-04-07 03:14:10'),
(5246, 1786, 'en', 'Password must be at least 8 characters long with a maximum of 20 characters.', '2025-04-07 03:14:10', '2025-04-07 03:14:10'),
(5247, 1786, 'fr', '-', '2025-04-07 03:14:10', '2025-04-07 03:14:10'),
(5248, 1786, 'ar', 'طول كلمة السر من 8 إلى 16 خانة.', '2025-04-07 03:14:10', '2025-04-07 03:14:10'),
(5249, 1787, 'en', 'Password cannot be the same as previous 3 passwords', '2025-04-07 03:14:10', '2025-04-07 03:14:10'),
(5250, 1787, 'fr', '-', '2025-04-07 03:14:10', '2025-04-07 03:14:10'),
(5251, 1787, 'ar', 'لا يمكن أن تكون كلمة المرور مماثلة لكلمات المرور الثلاثة السابقة', '2025-04-07 03:14:10', '2025-04-07 03:14:10'),
(5252, 1788, 'en', 'Password is case sensitive', '2025-04-07 03:14:10', '2025-04-07 03:14:10'),
(5253, 1788, 'fr', '-', '2025-04-07 03:14:10', '2025-04-07 03:14:10'),
(5254, 1788, 'ar', 'كلمة المرور حساسة لحالة الأحرف', '2025-04-07 03:14:10', '2025-04-07 03:14:10'),
(5255, 1789, 'en', 'Password should not contain any space', '2025-04-07 03:14:10', '2025-04-07 03:14:10'),
(5256, 1789, 'fr', '-', '2025-04-07 03:14:10', '2025-04-07 03:14:10'),
(5257, 1789, 'ar', 'يجب ألا تحتوي كلمة المرور على أي مسافة', '2025-04-07 03:14:10', '2025-04-07 03:14:10'),
(5258, 1790, 'en', 'Password should be different from the username', '2025-04-07 03:14:10', '2025-04-07 03:14:10'),
(5259, 1790, 'fr', '-', '2025-04-07 03:14:10', '2025-04-07 03:14:10'),
(5260, 1790, 'ar', 'يجب أن تكون كلمة المرور مختلفة عن اسم المستخدم', '2025-04-07 03:14:10', '2025-04-07 03:14:10'),
(5261, 1791, 'en', 'Password must contain any of the following special characters (! $ % &amp; ( ) * + , - . / @ := ?).', '2025-04-07 03:14:10', '2025-04-07 03:14:10'),
(5262, 1791, 'fr', '-', '2025-04-07 03:14:10', '2025-04-07 03:14:10'),
(5263, 1791, 'ar', 'يجب لكلمة السر أن تحتوي على واحد من الحروف الخاصة التالية (! $ % &amp; ( ) * + , - . / @ : = ?)..', '2025-04-07 03:14:10', '2025-04-07 03:14:10'),
(5264, 1792, 'en', 'Password should have at least one number, one letter, one capital letter and one special character among (!@#$ &amp; -_ .?)', '2025-04-07 03:14:10', '2025-04-07 03:14:10'),
(5265, 1792, 'fr', '-', '2025-04-07 03:14:10', '2025-04-07 03:14:10'),
(5266, 1792, 'ar', 'يجب أن تحتوي كلمة المرور على رقم واحد وحرف واحد وحرف كبير وحرف خاص واحد على الأقل بين (!@#$ &amp; -_ .?)', '2025-04-07 03:14:10', '2025-04-07 03:14:10'),
(5267, 1793, 'en', 'Sorry, your request cannot be processed due to technical reasons. For any assistance please call our customer care center', '2025-04-07 03:14:10', '2025-04-07 03:14:10'),
(5268, 1793, 'fr', '-', '2025-04-07 03:14:10', '2025-04-07 03:14:10'),
(5269, 1793, 'ar', 'نأسف لا يمكن تنفيذ طلبك الآن و ذلك لأسباب فنية. للمزيد من المساعدة يرجى الاتصال بمركز خدمة العملاء', '2025-04-07 03:14:10', '2025-04-07 03:14:10'),
(5270, 1794, 'en', 'Well Done!', '2025-04-07 03:14:11', '2025-04-07 03:14:11'),
(5271, 1794, 'fr', '-', '2025-04-07 03:14:11', '2025-04-07 03:14:11'),
(5272, 1794, 'ar', 'أحسنت!', '2025-04-07 03:14:11', '2025-04-07 03:14:11'),
(5273, 1795, 'en', 'Arabi Pass Password Changed Successfully!', '2025-04-07 03:14:11', '2025-04-07 03:14:11'),
(5274, 1795, 'fr', '-', '2025-04-07 03:14:11', '2025-04-07 03:14:11'),
(5275, 1795, 'ar', 'تم تغيير كلمة مرور عربي باس بنجاح!', '2025-04-07 03:14:11', '2025-04-07 03:14:11'),
(5276, 1796, 'en', 'Done', '2025-04-07 03:14:11', '2025-04-07 03:14:11'),
(5277, 1796, 'fr', '-', '2025-04-07 03:14:11', '2025-04-07 03:14:11'),
(5278, 1796, 'ar', 'تم', '2025-04-07 03:14:11', '2025-04-07 03:14:11'),
(5279, 1797, 'en', 'TODO_BANK', '2025-04-07 03:14:11', '2025-04-07 03:14:11'),
(5280, 1797, 'fr', '-', '2025-04-07 03:14:11', '2025-04-07 03:14:11'),
(5281, 1797, 'ar', 'TODO_BANK', '2025-04-07 03:14:11', '2025-04-07 03:14:11'),
(5282, 1798, 'en', 'TODO_BANK', '2025-04-07 03:14:11', '2025-04-07 03:14:11'),
(5283, 1798, 'fr', '-', '2025-04-07 03:14:11', '2025-04-07 03:14:11'),
(5284, 1798, 'ar', 'TODO_BANK', '2025-04-07 03:14:11', '2025-04-07 03:14:11'),
(5285, 1799, 'en', 'TODO_BANK', '2025-04-07 03:14:11', '2025-04-07 03:14:11'),
(5286, 1799, 'fr', '-', '2025-04-07 03:14:11', '2025-04-07 03:14:11'),
(5287, 1799, 'ar', 'TODO_BANK', '2025-04-07 03:14:11', '2025-04-07 03:14:11'),
(5288, 1800, 'en', 'TODO_BANK', '2025-04-07 03:14:11', '2025-04-07 03:14:11'),
(5289, 1800, 'fr', '-', '2025-04-07 03:14:11', '2025-04-07 03:14:11'),
(5290, 1800, 'ar', 'TODO_BANK', '2025-04-07 03:14:11', '2025-04-07 03:14:11'),
(5291, 1801, 'en', 'TODO_BANK', '2025-04-07 03:14:11', '2025-04-07 03:14:11'),
(5292, 1801, 'fr', '-', '2025-04-07 03:14:11', '2025-04-07 03:14:11'),
(5293, 1801, 'ar', 'TODO_BANK', '2025-04-07 03:14:11', '2025-04-07 03:14:11'),
(5294, 1802, 'en', 'TODO_BANK', '2025-04-07 03:14:11', '2025-04-07 03:14:11'),
(5295, 1802, 'fr', '-', '2025-04-07 03:14:11', '2025-04-07 03:14:11'),
(5296, 1802, 'ar', 'TODO_BANK', '2025-04-07 03:14:11', '2025-04-07 03:14:11'),
(5297, 1803, 'en', 'TODO_BANK', '2025-04-07 03:14:11', '2025-04-07 03:14:11'),
(5298, 1803, 'fr', '-', '2025-04-07 03:14:11', '2025-04-07 03:14:11'),
(5299, 1803, 'ar', 'TODO_BANK', '2025-04-07 03:14:11', '2025-04-07 03:14:11'),
(5300, 1804, 'en', 'TODO_BANK', '2025-04-07 03:14:11', '2025-04-07 03:14:11'),
(5301, 1804, 'fr', '-', '2025-04-07 03:14:11', '2025-04-07 03:14:11'),
(5302, 1804, 'ar', 'TODO_BANK', '2025-04-07 03:14:11', '2025-04-07 03:14:11'),
(5303, 1805, 'en', 'TODO_BANK', '2025-04-07 03:14:11', '2025-04-07 03:14:11'),
(5304, 1805, 'fr', '-', '2025-04-07 03:14:11', '2025-04-07 03:14:11'),
(5305, 1805, 'ar', 'TODO_BANK', '2025-04-07 03:14:11', '2025-04-07 03:14:11'),
(5306, 1806, 'en', 'TODO_BANK', '2025-04-07 03:14:11', '2025-04-07 03:14:11'),
(5307, 1806, 'fr', '-', '2025-04-07 03:14:11', '2025-04-07 03:14:11'),
(5308, 1806, 'ar', 'TODO_BANK', '2025-04-07 03:14:11', '2025-04-07 03:14:11'),
(5309, 1807, 'en', 'Arabi Pass Settings', '2025-04-07 03:14:11', '2025-04-07 03:14:11'),
(5310, 1807, 'fr', '-', '2025-04-07 03:14:11', '2025-04-07 03:14:11'),
(5311, 1807, 'ar', 'إعدادات العربي باس', '2025-04-07 03:14:11', '2025-04-07 03:14:11'),
(5312, 1808, 'en', 'Secure your account', '2025-04-07 03:14:11', '2025-04-07 03:14:11'),
(5313, 1808, 'fr', '-', '2025-04-07 03:14:11', '2025-04-07 03:14:11'),
(5314, 1808, 'ar', 'تأمين حسابك', '2025-04-07 03:14:11', '2025-04-07 03:14:11'),
(5315, 1809, 'en', 'change login password', '2025-04-07 03:14:11', '2025-04-07 03:14:11'),
(5316, 1809, 'fr', '-', '2025-04-07 03:14:11', '2025-04-07 03:14:11'),
(5317, 1809, 'ar', 'تغيير كلمة مرور تسجيل الدخول', '2025-04-07 03:14:11', '2025-04-07 03:14:11'),
(5318, 1810, 'en', 'Face ID and pattern', '2025-04-07 03:14:11', '2025-04-07 03:14:11'),
(5319, 1810, 'fr', '-', '2025-04-07 03:14:11', '2025-04-07 03:14:11'),
(5320, 1810, 'ar', 'معرف الوجه والنمط', '2025-04-07 03:14:11', '2025-04-07 03:14:11'),
(5321, 1811, 'en', 'Authorization password to allow you to login to the mobile app', '2025-04-07 03:14:11', '2025-04-07 03:14:11'),
(5322, 1811, 'fr', '-', '2025-04-07 03:14:11', '2025-04-07 03:14:11'),
(5323, 1811, 'ar', 'كلمة مرور التفويض للسماح لك بتسجيل الدخول إلى تطبيق الهاتف المحمول', '2025-04-07 03:14:11', '2025-04-07 03:14:11'),
(5324, 1812, 'en', 'Change login password', '2025-04-07 03:14:11', '2025-04-07 03:14:11'),
(5325, 1812, 'fr', '-', '2025-04-07 03:14:11', '2025-04-07 03:14:11'),
(5326, 1812, 'ar', 'تغير كلمة السر الخاصة بتسجيل الدخول', '2025-04-07 03:14:11', '2025-04-07 03:14:11'),
(5327, 1813, 'en', 'New password', '2025-04-07 03:14:11', '2025-04-07 03:14:11'),
(5328, 1813, 'fr', '-', '2025-04-07 03:14:11', '2025-04-07 03:14:11'),
(5329, 1813, 'ar', 'كلمة المرور الجديدة', '2025-04-07 03:14:11', '2025-04-07 03:14:11'),
(5330, 1814, 'en', 'Confirm Password', '2025-04-07 03:14:11', '2025-04-07 03:14:11'),
(5331, 1814, 'fr', '-', '2025-04-07 03:14:11', '2025-04-07 03:14:11'),
(5332, 1814, 'ar', 'تأكيد كلمة المرور', '2025-04-07 03:14:11', '2025-04-07 03:14:11'),
(5333, 1815, 'en', 'Please enter your password', '2025-04-07 03:14:11', '2025-04-07 03:14:11'),
(5334, 1815, 'fr', '-', '2025-04-07 03:14:11', '2025-04-07 03:14:11'),
(5335, 1815, 'ar', 'الرجاء إدخال كلمة المرور الخاصة بك', '2025-04-07 03:14:11', '2025-04-07 03:14:11'),
(5336, 1816, 'en', 'Continue', '2025-04-07 03:14:11', '2025-04-07 03:14:11'),
(5337, 1816, 'fr', '-', '2025-04-07 03:14:11', '2025-04-07 03:14:11'),
(5338, 1816, 'ar', 'التالي', '2025-04-07 03:14:11', '2025-04-07 03:14:11'),
(5339, 1817, 'en', 'Password and re-enter password must match', '2025-04-07 03:14:11', '2025-04-07 03:14:11'),
(5340, 1817, 'fr', '-', '2025-04-07 03:14:11', '2025-04-07 03:14:11'),
(5341, 1818, 'en', 'Password must be at least 8 characters long with a maximum of 20 characters.', '2025-04-07 03:14:11', '2025-04-07 03:14:11'),
(5342, 1818, 'fr', '-', '2025-04-07 03:14:11', '2025-04-07 03:14:11'),
(5343, 1818, 'ar', 'طول كلمة السر من 8 إلى 16 خانة.', '2025-04-07 03:14:11', '2025-04-07 03:14:11'),
(5344, 1819, 'en', 'Password cannot be the same as previous 3 passwords', '2025-04-07 03:14:11', '2025-04-07 03:14:11'),
(5345, 1819, 'fr', '-', '2025-04-07 03:14:11', '2025-04-07 03:14:11'),
(5346, 1819, 'ar', 'لا يمكن أن تكون كلمة المرور مماثلة لكلمات المرور الثلاثة السابقة', '2025-04-07 03:14:11', '2025-04-07 03:14:11'),
(5347, 1820, 'en', 'Password is case sensitive', '2025-04-07 03:14:11', '2025-04-07 03:14:11'),
(5348, 1820, 'fr', '-', '2025-04-07 03:14:11', '2025-04-07 03:14:11'),
(5349, 1820, 'ar', 'كلمة المرور حساسة لحالة الأحرف', '2025-04-07 03:14:11', '2025-04-07 03:14:11'),
(5350, 1821, 'en', 'Password should not contain any space', '2025-04-07 03:14:11', '2025-04-07 03:14:11'),
(5351, 1821, 'fr', '-', '2025-04-07 03:14:11', '2025-04-07 03:14:11'),
(5352, 1821, 'ar', 'يجب ألا تحتوي كلمة المرور على أي مسافة', '2025-04-07 03:14:11', '2025-04-07 03:14:11'),
(5353, 1822, 'en', 'Password should be different from the username', '2025-04-07 03:14:11', '2025-04-07 03:14:11'),
(5354, 1822, 'fr', '-', '2025-04-07 03:14:11', '2025-04-07 03:14:11'),
(5355, 1822, 'ar', 'يجب أن تكون كلمة المرور مختلفة عن اسم المستخدم', '2025-04-07 03:14:11', '2025-04-07 03:14:11'),
(5356, 1823, 'en', 'Password must contain any of the following special characters (! $ % &amp; ( ) * + , - . / @ := ?).', '2025-04-07 03:14:11', '2025-04-07 03:14:11'),
(5357, 1823, 'fr', '-', '2025-04-07 03:14:11', '2025-04-07 03:14:11'),
(5358, 1823, 'ar', 'يجب لكلمة السر أن تحتوي على واحد من الحروف الخاصة التالية (! $ % &amp; ( ) * + , - . / @ : = ?)..', '2025-04-07 03:14:11', '2025-04-07 03:14:11'),
(5359, 1824, 'en', 'New password', '2025-04-07 03:14:11', '2025-04-07 03:14:11'),
(5360, 1824, 'fr', '-', '2025-04-07 03:14:11', '2025-04-07 03:14:11'),
(5361, 1824, 'ar', 'كلمة المرور الجديدة', '2025-04-07 03:14:11', '2025-04-07 03:14:11'),
(5362, 1825, 'en', 'New Password should have at least one number, one letter, and one capital letter', '2025-04-07 03:14:11', '2025-04-07 03:14:11'),
(5363, 1825, 'fr', '-', '2025-04-07 03:14:11', '2025-04-07 03:14:11'),
(5364, 1825, 'ar', 'يجب أن تحتوي كلمة المرور الجديدة على رقم واحد وحرف واحد وحرف كبير واحد على الأقل', '2025-04-07 03:14:11', '2025-04-07 03:14:11'),
(5365, 1826, 'en', 'Sorry, your request cannot be processed due to technical reasons. For any assistance please call our customer care center', '2025-04-07 03:14:11', '2025-04-07 03:14:11'),
(5366, 1826, 'fr', '-', '2025-04-07 03:14:11', '2025-04-07 03:14:11'),
(5367, 1826, 'ar', 'نأسف لا يمكن تنفيذ طلبك الآن و ذلك لأسباب فنية. للمزيد من المساعدة يرجى الاتصال بمركز خدمة العملاء', '2025-04-07 03:14:11', '2025-04-07 03:14:11'),
(5368, 1827, 'en', 'Face ID management', '2025-04-07 03:14:11', '2025-04-07 03:14:11'),
(5369, 1827, 'fr', '-', '2025-04-07 03:14:11', '2025-04-07 03:14:11'),
(5370, 1828, 'en', 'Face ID is Active', '2025-04-07 03:14:11', '2025-04-07 03:14:11'),
(5371, 1828, 'fr', '-', '2025-04-07 03:14:11', '2025-04-07 03:14:11'),
(5372, 1828, 'ar', 'معرف الوجه مفعل', '2025-04-07 03:14:11', '2025-04-07 03:14:11'),
(5373, 1829, 'en', 'Accept and Activate', '2025-04-07 03:14:11', '2025-04-07 03:14:11'),
(5374, 1829, 'fr', '-', '2025-04-07 03:14:11', '2025-04-07 03:14:11'),
(5375, 1829, 'ar', 'موافق وقم بالتفعيل', '2025-04-07 03:14:11', '2025-04-07 03:14:11'),
(5376, 1830, 'en', 'cancel', '2025-04-07 03:14:11', '2025-04-07 03:14:11'),
(5377, 1830, 'fr', '-', '2025-04-07 03:14:11', '2025-04-07 03:14:11'),
(5378, 1830, 'ar', 'الغاء', '2025-04-07 03:14:11', '2025-04-07 03:14:11'),
(5379, 1831, 'en', 'Face ID management', '2025-04-07 03:14:11', '2025-04-07 03:14:11'),
(5380, 1831, 'fr', '-', '2025-04-07 03:14:11', '2025-04-07 03:14:11'),
(5381, 1831, 'ar', 'إدارة التعريف بface ID', '2025-04-07 03:14:11', '2025-04-07 03:14:11'),
(5382, 1832, 'en', 'Face ID is not active', '2025-04-07 03:14:11', '2025-04-07 03:14:11'),
(5383, 1832, 'fr', '-', '2025-04-07 03:14:11', '2025-04-07 03:14:11'),
(5384, 1832, 'ar', 'معرف الوجه مفعل غير', '2025-04-07 03:14:11', '2025-04-07 03:14:11'),
(5385, 1833, 'en', 'ON/OFF toggle', '2025-04-07 03:14:11', '2025-04-07 03:14:11'),
(5386, 1833, 'fr', '-', '2025-04-07 03:14:11', '2025-04-07 03:14:11'),
(5387, 1833, 'ar', 'ON/OFF toggle', '2025-04-07 03:14:11', '2025-04-07 03:14:11'),
(5388, 1834, 'en', 'Manage Pattern Authentication', '2025-04-07 03:14:11', '2025-04-07 03:14:11'),
(5389, 1834, 'fr', '-', '2025-04-07 03:14:11', '2025-04-07 03:14:11'),
(5390, 1835, 'en', 'Pattern is defined', '2025-04-07 03:14:11', '2025-04-07 03:14:11'),
(5391, 1835, 'fr', '-', '2025-04-07 03:14:11', '2025-04-07 03:14:11'),
(5392, 1835, 'ar', 'النمط معرف', '2025-04-07 03:14:11', '2025-04-07 03:14:11'),
(5393, 1836, 'en', 'Manage Pattern Authentication', '2025-04-07 03:14:11', '2025-04-07 03:14:11'),
(5394, 1836, 'fr', '-', '2025-04-07 03:14:11', '2025-04-07 03:14:11'),
(5395, 1837, 'en', 'Pattern is not defined', '2025-04-07 03:14:11', '2025-04-07 03:14:11'),
(5396, 1837, 'fr', '-', '2025-04-07 03:14:11', '2025-04-07 03:14:11'),
(5397, 1837, 'ar', 'النمط غير معرف', '2025-04-07 03:14:11', '2025-04-07 03:14:11'),
(5398, 1838, 'en', 'Touch ID management', '2025-04-07 03:14:11', '2025-04-07 03:14:11'),
(5399, 1838, 'fr', '-', '2025-04-07 03:14:11', '2025-04-07 03:14:11'),
(5400, 1838, 'ar', 'إدارة معرف اللمس', '2025-04-07 03:14:11', '2025-04-07 03:14:11'),
(5401, 1839, 'en', 'Touch ID is not active', '2025-04-07 03:14:11', '2025-04-07 03:14:11'),
(5402, 1839, 'fr', '-', '2025-04-07 03:14:11', '2025-04-07 03:14:11'),
(5403, 1839, 'ar', 'معرف اللمس غير مفعل', '2025-04-07 03:14:11', '2025-04-07 03:14:11'),
(5404, 1840, 'en', 'Touch ID is Active', '2025-04-07 03:14:11', '2025-04-07 03:14:11'),
(5405, 1840, 'fr', '-', '2025-04-07 03:14:11', '2025-04-07 03:14:11'),
(5406, 1840, 'ar', 'معرف اللمس مفعل', '2025-04-07 03:14:11', '2025-04-07 03:14:11'),
(5407, 1841, 'en', 'Activate Touch ID', '2025-04-07 03:14:11', '2025-04-07 03:14:11'),
(5408, 1841, 'fr', '-', '2025-04-07 03:14:11', '2025-04-07 03:14:11'),
(5409, 1841, 'ar', 'تفعيل معرف اللمس', '2025-04-07 03:14:11', '2025-04-07 03:14:11'),
(5410, 1842, 'en', 'Face ID and Pattern', '2025-04-07 03:14:11', '2025-04-07 03:14:11'),
(5411, 1842, 'fr', '-', '2025-04-07 03:14:11', '2025-04-07 03:14:11'),
(5412, 1842, 'ar', 'معرف الوجه والنمط', '2025-04-07 03:14:11', '2025-04-07 03:14:11'),
(5413, 1843, 'en', 'For login authentications you can choose only one method from the following', '2025-04-07 03:14:11', '2025-04-07 03:14:11'),
(5414, 1843, 'fr', '-', '2025-04-07 03:14:11', '2025-04-07 03:14:11'),
(5415, 1843, 'ar', 'النسبة لمصادقة تسجيل الدخول، يمكنك اختيار طريقة واحدة فقط مما يلي', '2025-04-07 03:14:11', '2025-04-07 03:14:11'),
(5416, 1844, 'en', 'Face ID', '2025-04-07 03:14:11', '2025-04-07 03:14:11'),
(5417, 1844, 'fr', '-', '2025-04-07 03:14:11', '2025-04-07 03:14:11'),
(5418, 1844, 'ar', 'معرف الوجه', '2025-04-07 03:14:11', '2025-04-07 03:14:11'),
(5419, 1845, 'en', 'Biometric authentication should be enabled on the device, you can enable biometric authentication touch ID or Face ID for easier and faster login', '2025-04-07 03:14:11', '2025-04-07 03:14:11'),
(5420, 1845, 'fr', '-', '2025-04-07 03:14:11', '2025-04-07 03:14:11'),
(5421, 1845, 'ar', 'يجب تمكين المصادقة البيومترية على الجهاز، يمكنك تمكين المصادقة البيومترية باستخدام معرف اللمس أو معرف الوجه لتسجيل الدخول بشكل أسهل وأسرع', '2025-04-07 03:14:11', '2025-04-07 03:14:11'),
(5422, 1846, 'en', 'Touch ID', '2025-04-07 03:14:11', '2025-04-07 03:14:11'),
(5423, 1846, 'fr', '-', '2025-04-07 03:14:11', '2025-04-07 03:14:11'),
(5424, 1846, 'ar', 'معرف اللمس', '2025-04-07 03:14:11', '2025-04-07 03:14:11'),
(5425, 1847, 'en', 'Biometric authentication should be enabled on the device, you can enable biometric authentication touch ID or Face ID for easier and faster login', '2025-04-07 03:14:11', '2025-04-07 03:14:11'),
(5426, 1847, 'fr', '-', '2025-04-07 03:14:11', '2025-04-07 03:14:11'),
(5427, 1847, 'ar', 'يجب تمكين المصادقة البيومترية على الجهاز، يمكنك تمكين المصادقة البيومترية باستخدام معرف اللمس أو معرف الوجه لتسجيل الدخول بشكل أسهل وأسرع', '2025-04-07 03:14:11', '2025-04-07 03:14:11'),
(5428, 1848, 'en', 'Clear', '2025-04-07 03:14:11', '2025-04-07 03:14:11'),
(5429, 1848, 'fr', '-', '2025-04-07 03:14:11', '2025-04-07 03:14:11'),
(5430, 1848, 'ar', 'مسح', '2025-04-07 03:14:11', '2025-04-07 03:14:11'),
(5431, 1849, 'en', 'Next', '2025-04-07 03:14:11', '2025-04-07 03:14:11'),
(5432, 1849, 'fr', '-', '2025-04-07 03:14:11', '2025-04-07 03:14:11'),
(5433, 1849, 'ar', 'التالي', '2025-04-07 03:14:11', '2025-04-07 03:14:11'),
(5434, 1850, 'en', 'Enable biometric login', '2025-04-07 03:14:11', '2025-04-07 03:14:11'),
(5435, 1850, 'fr', '-', '2025-04-07 03:14:11', '2025-04-07 03:14:11'),
(5436, 1850, 'ar', 'تفعيل تسجيل الدخول معرف الوجه', '2025-04-07 03:14:11', '2025-04-07 03:14:11'),
(5437, 1851, 'en', 'Disable biometric login', '2025-04-07 03:14:11', '2025-04-07 03:14:11'),
(5438, 1851, 'fr', '-', '2025-04-07 03:14:11', '2025-04-07 03:14:11'),
(5439, 1851, 'ar', 'إِيْقَاف تسجيل الدخول معرف الوجه', '2025-04-07 03:14:11', '2025-04-07 03:14:11'),
(5440, 1852, 'en', 'Enable/disable Face ID login', '2025-04-07 03:14:11', '2025-04-07 03:14:11'),
(5441, 1852, 'fr', '-', '2025-04-07 03:14:11', '2025-04-07 03:14:11'),
(5442, 1852, 'ar', 'تفعيل/إِيْقَاف تسجيل الدخول معرف الوجه', '2025-04-07 03:14:11', '2025-04-07 03:14:11'),
(5443, 1853, 'en', 'Draw your  login pattern. Connect at least 5 dots.', '2025-04-07 03:14:11', '2025-04-07 03:14:11'),
(5444, 1853, 'fr', '-', '2025-04-07 03:14:11', '2025-04-07 03:14:11'),
(5445, 1853, 'ar', 'ارسم نمط تسجيل الدخول الخاص بك. قم بتوصيل 5 نقاط على الأقل.', '2025-04-07 03:14:11', '2025-04-07 03:14:11'),
(5446, 1854, 'en', 'TODO_BANK', '2025-04-07 03:14:11', '2025-04-07 03:14:11'),
(5447, 1854, 'fr', '-', '2025-04-07 03:14:11', '2025-04-07 03:14:11'),
(5448, 1854, 'ar', 'TODO_BANK', '2025-04-07 03:14:11', '2025-04-07 03:14:11'),
(5449, 1855, 'en', 'TODO_BANK', '2025-04-07 03:14:11', '2025-04-07 03:14:11'),
(5450, 1855, 'fr', '-', '2025-04-07 03:14:11', '2025-04-07 03:14:11'),
(5451, 1855, 'ar', 'TODO_BANK', '2025-04-07 03:14:11', '2025-04-07 03:14:11'),
(5452, 1856, 'en', 'Pattern', '2025-04-07 03:14:11', '2025-04-07 03:14:11'),
(5453, 1856, 'fr', '-', '2025-04-07 03:14:11', '2025-04-07 03:14:11'),
(5454, 1856, 'ar', 'النمط', '2025-04-07 03:14:11', '2025-04-07 03:14:11'),
(5455, 1857, 'en', 'TODO_BANK', '2025-04-07 03:14:11', '2025-04-07 03:14:11'),
(5456, 1857, 'fr', '-', '2025-04-07 03:14:11', '2025-04-07 03:14:11'),
(5457, 1857, 'ar', 'TODO_BANK', '2025-04-07 03:14:11', '2025-04-07 03:14:11'),
(5458, 1858, 'en', 'Device Management', '2025-04-07 03:14:11', '2025-04-07 03:14:11'),
(5459, 1858, 'fr', '-', '2025-04-07 03:14:11', '2025-04-07 03:14:11'),
(5460, 1858, 'ar', 'التحكم بالأجهزة', '2025-04-07 03:14:11', '2025-04-07 03:14:11'),
(5461, 1859, 'en', 'Primary device', '2025-04-07 03:14:11', '2025-04-07 03:14:11'),
(5462, 1859, 'fr', '-', '2025-04-07 03:14:11', '2025-04-07 03:14:11'),
(5463, 1859, 'ar', 'الجهاز الأساسي', '2025-04-07 03:14:11', '2025-04-07 03:14:11'),
(5464, 1860, 'en', 'Registered devices', '2025-04-07 03:14:11', '2025-04-07 03:14:11'),
(5465, 1860, 'fr', '-', '2025-04-07 03:14:11', '2025-04-07 03:14:11'),
(5466, 1860, 'ar', 'الأجهزة المسجلة', '2025-04-07 03:14:11', '2025-04-07 03:14:11'),
(5467, 1861, 'en', 'Device ID', '2025-04-07 03:14:11', '2025-04-07 03:14:11'),
(5468, 1861, 'fr', '-', '2025-04-07 03:14:11', '2025-04-07 03:14:11'),
(5469, 1861, 'ar', 'TODO_BANK', '2025-04-07 03:14:11', '2025-04-07 03:14:11'),
(5470, 1862, 'en', 'Other devices', '2025-04-07 03:14:11', '2025-04-07 03:14:11'),
(5471, 1862, 'fr', '-', '2025-04-07 03:14:11', '2025-04-07 03:14:11'),
(5472, 1862, 'ar', 'الأجهزة الأخرى', '2025-04-07 03:14:11', '2025-04-07 03:14:11'),
(5473, 1863, 'en', 'change primary device', '2025-04-07 03:14:11', '2025-04-07 03:14:11'),
(5474, 1863, 'fr', '-', '2025-04-07 03:14:11', '2025-04-07 03:14:11'),
(5475, 1863, 'ar', 'تغير الجهاز الأساسي', '2025-04-07 03:14:11', '2025-04-07 03:14:11'),
(5476, 1864, 'en', 'continue', '2025-04-07 03:14:11', '2025-04-07 03:14:11'),
(5477, 1864, 'fr', '-', '2025-04-07 03:14:11', '2025-04-07 03:14:11'),
(5478, 1864, 'ar', 'متابعة', '2025-04-07 03:14:11', '2025-04-07 03:14:11'),
(5479, 1865, 'en', 'TODO_BANK', '2025-04-07 03:14:11', '2025-04-07 03:14:11'),
(5480, 1865, 'fr', '-', '2025-04-07 03:14:11', '2025-04-07 03:14:11'),
(5481, 1865, 'ar', 'TODO_BANK', '2025-04-07 03:14:11', '2025-04-07 03:14:11'),
(5482, 1866, 'en', 'TODO_BANK', '2025-04-07 03:14:11', '2025-04-07 03:14:11'),
(5483, 1866, 'fr', '-', '2025-04-07 03:14:11', '2025-04-07 03:14:11'),
(5484, 1866, 'ar', 'TODO_BANK', '2025-04-07 03:14:11', '2025-04-07 03:14:11'),
(5485, 1867, 'en', 'TODO_BANK', '2025-04-07 03:14:11', '2025-04-07 03:14:11'),
(5486, 1867, 'fr', '-', '2025-04-07 03:14:11', '2025-04-07 03:14:11'),
(5487, 1867, 'ar', 'TODO_BANK', '2025-04-07 03:14:11', '2025-04-07 03:14:11'),
(5488, 1868, 'en', 'TODO_BANK', '2025-04-07 03:14:11', '2025-04-07 03:14:11'),
(5489, 1868, 'fr', '-', '2025-04-07 03:14:11', '2025-04-07 03:14:11'),
(5490, 1868, 'ar', 'TODO_BANK', '2025-04-07 03:14:11', '2025-04-07 03:14:11'),
(5491, 1869, 'en', 'TODO_BANK', '2025-04-07 03:14:11', '2025-04-07 03:14:11'),
(5492, 1869, 'fr', '-', '2025-04-07 03:14:11', '2025-04-07 03:14:11'),
(5493, 1869, 'ar', 'TODO_BANK', '2025-04-07 03:14:11', '2025-04-07 03:14:11'),
(5494, 1870, 'en', 'TODO_BANK', '2025-04-07 03:14:11', '2025-04-07 03:14:11'),
(5495, 1870, 'fr', '-', '2025-04-07 03:14:11', '2025-04-07 03:14:11'),
(5496, 1870, 'ar', 'TODO_BANK', '2025-04-07 03:14:11', '2025-04-07 03:14:11'),
(5497, 1871, 'en', 'TODO_BANK', '2025-04-07 03:14:11', '2025-04-07 03:14:11'),
(5498, 1871, 'fr', '-', '2025-04-07 03:14:11', '2025-04-07 03:14:11'),
(5499, 1871, 'ar', 'TODO_BANK', '2025-04-07 03:14:11', '2025-04-07 03:14:11'),
(5500, 1872, 'en', 'TODO_BANK', '2025-04-07 03:14:12', '2025-04-07 03:14:12'),
(5501, 1872, 'fr', '-', '2025-04-07 03:14:12', '2025-04-07 03:14:12'),
(5502, 1872, 'ar', 'TODO_BANK', '2025-04-07 03:14:12', '2025-04-07 03:14:12'),
(5503, 1873, 'en', 'TODO_BANK', '2025-04-07 03:14:12', '2025-04-07 03:14:12'),
(5504, 1873, 'fr', '-', '2025-04-07 03:14:12', '2025-04-07 03:14:12'),
(5505, 1873, 'ar', 'TODO_BANK', '2025-04-07 03:14:12', '2025-04-07 03:14:12'),
(5506, 1874, 'en', 'TODO_BANK', '2025-04-07 03:14:12', '2025-04-07 03:14:12'),
(5507, 1874, 'fr', '-', '2025-04-07 03:14:12', '2025-04-07 03:14:12'),
(5508, 1874, 'ar', 'TODO_BANK', '2025-04-07 03:14:12', '2025-04-07 03:14:12'),
(5509, 1875, 'en', 'TODO_BANK', '2025-04-07 03:14:12', '2025-04-07 03:14:12'),
(5510, 1875, 'fr', '-', '2025-04-07 03:14:12', '2025-04-07 03:14:12'),
(5511, 1875, 'ar', 'TODO_BANK', '2025-04-07 03:14:12', '2025-04-07 03:14:12'),
(5512, 1876, 'en', 'TODO_BANK', '2025-04-07 03:14:12', '2025-04-07 03:14:12'),
(5513, 1876, 'fr', '-', '2025-04-07 03:14:12', '2025-04-07 03:14:12'),
(5514, 1876, 'ar', 'TODO_BANK', '2025-04-07 03:14:12', '2025-04-07 03:14:12'),
(5515, 1877, 'en', 'TODO_BANK', '2025-04-07 03:14:12', '2025-04-07 03:14:12'),
(5516, 1877, 'fr', '-', '2025-04-07 03:14:12', '2025-04-07 03:14:12'),
(5517, 1877, 'ar', 'TODO_BANK', '2025-04-07 03:14:12', '2025-04-07 03:14:12'),
(5518, 1878, 'en', 'TODO_BANK', '2025-04-07 03:14:12', '2025-04-07 03:14:12'),
(5519, 1878, 'fr', '-', '2025-04-07 03:14:12', '2025-04-07 03:14:12'),
(5520, 1878, 'ar', 'TODO_BANK', '2025-04-07 03:14:12', '2025-04-07 03:14:12'),
(5521, 1879, 'en', 'TODO_BANK', '2025-04-07 03:14:12', '2025-04-07 03:14:12'),
(5522, 1879, 'fr', '-', '2025-04-07 03:14:12', '2025-04-07 03:14:12'),
(5523, 1879, 'ar', 'TODO_BANK', '2025-04-07 03:14:12', '2025-04-07 03:14:12'),
(5524, 1880, 'en', 'TODO_BANK', '2025-04-07 03:14:12', '2025-04-07 03:14:12'),
(5525, 1880, 'fr', '-', '2025-04-07 03:14:12', '2025-04-07 03:14:12'),
(5526, 1880, 'ar', 'TODO_BANK', '2025-04-07 03:14:12', '2025-04-07 03:14:12'),
(5527, 1881, 'en', 'TODO_BANK', '2025-04-07 03:14:12', '2025-04-07 03:14:12'),
(5528, 1881, 'fr', '-', '2025-04-07 03:14:12', '2025-04-07 03:14:12'),
(5529, 1881, 'ar', 'TODO_BANK', '2025-04-07 03:14:12', '2025-04-07 03:14:12'),
(5530, 1882, 'en', 'TODO_BANK', '2025-04-07 03:14:12', '2025-04-07 03:14:12'),
(5531, 1882, 'fr', '-', '2025-04-07 03:14:12', '2025-04-07 03:14:12'),
(5532, 1882, 'ar', 'TODO_BANK', '2025-04-07 03:14:12', '2025-04-07 03:14:12'),
(5533, 1883, 'en', 'Are you sure you want to log out from Arabi Mobile service?', '2025-04-07 03:14:12', '2025-04-07 03:14:12'),
(5534, 1883, 'fr', 'Êtes-vous sûr de quitter le service Arabi Mobile ?', '2025-04-07 03:14:12', '2025-04-07 03:14:12'),
(5535, 1883, 'ar', 'هل أنت متأكد من الخروج من خدمة عربي موبايل ؟', '2025-04-07 03:14:12', '2025-04-07 03:14:12'),
(5536, 1884, 'en', 'Log out', '2025-04-07 03:14:12', '2025-04-07 03:14:12'),
(5537, 1884, 'ar', 'الخروج', '2025-04-07 03:14:12', '2025-04-07 03:14:12'),
(5538, 1885, 'en', 'Yes', '2025-04-07 03:14:12', '2025-04-07 03:14:12'),
(5539, 1885, 'fr', 'Oui', '2025-04-07 03:14:12', '2025-04-07 03:14:12'),
(5540, 1885, 'ar', 'نعم', '2025-04-07 03:14:12', '2025-04-07 03:14:12'),
(5541, 1886, 'en', 'No', '2025-04-07 03:14:12', '2025-04-07 03:14:12'),
(5542, 1886, 'fr', 'Non', '2025-04-07 03:14:12', '2025-04-07 03:14:12'),
(5543, 1886, 'ar', 'لا', '2025-04-07 03:14:12', '2025-04-07 03:14:12'),
(5544, 1887, 'en', 'Your &quot;Arabi Mobile&quot; session has timed out. Please log in again.', '2025-04-07 03:14:12', '2025-04-07 03:14:12'),
(5545, 1887, 'fr', 'Service &quot;Arabi Mobile&quot; a été automatiquement quitté, veuillez-vous reconnecter', '2025-04-07 03:14:12', '2025-04-07 03:14:12'),
(5546, 1887, 'ar', 'تم الخروج ألياً من خدمة &quot;عربي موبايل&quot;، يرجى إعادة الدخول', '2025-04-07 03:14:12', '2025-04-07 03:14:12'),
(5547, 1888, 'en', 'Sorry, your request cannot be processed due to technical reasons. For any assistance please call our customer care center', '2025-04-07 03:14:12', '2025-04-07 03:14:12');
INSERT INTO `translations` (`id`, `resource_id`, `language_code`, `value`, `created_at`, `updated_at`) VALUES
(5548, 1888, 'fr', '-', '2025-04-07 03:14:12', '2025-04-07 03:14:12'),
(5549, 1888, 'ar', 'نأسف لا يمكن تنفيذ طلبك الآن و ذلك لأسباب فنية. للمزيد من المساعدة يرجى الاتصال بمركز خدمة العملاء', '2025-04-07 03:14:12', '2025-04-07 03:14:12'),
(5550, 1889, 'en', 'TODO_BANK', '2025-04-07 03:14:12', '2025-04-07 03:14:12'),
(5551, 1889, 'fr', '-', '2025-04-07 03:14:12', '2025-04-07 03:14:12'),
(5552, 1889, 'ar', 'TODO_BANK', '2025-04-07 03:14:12', '2025-04-07 03:14:12'),
(5553, 1890, 'en', 'Your credentials have been updated successfully!', '2025-04-07 03:14:12', '2025-04-07 03:14:12'),
(5554, 1890, 'fr', '-', '2025-04-07 03:14:12', '2025-04-07 03:14:12'),
(5555, 1890, 'ar', 'تم تعديل اسم المستخدم وكلمة السر بنجاح', '2025-04-07 03:14:12', '2025-04-07 03:14:12'),
(5556, 1891, 'en', 'Ok', '2025-04-07 03:14:12', '2025-04-07 03:14:12'),
(5557, 1891, 'fr', '-', '2025-04-07 03:14:12', '2025-04-07 03:14:12'),
(5558, 1891, 'ar', 'تم', '2025-04-07 03:14:12', '2025-04-07 03:14:12'),
(5559, 1892, 'en', 'TODO_BANK', '2025-04-07 03:14:12', '2025-04-07 03:14:12'),
(5560, 1892, 'fr', '-', '2025-04-07 03:14:12', '2025-04-07 03:14:12'),
(5561, 1892, 'ar', 'TODO_BANK', '2025-04-07 03:14:12', '2025-04-07 03:14:12'),
(5562, 1893, 'en', 'TODO_BANK', '2025-04-07 03:14:12', '2025-04-07 03:14:12'),
(5563, 1893, 'fr', '-', '2025-04-07 03:14:12', '2025-04-07 03:14:12'),
(5564, 1893, 'ar', 'TODO_BANK', '2025-04-07 03:14:12', '2025-04-07 03:14:12'),
(5565, 1894, 'en', 'TODO_BANK', '2025-04-07 03:14:12', '2025-04-07 03:14:12'),
(5566, 1894, 'fr', '-', '2025-04-07 03:14:12', '2025-04-07 03:14:12'),
(5567, 1894, 'ar', 'TODO_BANK', '2025-04-07 03:14:12', '2025-04-07 03:14:12'),
(5568, 1895, 'en', 'TODO_BANK', '2025-04-07 03:14:12', '2025-04-07 03:14:12'),
(5569, 1895, 'fr', '-', '2025-04-07 03:14:12', '2025-04-07 03:14:12'),
(5570, 1895, 'ar', 'TODO_BANK', '2025-04-07 03:14:12', '2025-04-07 03:14:12'),
(5571, 1896, 'en', 'TODO_BANK', '2025-04-07 03:14:12', '2025-04-07 03:14:12'),
(5572, 1896, 'fr', '-', '2025-04-07 03:14:12', '2025-04-07 03:14:12'),
(5573, 1896, 'ar', 'TODO_BANK', '2025-04-07 03:14:12', '2025-04-07 03:14:12'),
(5574, 1897, 'en', 'TODO_BANK', '2025-04-07 03:14:12', '2025-04-07 03:14:12'),
(5575, 1897, 'fr', '-', '2025-04-07 03:14:12', '2025-04-07 03:14:12'),
(5576, 1897, 'ar', 'TODO_BANK', '2025-04-07 03:14:12', '2025-04-07 03:14:12'),
(5577, 1898, 'en', 'TODO_BANK', '2025-04-07 03:14:12', '2025-04-07 03:14:12'),
(5578, 1898, 'fr', '-', '2025-04-07 03:14:12', '2025-04-07 03:14:12'),
(5579, 1898, 'ar', 'TODO_BANK', '2025-04-07 03:14:12', '2025-04-07 03:14:12'),
(5580, 1899, 'en', 'TODO_BANK', '2025-04-07 03:14:12', '2025-04-07 03:14:12'),
(5581, 1899, 'fr', '-', '2025-04-07 03:14:12', '2025-04-07 03:14:12'),
(5582, 1899, 'ar', 'TODO_BANK', '2025-04-07 03:14:12', '2025-04-07 03:14:12'),
(5583, 1900, 'en', 'TODO_BANK', '2025-04-07 03:14:12', '2025-04-07 03:14:12'),
(5584, 1900, 'fr', '-', '2025-04-07 03:14:12', '2025-04-07 03:14:12'),
(5585, 1900, 'ar', 'TODO_BANK', '2025-04-07 03:14:12', '2025-04-07 03:14:12'),
(5586, 1901, 'en', 'TODO_BANK', '2025-04-07 03:14:12', '2025-04-07 03:14:12'),
(5587, 1901, 'fr', '-', '2025-04-07 03:14:12', '2025-04-07 03:14:12'),
(5588, 1901, 'ar', 'TODO_BANK', '2025-04-07 03:14:12', '2025-04-07 03:14:12'),
(5589, 1902, 'en', 'TODO_BANK', '2025-04-07 03:14:12', '2025-04-07 03:14:12'),
(5590, 1902, 'fr', '-', '2025-04-07 03:14:12', '2025-04-07 03:14:12'),
(5591, 1902, 'ar', 'TODO_BANK', '2025-04-07 03:14:12', '2025-04-07 03:14:12'),
(5592, 1903, 'en', 'TODO_BANK', '2025-04-07 03:14:12', '2025-04-07 03:14:12'),
(5593, 1903, 'fr', '-', '2025-04-07 03:14:12', '2025-04-07 03:14:12'),
(5594, 1903, 'ar', 'TODO_BANK', '2025-04-07 03:14:12', '2025-04-07 03:14:12'),
(5595, 1904, 'en', 'TODO_BANK', '2025-04-07 03:14:12', '2025-04-07 03:14:12'),
(5596, 1904, 'fr', '-', '2025-04-07 03:14:12', '2025-04-07 03:14:12'),
(5597, 1904, 'ar', 'TODO_BANK', '2025-04-07 03:14:12', '2025-04-07 03:14:12'),
(5598, 1905, 'en', 'TODO_BANK', '2025-04-07 03:14:12', '2025-04-07 03:14:12'),
(5599, 1905, 'fr', '-', '2025-04-07 03:14:12', '2025-04-07 03:14:12'),
(5600, 1905, 'ar', 'TODO_BANK', '2025-04-07 03:14:12', '2025-04-07 03:14:12'),
(5601, 1906, 'en', 'TODO_BANK', '2025-04-07 03:14:12', '2025-04-07 03:14:12'),
(5602, 1906, 'fr', '-', '2025-04-07 03:14:12', '2025-04-07 03:14:12'),
(5603, 1906, 'ar', 'TODO_BANK', '2025-04-07 03:14:12', '2025-04-07 03:14:12'),
(5604, 1907, 'en', 'TODO_BANK', '2025-04-07 03:14:12', '2025-04-07 03:14:12'),
(5605, 1907, 'fr', '-', '2025-04-07 03:14:12', '2025-04-07 03:14:12'),
(5606, 1907, 'ar', 'TODO_BANK', '2025-04-07 03:14:12', '2025-04-07 03:14:12'),
(5607, 1908, 'en', 'TODO_BANK', '2025-04-07 03:14:12', '2025-04-07 03:14:12'),
(5608, 1908, 'fr', '-', '2025-04-07 03:14:12', '2025-04-07 03:14:12'),
(5609, 1908, 'ar', 'TODO_BANK', '2025-04-07 03:14:12', '2025-04-07 03:14:12'),
(5610, 1909, 'en', 'test', '2025-04-07 03:15:00', '2025-04-07 03:15:00'),
(5611, 1909, 'fr', 'sss', '2025-04-07 03:15:00', '2025-04-07 03:15:00'),
(5612, 1909, 'ar', 'البريد الإلكتروني', '2025-04-07 03:15:00', '2025-04-07 03:15:00'),
(5617, 1912, 'en', 'Sorry, your request cannot be processed due to technical reasons. For any assistance please call our customer care center', '2025-04-07 05:57:34', '2025-04-07 05:57:34'),
(5618, 1912, 'fr', '-', '2025-04-07 05:57:34', '2025-04-07 05:57:34'),
(5619, 1912, 'ar', 'نأسف لا يمكن تنفيذ طلبك الآن و ذلك لأسباب فنية. للمزيد من المساعدة يرجى الاتصال بمركز خدمة العملاء', '2025-04-07 05:57:34', '2025-04-07 05:57:34'),
(5620, 1913, 'en', 'Arabi Pass settings', '2025-04-07 05:57:34', '2025-04-07 05:57:34'),
(5621, 1913, 'fr', '-', '2025-04-07 05:57:34', '2025-04-07 05:57:34'),
(5622, 1913, 'ar', 'إعدادات العربي باس', '2025-04-07 05:57:34', '2025-04-07 05:57:34'),
(5623, 1914, 'en', 'Secure your account', '2025-04-07 05:57:34', '2025-04-07 05:57:34'),
(5624, 1914, 'fr', '-', '2025-04-07 05:57:34', '2025-04-07 05:57:34'),
(5625, 1914, 'ar', 'تأمين حسابك', '2025-04-07 05:57:34', '2025-04-07 05:57:34'),
(5626, 1915, 'en', 'Login Methods', '2025-04-07 05:57:34', '2025-04-07 05:57:34'),
(5627, 1915, 'fr', '-', '2025-04-07 05:57:34', '2025-04-07 05:57:34'),
(5628, 1915, 'ar', 'طرق تسجيل الدخول', '2025-04-07 05:57:34', '2025-04-07 05:57:34'),
(5629, 1916, 'en', 'Authorization  Methods', '2025-04-07 05:57:34', '2025-04-07 05:57:34'),
(5630, 1916, 'fr', '-', '2025-04-07 05:57:34', '2025-04-07 05:57:34'),
(5631, 1916, 'ar', 'طرق التفويض', '2025-04-07 05:57:34', '2025-04-07 05:57:34'),
(5632, 1917, 'en', 'General Settings', '2025-04-07 05:57:34', '2025-04-07 05:57:34'),
(5633, 1917, 'fr', '-', '2025-04-07 05:57:34', '2025-04-07 05:57:34'),
(5634, 1918, 'en', 'Manage Devices', '2025-04-07 05:57:34', '2025-04-07 05:57:34'),
(5635, 1918, 'fr', '-', '2025-04-07 05:57:34', '2025-04-07 05:57:34'),
(5636, 1918, 'ar', 'التحكم الأجهزة', '2025-04-07 05:57:34', '2025-04-07 05:57:34'),
(5637, 1919, 'en', 'Manage your registered devices and view activity', '2025-04-07 05:57:34', '2025-04-07 05:57:34'),
(5638, 1919, 'fr', '-', '2025-04-07 05:57:34', '2025-04-07 05:57:34'),
(5639, 1919, 'ar', 'إدارة أجهزتك المسجلة وعرض النشاط', '2025-04-07 05:57:34', '2025-04-07 05:57:34'),
(5640, 1920, 'en', 'Manage joint accounts', '2025-04-07 05:57:34', '2025-04-07 05:57:34'),
(5641, 1920, 'fr', '-', '2025-04-07 05:57:34', '2025-04-07 05:57:34'),
(5642, 1921, 'en', 'TODO_BANK', '2025-04-07 05:57:34', '2025-04-07 05:57:34'),
(5643, 1921, 'fr', '-', '2025-04-07 05:57:34', '2025-04-07 05:57:34'),
(5644, 1921, 'ar', 'TODO_BANK', '2025-04-07 05:57:34', '2025-04-07 05:57:34'),
(5645, 1922, 'en', 'TODO_BANK', '2025-04-07 05:57:34', '2025-04-07 05:57:34'),
(5646, 1922, 'fr', '-', '2025-04-07 05:57:34', '2025-04-07 05:57:34'),
(5647, 1922, 'ar', 'TODO_BANK', '2025-04-07 05:57:34', '2025-04-07 05:57:34'),
(5648, 1923, 'en', 'TODO_BANK', '2025-04-07 05:57:34', '2025-04-07 05:57:34'),
(5649, 1923, 'fr', '-', '2025-04-07 05:57:34', '2025-04-07 05:57:34'),
(5650, 1923, 'ar', 'TODO_BANK', '2025-04-07 05:57:34', '2025-04-07 05:57:34'),
(5651, 1924, 'en', 'TODO_BANK', '2025-04-07 05:57:34', '2025-04-07 05:57:34'),
(5652, 1924, 'fr', '-', '2025-04-07 05:57:34', '2025-04-07 05:57:34'),
(5653, 1924, 'ar', 'TODO_BANK', '2025-04-07 05:57:34', '2025-04-07 05:57:34'),
(5654, 1925, 'en', 'Sorry, your request cannot be processed due to technical reasons. For any assistance please call our customer care center', '2025-04-07 05:57:34', '2025-04-07 05:57:34'),
(5655, 1925, 'fr', '-', '2025-04-07 05:57:34', '2025-04-07 05:57:34'),
(5656, 1925, 'ar', 'نأسف لا يمكن تنفيذ طلبك الآن و ذلك لأسباب فنية. للمزيد من المساعدة يرجى الاتصال بمركز خدمة العملاء', '2025-04-07 05:57:34', '2025-04-07 05:57:34'),
(5657, 1926, 'en', 'Done', '2025-04-07 05:57:34', '2025-04-07 05:57:34'),
(5658, 1926, 'fr', '-', '2025-04-07 05:57:34', '2025-04-07 05:57:34'),
(5659, 1926, 'ar', 'تم', '2025-04-07 05:57:34', '2025-04-07 05:57:34'),
(5660, 1927, 'en', 'Suspended', '2025-04-07 05:57:34', '2025-04-07 05:57:34'),
(5661, 1927, 'fr', '-', '2025-04-07 05:57:34', '2025-04-07 05:57:34'),
(5662, 1927, 'ar', 'تم ايقاف الخدمة', '2025-04-07 05:57:34', '2025-04-07 05:57:34'),
(5663, 1928, 'en', 'Your account has been suspended', '2025-04-07 05:57:34', '2025-04-07 05:57:34'),
(5664, 1928, 'fr', '-', '2025-04-07 05:57:34', '2025-04-07 05:57:34'),
(5665, 1928, 'ar', 'تم إيقاف خدمة الخصائص الحيوية', '2025-04-07 05:57:34', '2025-04-07 05:57:34'),
(5666, 1929, 'en', 'Arabi Pass settings', '2025-04-07 05:57:34', '2025-04-07 05:57:34'),
(5667, 1929, 'fr', '-', '2025-04-07 05:57:34', '2025-04-07 05:57:34'),
(5668, 1929, 'ar', 'إعدادات العربي باس', '2025-04-07 05:57:34', '2025-04-07 05:57:34'),
(5669, 1930, 'en', 'Secure your account', '2025-04-07 05:57:34', '2025-04-07 05:57:34'),
(5670, 1930, 'fr', '-', '2025-04-07 05:57:34', '2025-04-07 05:57:34'),
(5671, 1930, 'ar', 'تأمين حسابك', '2025-04-07 05:57:34', '2025-04-07 05:57:34'),
(5672, 1931, 'en', 'Set authorization methods', '2025-04-07 05:57:34', '2025-04-07 05:57:34'),
(5673, 1931, 'fr', '-', '2025-04-07 05:57:34', '2025-04-07 05:57:34'),
(5674, 1931, 'ar', 'ضبط طرق التفويض', '2025-04-07 05:57:34', '2025-04-07 05:57:34'),
(5675, 1932, 'en', 'Facial biometrics', '2025-04-07 05:57:34', '2025-04-07 05:57:34'),
(5676, 1932, 'fr', '-', '2025-04-07 05:57:34', '2025-04-07 05:57:34'),
(5677, 1932, 'ar', 'القياسات الحيوية للوجه', '2025-04-07 05:57:34', '2025-04-07 05:57:34'),
(5678, 1933, 'en', 'Arabi token', '2025-04-07 05:57:34', '2025-04-07 05:57:34'),
(5679, 1933, 'fr', '-', '2025-04-07 05:57:34', '2025-04-07 05:57:34'),
(5680, 1933, 'ar', 'رمز عربي', '2025-04-07 05:57:34', '2025-04-07 05:57:34'),
(5681, 1934, 'en', 'Authorization password', '2025-04-07 05:57:34', '2025-04-07 05:57:34'),
(5682, 1934, 'fr', '-', '2025-04-07 05:57:34', '2025-04-07 05:57:34'),
(5683, 1934, 'ar', 'كلمة السر الخاصة بالتفويض', '2025-04-07 05:57:34', '2025-04-07 05:57:34'),
(5684, 1935, 'en', 'Set Authorization Method', '2025-04-07 05:57:34', '2025-04-07 05:57:34'),
(5685, 1935, 'fr', '-', '2025-04-07 05:57:34', '2025-04-07 05:57:34'),
(5686, 1935, 'ar', 'ضبط طرق التفويض', '2025-04-07 05:57:34', '2025-04-07 05:57:34'),
(5687, 1936, 'en', 'Facial Biometrics', '2025-04-07 05:57:34', '2025-04-07 05:57:34'),
(5688, 1936, 'fr', '-', '2025-04-07 05:57:34', '2025-04-07 05:57:34'),
(5689, 1936, 'ar', 'القياسات الحيوية للوجه', '2025-04-07 05:57:34', '2025-04-07 05:57:34'),
(5690, 1937, 'en', 'Arabi Token', '2025-04-07 05:57:34', '2025-04-07 05:57:34'),
(5691, 1937, 'fr', '-', '2025-04-07 05:57:34', '2025-04-07 05:57:34'),
(5692, 1937, 'ar', 'رمز عربي', '2025-04-07 05:57:34', '2025-04-07 05:57:34'),
(5693, 1938, 'en', 'Authorization Password', '2025-04-07 05:57:34', '2025-04-07 05:57:34'),
(5694, 1938, 'fr', '-', '2025-04-07 05:57:34', '2025-04-07 05:57:34'),
(5695, 1938, 'ar', 'كلمة السر الخاصة بالتفويض', '2025-04-07 05:57:34', '2025-04-07 05:57:34'),
(5696, 1939, 'en', 'Continue', '2025-04-07 05:57:34', '2025-04-07 05:57:34'),
(5697, 1939, 'fr', '-', '2025-04-07 05:57:34', '2025-04-07 05:57:34'),
(5698, 1939, 'ar', 'التالي', '2025-04-07 05:57:34', '2025-04-07 05:57:34'),
(5699, 1940, 'en', 'Authorization method updated', '2025-04-07 05:57:34', '2025-04-07 05:57:34'),
(5700, 1940, 'fr', '-', '2025-04-07 05:57:34', '2025-04-07 05:57:34'),
(5701, 1940, 'ar', 'تم تحديث طريقة التفويض', '2025-04-07 05:57:34', '2025-04-07 05:57:34'),
(5702, 1941, 'en', '(The selected method) has been set as your authorization method sucessfully', '2025-04-07 05:57:34', '2025-04-07 05:57:34'),
(5703, 1941, 'fr', '-', '2025-04-07 05:57:34', '2025-04-07 05:57:34'),
(5704, 1941, 'ar', 'تم تعيين (الطريقة المحددة) كطريقة التفويض الخاصة بك بنجاح', '2025-04-07 05:57:34', '2025-04-07 05:57:34'),
(5705, 1942, 'en', 'Sorry, your request cannot be processed due to technical reasons. For any assistance please call our customer care center', '2025-04-07 05:57:34', '2025-04-07 05:57:34'),
(5706, 1942, 'fr', '-', '2025-04-07 05:57:34', '2025-04-07 05:57:34'),
(5707, 1942, 'ar', 'نأسف لا يمكن تنفيذ طلبك الآن و ذلك لأسباب فنية. للمزيد من المساعدة يرجى الاتصال بمركز خدمة العملاء', '2025-04-07 05:57:34', '2025-04-07 05:57:34'),
(5708, 1943, 'en', 'Sorry, your request cannot be processed due to technical reasons. For any assistance please call our customer care center', '2025-04-07 05:57:34', '2025-04-07 05:57:34'),
(5709, 1943, 'fr', '-', '2025-04-07 05:57:34', '2025-04-07 05:57:34'),
(5710, 1943, 'ar', 'نأسف لا يمكن تنفيذ طلبك الآن و ذلك لأسباب فنية. للمزيد من المساعدة يرجى الاتصال بمركز خدمة العملاء', '2025-04-07 05:57:34', '2025-04-07 05:57:34'),
(5711, 1944, 'en', 'cancel', '2025-04-07 05:57:34', '2025-04-07 05:57:34'),
(5712, 1944, 'fr', '-', '2025-04-07 05:57:34', '2025-04-07 05:57:34'),
(5713, 1944, 'ar', 'الغاء', '2025-04-07 05:57:34', '2025-04-07 05:57:34'),
(5714, 1945, 'en', 'Proceed', '2025-04-07 05:57:34', '2025-04-07 05:57:34'),
(5715, 1945, 'fr', '-', '2025-04-07 05:57:34', '2025-04-07 05:57:34'),
(5716, 1945, 'ar', 'تابع', '2025-04-07 05:57:34', '2025-04-07 05:57:34'),
(5717, 1946, 'en', 'You don’t have any active methods', '2025-04-07 05:57:34', '2025-04-07 05:57:34'),
(5718, 1946, 'fr', '-', '2025-04-07 05:57:34', '2025-04-07 05:57:34'),
(5719, 1946, 'ar', 'ليس لديك أي أساليب نشطة', '2025-04-07 05:57:34', '2025-04-07 05:57:34'),
(5720, 1947, 'en', 'Activate a method', '2025-04-07 05:57:34', '2025-04-07 05:57:34'),
(5721, 1947, 'fr', '-', '2025-04-07 05:57:34', '2025-04-07 05:57:34'),
(5722, 1947, 'ar', 'تفعيل طريقة', '2025-04-07 05:57:34', '2025-04-07 05:57:34'),
(5723, 1948, 'en', 'TODO_BANK', '2025-04-07 05:57:34', '2025-04-07 05:57:34'),
(5724, 1948, 'fr', '-', '2025-04-07 05:57:34', '2025-04-07 05:57:34'),
(5725, 1948, 'ar', 'TODO_BANK', '2025-04-07 05:57:34', '2025-04-07 05:57:34'),
(5726, 1949, 'en', 'TODO_BANK', '2025-04-07 05:57:34', '2025-04-07 05:57:34'),
(5727, 1949, 'fr', '-', '2025-04-07 05:57:34', '2025-04-07 05:57:34'),
(5728, 1949, 'ar', 'TODO_BANK', '2025-04-07 05:57:34', '2025-04-07 05:57:34'),
(5729, 1950, 'en', 'verify your identity', '2025-04-07 05:57:34', '2025-04-07 05:57:34'),
(5730, 1950, 'fr', '-', '2025-04-07 05:57:34', '2025-04-07 05:57:34'),
(5731, 1950, 'ar', 'التحقق من هويتك', '2025-04-07 05:57:34', '2025-04-07 05:57:34'),
(5732, 1951, 'en', 'Selfie time!', '2025-04-07 05:57:34', '2025-04-07 05:57:34'),
(5733, 1951, 'fr', '-', '2025-04-07 05:57:34', '2025-04-07 05:57:34'),
(5734, 1952, 'en', 'To make sure your photo passes our ID verification please follow these guidelines:', '2025-04-07 05:57:34', '2025-04-07 05:57:34'),
(5735, 1952, 'fr', '-', '2025-04-07 05:57:34', '2025-04-07 05:57:34'),
(5736, 1952, 'ar', 'لتأكد من اجتياز صورتك للتحقق من الهوية، يرجى اتباع الإرشادات التالية:', '2025-04-07 05:57:34', '2025-04-07 05:57:34'),
(5737, 1953, 'en', 'Good Lighting', '2025-04-07 05:57:34', '2025-04-07 05:57:34'),
(5738, 1953, 'fr', '-', '2025-04-07 05:57:34', '2025-04-07 05:57:34'),
(5739, 1953, 'ar', 'إضاءة جيدة', '2025-04-07 05:57:34', '2025-04-07 05:57:34'),
(5740, 1954, 'en', 'Make sure you are in a well-lit area without glare or extreme lighting', '2025-04-07 05:57:34', '2025-04-07 05:57:34'),
(5741, 1954, 'fr', '-', '2025-04-07 05:57:34', '2025-04-07 05:57:34'),
(5742, 1954, 'ar', 'تأكد من أنك في منطقة مضاءة جيدًا دون وهج أو إضاءة شديدة', '2025-04-07 05:57:34', '2025-04-07 05:57:34'),
(5743, 1955, 'en', 'Look straight', '2025-04-07 05:57:34', '2025-04-07 05:57:34'),
(5744, 1955, 'fr', '-', '2025-04-07 05:57:34', '2025-04-07 05:57:34'),
(5745, 1955, 'ar', 'انظر بشكل مستقيم', '2025-04-07 05:57:34', '2025-04-07 05:57:34'),
(5746, 1956, 'en', 'Hold your phone at eye level and look straight into the camera', '2025-04-07 05:57:34', '2025-04-07 05:57:34'),
(5747, 1956, 'fr', '-', '2025-04-07 05:57:34', '2025-04-07 05:57:34'),
(5748, 1956, 'ar', 'أمسك هاتفك على مستوى العين وانظر مباشرة إلى الكاميرا', '2025-04-07 05:57:34', '2025-04-07 05:57:34'),
(5749, 1957, 'en', 'Hold steady', '2025-04-07 05:57:34', '2025-04-07 05:57:34'),
(5750, 1957, 'fr', '-', '2025-04-07 05:57:34', '2025-04-07 05:57:34'),
(5751, 1958, 'en', 'Make sure not to move your phone', '2025-04-07 05:57:34', '2025-04-07 05:57:34'),
(5752, 1958, 'fr', '-', '2025-04-07 05:57:34', '2025-04-07 05:57:34'),
(5753, 1958, 'ar', 'تأكد من عدم تحريك هاتفك', '2025-04-07 05:57:34', '2025-04-07 05:57:34'),
(5754, 1959, 'en', 'Please consider', '2025-04-07 05:57:34', '2025-04-07 05:57:34'),
(5755, 1959, 'fr', '-', '2025-04-07 05:57:34', '2025-04-07 05:57:34'),
(5756, 1959, 'ar', 'يرجى الأخذ بعين الاعتبار', '2025-04-07 05:57:34', '2025-04-07 05:57:34'),
(5757, 1960, 'en', 'Neutral expression, no smiling, no glasses', '2025-04-07 05:57:34', '2025-04-07 05:57:34'),
(5758, 1960, 'fr', '-', '2025-04-07 05:57:34', '2025-04-07 05:57:34'),
(5759, 1960, 'ar', 'تعبير محايد، لا ابتسامة ولا نظارات', '2025-04-07 05:57:34', '2025-04-07 05:57:34'),
(5760, 1961, 'en', 'Your photo will be reviewed', '2025-04-07 05:57:34', '2025-04-07 05:57:34'),
(5761, 1961, 'fr', '-', '2025-04-07 05:57:34', '2025-04-07 05:57:34'),
(5762, 1961, 'ar', 'سيتم مراجعة صورتك', '2025-04-07 05:57:34', '2025-04-07 05:57:34'),
(5763, 1962, 'en', 'We will review your photo to verify your identity', '2025-04-07 05:57:34', '2025-04-07 05:57:34'),
(5764, 1962, 'fr', '-', '2025-04-07 05:57:34', '2025-04-07 05:57:34'),
(5765, 1962, 'ar', 'سنراجع صورتك للتحقق من هويتك', '2025-04-07 05:57:34', '2025-04-07 05:57:34'),
(5766, 1963, 'en', 'Take my selfie', '2025-04-07 05:57:34', '2025-04-07 05:57:34'),
(5767, 1963, 'fr', '-', '2025-04-07 05:57:34', '2025-04-07 05:57:34'),
(5768, 1963, 'ar', 'اخذ صورتي الشخصية', '2025-04-07 05:57:34', '2025-04-07 05:57:34'),
(5769, 1964, 'en', 'Face ID', '2025-04-07 05:57:35', '2025-04-07 05:57:35'),
(5770, 1964, 'fr', '-', '2025-04-07 05:57:35', '2025-04-07 05:57:35'),
(5771, 1965, 'en', 'Position your face', '2025-04-07 05:57:35', '2025-04-07 05:57:35'),
(5772, 1965, 'fr', '-', '2025-04-07 05:57:35', '2025-04-07 05:57:35'),
(5773, 1965, 'ar', 'ضع وجهك', '2025-04-07 05:57:35', '2025-04-07 05:57:35'),
(5774, 1966, 'en', 'Verify your identity', '2025-04-07 05:57:35', '2025-04-07 05:57:35'),
(5775, 1966, 'fr', '-', '2025-04-07 05:57:35', '2025-04-07 05:57:35'),
(5776, 1966, 'ar', 'التحقق من هويتك', '2025-04-07 05:57:35', '2025-04-07 05:57:35'),
(5777, 1967, 'en', 'It will only take seconds', '2025-04-07 05:57:35', '2025-04-07 05:57:35'),
(5778, 1967, 'fr', '-', '2025-04-07 05:57:35', '2025-04-07 05:57:35'),
(5779, 1967, 'ar', 'سوف يستغرق ثواني فقط', '2025-04-07 05:57:35', '2025-04-07 05:57:35'),
(5780, 1968, 'en', 'Submit photo', '2025-04-07 05:57:35', '2025-04-07 05:57:35'),
(5781, 1968, 'fr', '-', '2025-04-07 05:57:35', '2025-04-07 05:57:35'),
(5782, 1968, 'ar', 'إرسال الصورة', '2025-04-07 05:57:35', '2025-04-07 05:57:35'),
(5783, 1969, 'en', 'Retake', '2025-04-07 05:57:35', '2025-04-07 05:57:35'),
(5784, 1969, 'fr', '-', '2025-04-07 05:57:35', '2025-04-07 05:57:35'),
(5785, 1969, 'ar', 'إعادة الالتقاط', '2025-04-07 05:57:35', '2025-04-07 05:57:35'),
(5786, 1970, 'en', 'Authorization password', '2025-04-07 05:57:35', '2025-04-07 05:57:35'),
(5787, 1970, 'fr', '-', '2025-04-07 05:57:35', '2025-04-07 05:57:35'),
(5788, 1970, 'ar', 'كلمة السر الخاصة بالتفويض', '2025-04-07 05:57:35', '2025-04-07 05:57:35'),
(5789, 1971, 'en', 'Secure your account', '2025-04-07 05:57:35', '2025-04-07 05:57:35'),
(5790, 1971, 'fr', '-', '2025-04-07 05:57:35', '2025-04-07 05:57:35'),
(5791, 1971, 'ar', 'تأمين حسابك', '2025-04-07 05:57:35', '2025-04-07 05:57:35'),
(5792, 1972, 'en', 'New password', '2025-04-07 05:57:35', '2025-04-07 05:57:35'),
(5793, 1972, 'fr', '-', '2025-04-07 05:57:35', '2025-04-07 05:57:35'),
(5794, 1972, 'ar', 'كلمة المرور الجديدة', '2025-04-07 05:57:35', '2025-04-07 05:57:35'),
(5795, 1973, 'en', 'Confirm Password', '2025-04-07 05:57:35', '2025-04-07 05:57:35'),
(5796, 1973, 'fr', '-', '2025-04-07 05:57:35', '2025-04-07 05:57:35'),
(5797, 1973, 'ar', 'تأكيد كلمة المرور', '2025-04-07 05:57:35', '2025-04-07 05:57:35'),
(5798, 1974, 'en', 'Please enter your password', '2025-04-07 05:57:35', '2025-04-07 05:57:35'),
(5799, 1974, 'fr', '-', '2025-04-07 05:57:35', '2025-04-07 05:57:35'),
(5800, 1974, 'ar', 'الرجاء إدخال كلمة المرور الخاصة بك', '2025-04-07 05:57:35', '2025-04-07 05:57:35'),
(5801, 1975, 'en', 'Continue', '2025-04-07 05:57:35', '2025-04-07 05:57:35'),
(5802, 1975, 'fr', '-', '2025-04-07 05:57:35', '2025-04-07 05:57:35'),
(5803, 1975, 'ar', 'التالي', '2025-04-07 05:57:35', '2025-04-07 05:57:35'),
(5804, 1976, 'en', 'Password and re-enter password must match', '2025-04-07 05:57:35', '2025-04-07 05:57:35'),
(5805, 1976, 'fr', '-', '2025-04-07 05:57:35', '2025-04-07 05:57:35'),
(5806, 1977, 'en', 'Password must be at least 8 characters long with a maximum of 20 characters.', '2025-04-07 05:57:35', '2025-04-07 05:57:35'),
(5807, 1977, 'fr', '-', '2025-04-07 05:57:35', '2025-04-07 05:57:35'),
(5808, 1977, 'ar', 'طول كلمة السر من 8 إلى 16 خانة.', '2025-04-07 05:57:35', '2025-04-07 05:57:35'),
(5809, 1978, 'en', 'Password cannot be the same as previous 3 passwords', '2025-04-07 05:57:35', '2025-04-07 05:57:35'),
(5810, 1978, 'fr', '-', '2025-04-07 05:57:35', '2025-04-07 05:57:35'),
(5811, 1978, 'ar', 'لا يمكن أن تكون كلمة المرور مماثلة لكلمات المرور الثلاثة السابقة', '2025-04-07 05:57:35', '2025-04-07 05:57:35'),
(5812, 1979, 'en', 'Password is case sensitive', '2025-04-07 05:57:35', '2025-04-07 05:57:35'),
(5813, 1979, 'fr', '-', '2025-04-07 05:57:35', '2025-04-07 05:57:35'),
(5814, 1979, 'ar', 'كلمة المرور حساسة لحالة الأحرف', '2025-04-07 05:57:35', '2025-04-07 05:57:35'),
(5815, 1980, 'en', 'Password should not contain any space', '2025-04-07 05:57:35', '2025-04-07 05:57:35'),
(5816, 1980, 'fr', '-', '2025-04-07 05:57:35', '2025-04-07 05:57:35'),
(5817, 1980, 'ar', 'يجب ألا تحتوي كلمة المرور على أي مسافة', '2025-04-07 05:57:35', '2025-04-07 05:57:35'),
(5818, 1981, 'en', 'Password should be different from the username', '2025-04-07 05:57:35', '2025-04-07 05:57:35'),
(5819, 1981, 'fr', '-', '2025-04-07 05:57:35', '2025-04-07 05:57:35'),
(5820, 1981, 'ar', 'يجب أن تكون كلمة المرور مختلفة عن اسم المستخدم', '2025-04-07 05:57:35', '2025-04-07 05:57:35'),
(5821, 1982, 'en', 'Password must contain any of the following special characters (! $ % &amp; ( ) * + , - . / @ := ?).', '2025-04-07 05:57:35', '2025-04-07 05:57:35'),
(5822, 1982, 'fr', '-', '2025-04-07 05:57:35', '2025-04-07 05:57:35'),
(5823, 1982, 'ar', 'يجب لكلمة السر أن تحتوي على واحد من الحروف الخاصة التالية (! $ % &amp; ( ) * + , - . / @ : = ?)..', '2025-04-07 05:57:35', '2025-04-07 05:57:35'),
(5824, 1983, 'en', 'Password should have at least one number, one letter, one capital letter and one special character among (!@#$ &amp; -_ .?)', '2025-04-07 05:57:35', '2025-04-07 05:57:35'),
(5825, 1983, 'fr', '-', '2025-04-07 05:57:35', '2025-04-07 05:57:35'),
(5826, 1983, 'ar', 'يجب أن تحتوي كلمة المرور على رقم واحد وحرف واحد وحرف كبير وحرف خاص واحد على الأقل بين (!@#$ &amp; -_ .?)', '2025-04-07 05:57:35', '2025-04-07 05:57:35'),
(5827, 1984, 'en', 'TODO_BANK', '2025-04-07 05:57:35', '2025-04-07 05:57:35'),
(5828, 1984, 'fr', '-', '2025-04-07 05:57:35', '2025-04-07 05:57:35'),
(5829, 1984, 'ar', 'TODO_BANK', '2025-04-07 05:57:35', '2025-04-07 05:57:35'),
(5830, 1985, 'en', 'TODO_BANK', '2025-04-07 05:57:35', '2025-04-07 05:57:35'),
(5831, 1985, 'fr', '-', '2025-04-07 05:57:35', '2025-04-07 05:57:35'),
(5832, 1985, 'ar', 'TODO_BANK', '2025-04-07 05:57:35', '2025-04-07 05:57:35'),
(5833, 1986, 'en', 'Sorry, your request cannot be processed due to technical reasons. For any assistance please call our customer care center', '2025-04-07 05:57:35', '2025-04-07 05:57:35'),
(5834, 1986, 'fr', '-', '2025-04-07 05:57:35', '2025-04-07 05:57:35'),
(5835, 1986, 'ar', 'نأسف لا يمكن تنفيذ طلبك الآن و ذلك لأسباب فنية. للمزيد من المساعدة يرجى الاتصال بمركز خدمة العملاء', '2025-04-07 05:57:35', '2025-04-07 05:57:35'),
(5836, 1987, 'en', 'Successfully', '2025-04-07 05:57:35', '2025-04-07 05:57:35'),
(5837, 1987, 'fr', '-', '2025-04-07 05:57:35', '2025-04-07 05:57:35'),
(5838, 1988, 'en', 'You have successfully changed the authorization password', '2025-04-07 05:57:35', '2025-04-07 05:57:35'),
(5839, 1988, 'fr', '-', '2025-04-07 05:57:35', '2025-04-07 05:57:35'),
(5840, 1988, 'ar', 'لقد قمت بتغيير كلمة مرور التفويض بنجاح', '2025-04-07 05:57:35', '2025-04-07 05:57:35'),
(5841, 1989, 'en', 'Done', '2025-04-07 05:57:35', '2025-04-07 05:57:35'),
(5842, 1989, 'fr', '-', '2025-04-07 05:57:35', '2025-04-07 05:57:35'),
(5843, 1989, 'ar', 'تم', '2025-04-07 05:57:35', '2025-04-07 05:57:35'),
(5844, 1990, 'en', 'TODO_BANK', '2025-04-07 05:57:35', '2025-04-07 05:57:35'),
(5845, 1990, 'fr', '-', '2025-04-07 05:57:35', '2025-04-07 05:57:35'),
(5846, 1990, 'ar', 'TODO_BANK', '2025-04-07 05:57:35', '2025-04-07 05:57:35'),
(5847, 1991, 'en', 'TODO_BANK', '2025-04-07 05:57:35', '2025-04-07 05:57:35'),
(5848, 1991, 'fr', '-', '2025-04-07 05:57:35', '2025-04-07 05:57:35'),
(5849, 1991, 'ar', 'TODO_BANK', '2025-04-07 05:57:35', '2025-04-07 05:57:35'),
(5850, 1992, 'en', 'TODO_BANK', '2025-04-07 05:57:35', '2025-04-07 05:57:35'),
(5851, 1992, 'fr', '-', '2025-04-07 05:57:35', '2025-04-07 05:57:35'),
(5852, 1992, 'ar', 'TODO_BANK', '2025-04-07 05:57:35', '2025-04-07 05:57:35'),
(5853, 1993, 'en', 'TODO_BANK', '2025-04-07 05:57:35', '2025-04-07 05:57:35'),
(5854, 1993, 'fr', '-', '2025-04-07 05:57:35', '2025-04-07 05:57:35'),
(5855, 1993, 'ar', 'TODO_BANK', '2025-04-07 05:57:35', '2025-04-07 05:57:35'),
(5856, 1994, 'en', 'TODO_BANK', '2025-04-07 05:57:35', '2025-04-07 05:57:35'),
(5857, 1994, 'fr', '-', '2025-04-07 05:57:35', '2025-04-07 05:57:35'),
(5858, 1994, 'ar', 'TODO_BANK', '2025-04-07 05:57:35', '2025-04-07 05:57:35'),
(5859, 1995, 'en', 'TODO_BANK', '2025-04-07 05:57:35', '2025-04-07 05:57:35'),
(5860, 1995, 'fr', '-', '2025-04-07 05:57:35', '2025-04-07 05:57:35'),
(5861, 1995, 'ar', 'TODO_BANK', '2025-04-07 05:57:35', '2025-04-07 05:57:35'),
(5862, 1996, 'en', 'TODO_BANK', '2025-04-07 05:57:35', '2025-04-07 05:57:35'),
(5863, 1996, 'fr', '-', '2025-04-07 05:57:35', '2025-04-07 05:57:35'),
(5864, 1996, 'ar', 'TODO_BANK', '2025-04-07 05:57:35', '2025-04-07 05:57:35'),
(5865, 1997, 'en', 'TODO_BANK', '2025-04-07 05:57:35', '2025-04-07 05:57:35'),
(5866, 1997, 'fr', '-', '2025-04-07 05:57:35', '2025-04-07 05:57:35'),
(5867, 1997, 'ar', 'TODO_BANK', '2025-04-07 05:57:35', '2025-04-07 05:57:35'),
(5868, 1998, 'en', 'TODO_BANK', '2025-04-07 05:57:35', '2025-04-07 05:57:35'),
(5869, 1998, 'fr', '-', '2025-04-07 05:57:35', '2025-04-07 05:57:35'),
(5870, 1998, 'ar', 'TODO_BANK', '2025-04-07 05:57:35', '2025-04-07 05:57:35'),
(5871, 1999, 'en', 'TODO_BANK', '2025-04-07 05:57:35', '2025-04-07 05:57:35'),
(5872, 1999, 'fr', '-', '2025-04-07 05:57:35', '2025-04-07 05:57:35'),
(5873, 1999, 'ar', 'TODO_BANK', '2025-04-07 05:57:35', '2025-04-07 05:57:35'),
(5874, 2000, 'en', 'TODO_BANK', '2025-04-07 05:57:35', '2025-04-07 05:57:35'),
(5875, 2000, 'fr', '-', '2025-04-07 05:57:35', '2025-04-07 05:57:35'),
(5876, 2000, 'ar', 'TODO_BANK', '2025-04-07 05:57:35', '2025-04-07 05:57:35'),
(5877, 2001, 'en', 'TODO_BANK', '2025-04-07 05:57:35', '2025-04-07 05:57:35'),
(5878, 2001, 'fr', '-', '2025-04-07 05:57:35', '2025-04-07 05:57:35'),
(5879, 2001, 'ar', 'TODO_BANK', '2025-04-07 05:57:35', '2025-04-07 05:57:35'),
(5880, 2002, 'en', 'Change Authorization password', '2025-04-07 05:57:35', '2025-04-07 05:57:35'),
(5881, 2002, 'fr', '-', '2025-04-07 05:57:35', '2025-04-07 05:57:35'),
(5882, 2002, 'ar', 'تغير كلمة السر الخاصة بالتفويض', '2025-04-07 05:57:35', '2025-04-07 05:57:35'),
(5883, 2003, 'en', 'New password', '2025-04-07 05:57:35', '2025-04-07 05:57:35'),
(5884, 2003, 'fr', '-', '2025-04-07 05:57:35', '2025-04-07 05:57:35'),
(5885, 2003, 'ar', 'كلمة المرور الجديدة', '2025-04-07 05:57:35', '2025-04-07 05:57:35'),
(5886, 2004, 'en', 'Confirm Password', '2025-04-07 05:57:35', '2025-04-07 05:57:35'),
(5887, 2004, 'fr', '-', '2025-04-07 05:57:35', '2025-04-07 05:57:35'),
(5888, 2004, 'ar', 'تأكيد كلمة المرور', '2025-04-07 05:57:35', '2025-04-07 05:57:35'),
(5889, 2005, 'en', 'Please enter your password', '2025-04-07 05:57:35', '2025-04-07 05:57:35'),
(5890, 2005, 'fr', '-', '2025-04-07 05:57:35', '2025-04-07 05:57:35'),
(5891, 2005, 'ar', 'الرجاء إدخال كلمة المرور الخاصة بك', '2025-04-07 05:57:35', '2025-04-07 05:57:35'),
(5892, 2006, 'en', 'Continue', '2025-04-07 05:57:35', '2025-04-07 05:57:35'),
(5893, 2006, 'fr', '-', '2025-04-07 05:57:35', '2025-04-07 05:57:35'),
(5894, 2006, 'ar', 'التالي', '2025-04-07 05:57:35', '2025-04-07 05:57:35'),
(5895, 2007, 'en', 'Password and re-enter password must match', '2025-04-07 05:57:35', '2025-04-07 05:57:35'),
(5896, 2007, 'fr', '-', '2025-04-07 05:57:35', '2025-04-07 05:57:35'),
(5897, 2008, 'en', 'Password must be at least 8 characters long with a maximum of 20 characters.', '2025-04-07 05:57:35', '2025-04-07 05:57:35'),
(5898, 2008, 'fr', '-', '2025-04-07 05:57:35', '2025-04-07 05:57:35'),
(5899, 2008, 'ar', 'طول كلمة السر من 8 إلى 16 خانة.', '2025-04-07 05:57:35', '2025-04-07 05:57:35'),
(5900, 2009, 'en', 'Password cannot be the same as previous 3 passwords', '2025-04-07 05:57:35', '2025-04-07 05:57:35'),
(5901, 2009, 'fr', '-', '2025-04-07 05:57:35', '2025-04-07 05:57:35'),
(5902, 2009, 'ar', 'لا يمكن أن تكون كلمة المرور مماثلة لكلمات المرور الثلاثة السابقة', '2025-04-07 05:57:35', '2025-04-07 05:57:35'),
(5903, 2010, 'en', 'Password is case sensitive', '2025-04-07 05:57:35', '2025-04-07 05:57:35'),
(5904, 2010, 'fr', '-', '2025-04-07 05:57:35', '2025-04-07 05:57:35'),
(5905, 2010, 'ar', 'كلمة المرور حساسة لحالة الأحرف', '2025-04-07 05:57:35', '2025-04-07 05:57:35'),
(5906, 2011, 'en', 'Password should not contain any space', '2025-04-07 05:57:35', '2025-04-07 05:57:35'),
(5907, 2011, 'fr', '-', '2025-04-07 05:57:35', '2025-04-07 05:57:35'),
(5908, 2011, 'ar', 'يجب ألا تحتوي كلمة المرور على أي مسافة', '2025-04-07 05:57:35', '2025-04-07 05:57:35'),
(5909, 2012, 'en', 'Password should be different from the username', '2025-04-07 05:57:35', '2025-04-07 05:57:35'),
(5910, 2012, 'fr', '-', '2025-04-07 05:57:35', '2025-04-07 05:57:35'),
(5911, 2012, 'ar', 'يجب أن تكون كلمة المرور مختلفة عن اسم المستخدم', '2025-04-07 05:57:35', '2025-04-07 05:57:35'),
(5912, 2013, 'en', 'Password must contain any of the following special characters (! $ % &amp; ( ) * + , - . / @ := ?).', '2025-04-07 05:57:35', '2025-04-07 05:57:35'),
(5913, 2013, 'fr', '-', '2025-04-07 05:57:35', '2025-04-07 05:57:35'),
(5914, 2013, 'ar', 'يجب لكلمة السر أن تحتوي على واحد من الحروف الخاصة التالية (! $ % &amp; ( ) * + , - . / @ : = ?)..', '2025-04-07 05:57:35', '2025-04-07 05:57:35'),
(5915, 2014, 'en', 'Password should have at least one number, one letter, one capital letter and one special character among (!@#$ &amp; -_ .?)', '2025-04-07 05:57:35', '2025-04-07 05:57:35'),
(5916, 2014, 'fr', '-', '2025-04-07 05:57:35', '2025-04-07 05:57:35'),
(5917, 2014, 'ar', 'يجب أن تحتوي كلمة المرور على رقم واحد وحرف واحد وحرف كبير وحرف خاص واحد على الأقل بين (!@#$ &amp; -_ .?)', '2025-04-07 05:57:35', '2025-04-07 05:57:35'),
(5918, 2015, 'en', 'Sorry, your request cannot be processed due to technical reasons. For any assistance please call our customer care center', '2025-04-07 05:57:35', '2025-04-07 05:57:35'),
(5919, 2015, 'fr', '-', '2025-04-07 05:57:35', '2025-04-07 05:57:35'),
(5920, 2015, 'ar', 'نأسف لا يمكن تنفيذ طلبك الآن و ذلك لأسباب فنية. للمزيد من المساعدة يرجى الاتصال بمركز خدمة العملاء', '2025-04-07 05:57:35', '2025-04-07 05:57:35'),
(5921, 2016, 'en', 'Well Done!', '2025-04-07 05:57:35', '2025-04-07 05:57:35'),
(5922, 2016, 'fr', '-', '2025-04-07 05:57:35', '2025-04-07 05:57:35'),
(5923, 2016, 'ar', 'أحسنت!', '2025-04-07 05:57:35', '2025-04-07 05:57:35'),
(5924, 2017, 'en', 'Arabi Pass Password Changed Successfully!', '2025-04-07 05:57:35', '2025-04-07 05:57:35'),
(5925, 2017, 'fr', '-', '2025-04-07 05:57:35', '2025-04-07 05:57:35'),
(5926, 2017, 'ar', 'تم تغيير كلمة مرور عربي باس بنجاح!', '2025-04-07 05:57:35', '2025-04-07 05:57:35'),
(5927, 2018, 'en', 'Done', '2025-04-07 05:57:35', '2025-04-07 05:57:35'),
(5928, 2018, 'fr', '-', '2025-04-07 05:57:35', '2025-04-07 05:57:35'),
(5929, 2018, 'ar', 'تم', '2025-04-07 05:57:35', '2025-04-07 05:57:35'),
(5930, 2019, 'en', 'TODO_BANK', '2025-04-07 05:57:35', '2025-04-07 05:57:35'),
(5931, 2019, 'fr', '-', '2025-04-07 05:57:35', '2025-04-07 05:57:35'),
(5932, 2019, 'ar', 'TODO_BANK', '2025-04-07 05:57:35', '2025-04-07 05:57:35'),
(5933, 2020, 'en', 'TODO_BANK', '2025-04-07 05:57:35', '2025-04-07 05:57:35'),
(5934, 2020, 'fr', '-', '2025-04-07 05:57:35', '2025-04-07 05:57:35'),
(5935, 2020, 'ar', 'TODO_BANK', '2025-04-07 05:57:35', '2025-04-07 05:57:35'),
(5936, 2021, 'en', 'TODO_BANK', '2025-04-07 05:57:35', '2025-04-07 05:57:35'),
(5937, 2021, 'fr', '-', '2025-04-07 05:57:35', '2025-04-07 05:57:35'),
(5938, 2021, 'ar', 'TODO_BANK', '2025-04-07 05:57:35', '2025-04-07 05:57:35'),
(5939, 2022, 'en', 'TODO_BANK', '2025-04-07 05:57:35', '2025-04-07 05:57:35'),
(5940, 2022, 'fr', '-', '2025-04-07 05:57:35', '2025-04-07 05:57:35'),
(5941, 2022, 'ar', 'TODO_BANK', '2025-04-07 05:57:35', '2025-04-07 05:57:35'),
(5942, 2023, 'en', 'TODO_BANK', '2025-04-07 05:57:35', '2025-04-07 05:57:35'),
(5943, 2023, 'fr', '-', '2025-04-07 05:57:35', '2025-04-07 05:57:35'),
(5944, 2023, 'ar', 'TODO_BANK', '2025-04-07 05:57:35', '2025-04-07 05:57:35'),
(5945, 2024, 'en', 'TODO_BANK', '2025-04-07 05:57:35', '2025-04-07 05:57:35'),
(5946, 2024, 'fr', '-', '2025-04-07 05:57:35', '2025-04-07 05:57:35'),
(5947, 2024, 'ar', 'TODO_BANK', '2025-04-07 05:57:35', '2025-04-07 05:57:35'),
(5948, 2025, 'en', 'TODO_BANK', '2025-04-07 05:57:35', '2025-04-07 05:57:35'),
(5949, 2025, 'fr', '-', '2025-04-07 05:57:35', '2025-04-07 05:57:35'),
(5950, 2025, 'ar', 'TODO_BANK', '2025-04-07 05:57:35', '2025-04-07 05:57:35'),
(5951, 2026, 'en', 'TODO_BANK', '2025-04-07 05:57:35', '2025-04-07 05:57:35'),
(5952, 2026, 'fr', '-', '2025-04-07 05:57:35', '2025-04-07 05:57:35'),
(5953, 2026, 'ar', 'TODO_BANK', '2025-04-07 05:57:35', '2025-04-07 05:57:35'),
(5954, 2027, 'en', 'TODO_BANK', '2025-04-07 05:57:35', '2025-04-07 05:57:35'),
(5955, 2027, 'fr', '-', '2025-04-07 05:57:35', '2025-04-07 05:57:35'),
(5956, 2027, 'ar', 'TODO_BANK', '2025-04-07 05:57:35', '2025-04-07 05:57:35'),
(5957, 2028, 'en', 'TODO_BANK', '2025-04-07 05:57:35', '2025-04-07 05:57:35'),
(5958, 2028, 'fr', '-', '2025-04-07 05:57:35', '2025-04-07 05:57:35'),
(5959, 2028, 'ar', 'TODO_BANK', '2025-04-07 05:57:35', '2025-04-07 05:57:35'),
(5960, 2029, 'en', 'Arabi Pass Settings', '2025-04-07 05:57:35', '2025-04-07 05:57:35'),
(5961, 2029, 'fr', '-', '2025-04-07 05:57:35', '2025-04-07 05:57:35'),
(5962, 2029, 'ar', 'إعدادات العربي باس', '2025-04-07 05:57:35', '2025-04-07 05:57:35'),
(5963, 2030, 'en', 'Secure your account', '2025-04-07 05:57:35', '2025-04-07 05:57:35'),
(5964, 2030, 'fr', '-', '2025-04-07 05:57:35', '2025-04-07 05:57:35'),
(5965, 2030, 'ar', 'تأمين حسابك', '2025-04-07 05:57:35', '2025-04-07 05:57:35'),
(5966, 2031, 'en', 'change login password', '2025-04-07 05:57:35', '2025-04-07 05:57:35'),
(5967, 2031, 'fr', '-', '2025-04-07 05:57:35', '2025-04-07 05:57:35'),
(5968, 2031, 'ar', 'تغيير كلمة مرور تسجيل الدخول', '2025-04-07 05:57:35', '2025-04-07 05:57:35'),
(5969, 2032, 'en', 'Face ID and pattern', '2025-04-07 05:57:35', '2025-04-07 05:57:35'),
(5970, 2032, 'fr', '-', '2025-04-07 05:57:35', '2025-04-07 05:57:35'),
(5971, 2032, 'ar', 'معرف الوجه والنمط', '2025-04-07 05:57:35', '2025-04-07 05:57:35'),
(5972, 2033, 'en', 'Authorization password to allow you to login to the mobile app', '2025-04-07 05:57:35', '2025-04-07 05:57:35'),
(5973, 2033, 'fr', '-', '2025-04-07 05:57:35', '2025-04-07 05:57:35'),
(5974, 2033, 'ar', 'كلمة مرور التفويض للسماح لك بتسجيل الدخول إلى تطبيق الهاتف المحمول', '2025-04-07 05:57:35', '2025-04-07 05:57:35'),
(5975, 2034, 'en', 'Change login password', '2025-04-07 05:57:35', '2025-04-07 05:57:35'),
(5976, 2034, 'fr', '-', '2025-04-07 05:57:35', '2025-04-07 05:57:35'),
(5977, 2034, 'ar', 'تغير كلمة السر الخاصة بتسجيل الدخول', '2025-04-07 05:57:35', '2025-04-07 05:57:35'),
(5978, 2035, 'en', 'New password', '2025-04-07 05:57:35', '2025-04-07 05:57:35'),
(5979, 2035, 'fr', '-', '2025-04-07 05:57:35', '2025-04-07 05:57:35'),
(5980, 2035, 'ar', 'كلمة المرور الجديدة', '2025-04-07 05:57:35', '2025-04-07 05:57:35'),
(5981, 2036, 'en', 'Confirm Password', '2025-04-07 05:57:35', '2025-04-07 05:57:35'),
(5982, 2036, 'fr', '-', '2025-04-07 05:57:35', '2025-04-07 05:57:35'),
(5983, 2036, 'ar', 'تأكيد كلمة المرور', '2025-04-07 05:57:35', '2025-04-07 05:57:35'),
(5984, 2037, 'en', 'Please enter your password', '2025-04-07 05:57:35', '2025-04-07 05:57:35'),
(5985, 2037, 'fr', '-', '2025-04-07 05:57:35', '2025-04-07 05:57:35'),
(5986, 2037, 'ar', 'الرجاء إدخال كلمة المرور الخاصة بك', '2025-04-07 05:57:35', '2025-04-07 05:57:35'),
(5987, 2038, 'en', 'Continue', '2025-04-07 05:57:35', '2025-04-07 05:57:35'),
(5988, 2038, 'fr', '-', '2025-04-07 05:57:35', '2025-04-07 05:57:35'),
(5989, 2038, 'ar', 'التالي', '2025-04-07 05:57:35', '2025-04-07 05:57:35'),
(5990, 2039, 'en', 'Password and re-enter password must match', '2025-04-07 05:57:35', '2025-04-07 05:57:35'),
(5991, 2039, 'fr', '-', '2025-04-07 05:57:35', '2025-04-07 05:57:35'),
(5992, 2040, 'en', 'Password must be at least 8 characters long with a maximum of 20 characters.', '2025-04-07 05:57:35', '2025-04-07 05:57:35'),
(5993, 2040, 'fr', '-', '2025-04-07 05:57:35', '2025-04-07 05:57:35'),
(5994, 2040, 'ar', 'طول كلمة السر من 8 إلى 16 خانة.', '2025-04-07 05:57:35', '2025-04-07 05:57:35'),
(5995, 2041, 'en', 'Password cannot be the same as previous 3 passwords', '2025-04-07 05:57:35', '2025-04-07 05:57:35'),
(5996, 2041, 'fr', '-', '2025-04-07 05:57:35', '2025-04-07 05:57:35'),
(5997, 2041, 'ar', 'لا يمكن أن تكون كلمة المرور مماثلة لكلمات المرور الثلاثة السابقة', '2025-04-07 05:57:35', '2025-04-07 05:57:35'),
(5998, 2042, 'en', 'Password is case sensitive', '2025-04-07 05:57:35', '2025-04-07 05:57:35'),
(5999, 2042, 'fr', '-', '2025-04-07 05:57:35', '2025-04-07 05:57:35'),
(6000, 2042, 'ar', 'كلمة المرور حساسة لحالة الأحرف', '2025-04-07 05:57:35', '2025-04-07 05:57:35'),
(6001, 2043, 'en', 'Password should not contain any space', '2025-04-07 05:57:35', '2025-04-07 05:57:35'),
(6002, 2043, 'fr', '-', '2025-04-07 05:57:35', '2025-04-07 05:57:35'),
(6003, 2043, 'ar', 'يجب ألا تحتوي كلمة المرور على أي مسافة', '2025-04-07 05:57:35', '2025-04-07 05:57:35'),
(6004, 2044, 'en', 'Password should be different from the username', '2025-04-07 05:57:35', '2025-04-07 05:57:35'),
(6005, 2044, 'fr', '-', '2025-04-07 05:57:35', '2025-04-07 05:57:35'),
(6006, 2044, 'ar', 'يجب أن تكون كلمة المرور مختلفة عن اسم المستخدم', '2025-04-07 05:57:35', '2025-04-07 05:57:35'),
(6007, 2045, 'en', 'Password must contain any of the following special characters (! $ % &amp; ( ) * + , - . / @ := ?).', '2025-04-07 05:57:35', '2025-04-07 05:57:35'),
(6008, 2045, 'fr', '-', '2025-04-07 05:57:35', '2025-04-07 05:57:35'),
(6009, 2045, 'ar', 'يجب لكلمة السر أن تحتوي على واحد من الحروف الخاصة التالية (! $ % &amp; ( ) * + , - . / @ : = ?)..', '2025-04-07 05:57:35', '2025-04-07 05:57:35'),
(6010, 2046, 'en', 'New password', '2025-04-07 05:57:35', '2025-04-07 05:57:35'),
(6011, 2046, 'fr', '-', '2025-04-07 05:57:35', '2025-04-07 05:57:35'),
(6012, 2046, 'ar', 'كلمة المرور الجديدة', '2025-04-07 05:57:35', '2025-04-07 05:57:35'),
(6013, 2047, 'en', 'New Password should have at least one number, one letter, and one capital letter', '2025-04-07 05:57:35', '2025-04-07 05:57:35'),
(6014, 2047, 'fr', '-', '2025-04-07 05:57:35', '2025-04-07 05:57:35'),
(6015, 2047, 'ar', 'يجب أن تحتوي كلمة المرور الجديدة على رقم واحد وحرف واحد وحرف كبير واحد على الأقل', '2025-04-07 05:57:36', '2025-04-07 05:57:36'),
(6016, 2048, 'en', 'Sorry, your request cannot be processed due to technical reasons. For any assistance please call our customer care center', '2025-04-07 05:57:36', '2025-04-07 05:57:36'),
(6017, 2048, 'fr', '-', '2025-04-07 05:57:36', '2025-04-07 05:57:36'),
(6018, 2048, 'ar', 'نأسف لا يمكن تنفيذ طلبك الآن و ذلك لأسباب فنية. للمزيد من المساعدة يرجى الاتصال بمركز خدمة العملاء', '2025-04-07 05:57:36', '2025-04-07 05:57:36'),
(6019, 2049, 'en', 'Face ID management', '2025-04-07 05:57:36', '2025-04-07 05:57:36'),
(6020, 2049, 'fr', '-', '2025-04-07 05:57:36', '2025-04-07 05:57:36'),
(6021, 2050, 'en', 'Face ID is Active', '2025-04-07 05:57:36', '2025-04-07 05:57:36'),
(6022, 2050, 'fr', '-', '2025-04-07 05:57:36', '2025-04-07 05:57:36'),
(6023, 2050, 'ar', 'معرف الوجه مفعل', '2025-04-07 05:57:36', '2025-04-07 05:57:36'),
(6024, 2051, 'en', 'Accept and Activate', '2025-04-07 05:57:36', '2025-04-07 05:57:36'),
(6025, 2051, 'fr', '-', '2025-04-07 05:57:36', '2025-04-07 05:57:36'),
(6026, 2051, 'ar', 'موافق وقم بالتفعيل', '2025-04-07 05:57:36', '2025-04-07 05:57:36'),
(6027, 2052, 'en', 'cancel', '2025-04-07 05:57:36', '2025-04-07 05:57:36'),
(6028, 2052, 'fr', '-', '2025-04-07 05:57:36', '2025-04-07 05:57:36'),
(6029, 2052, 'ar', 'الغاء', '2025-04-07 05:57:36', '2025-04-07 05:57:36'),
(6030, 2053, 'en', 'Face ID management', '2025-04-07 05:57:36', '2025-04-07 05:57:36'),
(6031, 2053, 'fr', '-', '2025-04-07 05:57:36', '2025-04-07 05:57:36'),
(6032, 2053, 'ar', 'إدارة التعريف بface ID', '2025-04-07 05:57:36', '2025-04-07 05:57:36'),
(6033, 2054, 'en', 'Face ID is not active', '2025-04-07 05:57:36', '2025-04-07 05:57:36'),
(6034, 2054, 'fr', '-', '2025-04-07 05:57:36', '2025-04-07 05:57:36'),
(6035, 2054, 'ar', 'معرف الوجه مفعل غير', '2025-04-07 05:57:36', '2025-04-07 05:57:36'),
(6036, 2055, 'en', 'ON/OFF toggle', '2025-04-07 05:57:36', '2025-04-07 05:57:36'),
(6037, 2055, 'fr', '-', '2025-04-07 05:57:36', '2025-04-07 05:57:36'),
(6038, 2055, 'ar', 'ON/OFF toggle', '2025-04-07 05:57:36', '2025-04-07 05:57:36'),
(6039, 2056, 'en', 'Manage Pattern Authentication', '2025-04-07 05:57:36', '2025-04-07 05:57:36'),
(6040, 2056, 'fr', '-', '2025-04-07 05:57:36', '2025-04-07 05:57:36'),
(6041, 2057, 'en', 'Pattern is defined', '2025-04-07 05:57:36', '2025-04-07 05:57:36'),
(6042, 2057, 'fr', '-', '2025-04-07 05:57:36', '2025-04-07 05:57:36'),
(6043, 2057, 'ar', 'النمط معرف', '2025-04-07 05:57:36', '2025-04-07 05:57:36'),
(6044, 2058, 'en', 'Manage Pattern Authentication', '2025-04-07 05:57:36', '2025-04-07 05:57:36'),
(6045, 2058, 'fr', '-', '2025-04-07 05:57:36', '2025-04-07 05:57:36'),
(6046, 2059, 'en', 'Pattern is not defined', '2025-04-07 05:57:36', '2025-04-07 05:57:36'),
(6047, 2059, 'fr', '-', '2025-04-07 05:57:36', '2025-04-07 05:57:36'),
(6048, 2059, 'ar', 'النمط غير معرف', '2025-04-07 05:57:36', '2025-04-07 05:57:36'),
(6049, 2060, 'en', 'Touch ID management', '2025-04-07 05:57:36', '2025-04-07 05:57:36'),
(6050, 2060, 'fr', '-', '2025-04-07 05:57:36', '2025-04-07 05:57:36'),
(6051, 2060, 'ar', 'إدارة معرف اللمس', '2025-04-07 05:57:36', '2025-04-07 05:57:36'),
(6052, 2061, 'en', 'Touch ID is not active', '2025-04-07 05:57:36', '2025-04-07 05:57:36'),
(6053, 2061, 'fr', '-', '2025-04-07 05:57:36', '2025-04-07 05:57:36'),
(6054, 2061, 'ar', 'معرف اللمس غير مفعل', '2025-04-07 05:57:36', '2025-04-07 05:57:36'),
(6055, 2062, 'en', 'Touch ID is Active', '2025-04-07 05:57:36', '2025-04-07 05:57:36'),
(6056, 2062, 'fr', '-', '2025-04-07 05:57:36', '2025-04-07 05:57:36'),
(6057, 2062, 'ar', 'معرف اللمس مفعل', '2025-04-07 05:57:36', '2025-04-07 05:57:36'),
(6058, 2063, 'en', 'Activate Touch ID', '2025-04-07 05:57:36', '2025-04-07 05:57:36'),
(6059, 2063, 'fr', '-', '2025-04-07 05:57:36', '2025-04-07 05:57:36'),
(6060, 2063, 'ar', 'تفعيل معرف اللمس', '2025-04-07 05:57:36', '2025-04-07 05:57:36'),
(6061, 2064, 'en', 'Face ID and Pattern', '2025-04-07 05:57:36', '2025-04-07 05:57:36'),
(6062, 2064, 'fr', '-', '2025-04-07 05:57:36', '2025-04-07 05:57:36'),
(6063, 2064, 'ar', 'معرف الوجه والنمط', '2025-04-07 05:57:36', '2025-04-07 05:57:36'),
(6064, 2065, 'en', 'For login authentications you can choose only one method from the following', '2025-04-07 05:57:36', '2025-04-07 05:57:36'),
(6065, 2065, 'fr', '-', '2025-04-07 05:57:36', '2025-04-07 05:57:36'),
(6066, 2065, 'ar', 'النسبة لمصادقة تسجيل الدخول، يمكنك اختيار طريقة واحدة فقط مما يلي', '2025-04-07 05:57:36', '2025-04-07 05:57:36'),
(6067, 2066, 'en', 'Face ID', '2025-04-07 05:57:36', '2025-04-07 05:57:36'),
(6068, 2066, 'fr', '-', '2025-04-07 05:57:36', '2025-04-07 05:57:36'),
(6069, 2066, 'ar', 'معرف الوجه', '2025-04-07 05:57:36', '2025-04-07 05:57:36'),
(6070, 2067, 'en', 'Biometric authentication should be enabled on the device, you can enable biometric authentication touch ID or Face ID for easier and faster login', '2025-04-07 05:57:36', '2025-04-07 05:57:36'),
(6071, 2067, 'fr', '-', '2025-04-07 05:57:36', '2025-04-07 05:57:36'),
(6072, 2067, 'ar', 'يجب تمكين المصادقة البيومترية على الجهاز، يمكنك تمكين المصادقة البيومترية باستخدام معرف اللمس أو معرف الوجه لتسجيل الدخول بشكل أسهل وأسرع', '2025-04-07 05:57:36', '2025-04-07 05:57:36'),
(6073, 2068, 'en', 'Touch ID', '2025-04-07 05:57:36', '2025-04-07 05:57:36'),
(6074, 2068, 'fr', '-', '2025-04-07 05:57:36', '2025-04-07 05:57:36'),
(6075, 2068, 'ar', 'معرف اللمس', '2025-04-07 05:57:36', '2025-04-07 05:57:36'),
(6076, 2069, 'en', 'Biometric authentication should be enabled on the device, you can enable biometric authentication touch ID or Face ID for easier and faster login', '2025-04-07 05:57:36', '2025-04-07 05:57:36'),
(6077, 2069, 'fr', '-', '2025-04-07 05:57:36', '2025-04-07 05:57:36'),
(6078, 2069, 'ar', 'يجب تمكين المصادقة البيومترية على الجهاز، يمكنك تمكين المصادقة البيومترية باستخدام معرف اللمس أو معرف الوجه لتسجيل الدخول بشكل أسهل وأسرع', '2025-04-07 05:57:36', '2025-04-07 05:57:36'),
(6079, 2070, 'en', 'Clear', '2025-04-07 05:57:36', '2025-04-07 05:57:36'),
(6080, 2070, 'fr', '-', '2025-04-07 05:57:36', '2025-04-07 05:57:36'),
(6081, 2070, 'ar', 'مسح', '2025-04-07 05:57:36', '2025-04-07 05:57:36'),
(6082, 2071, 'en', 'Next', '2025-04-07 05:57:36', '2025-04-07 05:57:36'),
(6083, 2071, 'fr', '-', '2025-04-07 05:57:36', '2025-04-07 05:57:36'),
(6084, 2071, 'ar', 'التالي', '2025-04-07 05:57:36', '2025-04-07 05:57:36'),
(6085, 2072, 'en', 'Enable biometric login', '2025-04-07 05:57:36', '2025-04-07 05:57:36'),
(6086, 2072, 'fr', '-', '2025-04-07 05:57:36', '2025-04-07 05:57:36'),
(6087, 2072, 'ar', 'تفعيل تسجيل الدخول معرف الوجه', '2025-04-07 05:57:36', '2025-04-07 05:57:36'),
(6088, 2073, 'en', 'Disable biometric login', '2025-04-07 05:57:36', '2025-04-07 05:57:36'),
(6089, 2073, 'fr', '-', '2025-04-07 05:57:36', '2025-04-07 05:57:36'),
(6090, 2073, 'ar', 'إِيْقَاف تسجيل الدخول معرف الوجه', '2025-04-07 05:57:36', '2025-04-07 05:57:36'),
(6091, 2074, 'en', 'Enable/disable Face ID login', '2025-04-07 05:57:36', '2025-04-07 05:57:36'),
(6092, 2074, 'fr', '-', '2025-04-07 05:57:36', '2025-04-07 05:57:36'),
(6093, 2074, 'ar', 'تفعيل/إِيْقَاف تسجيل الدخول معرف الوجه', '2025-04-07 05:57:36', '2025-04-07 05:57:36'),
(6094, 2075, 'en', 'Draw your  login pattern. Connect at least 5 dots.', '2025-04-07 05:57:36', '2025-04-07 05:57:36'),
(6095, 2075, 'fr', '-', '2025-04-07 05:57:36', '2025-04-07 05:57:36'),
(6096, 2075, 'ar', 'ارسم نمط تسجيل الدخول الخاص بك. قم بتوصيل 5 نقاط على الأقل.', '2025-04-07 05:57:36', '2025-04-07 05:57:36'),
(6097, 2076, 'en', 'TODO_BANK', '2025-04-07 05:57:36', '2025-04-07 05:57:36'),
(6098, 2076, 'fr', '-', '2025-04-07 05:57:36', '2025-04-07 05:57:36'),
(6099, 2076, 'ar', 'TODO_BANK', '2025-04-07 05:57:36', '2025-04-07 05:57:36'),
(6100, 2077, 'en', 'TODO_BANK', '2025-04-07 05:57:36', '2025-04-07 05:57:36'),
(6101, 2077, 'fr', '-', '2025-04-07 05:57:36', '2025-04-07 05:57:36'),
(6102, 2077, 'ar', 'TODO_BANK', '2025-04-07 05:57:36', '2025-04-07 05:57:36'),
(6103, 2078, 'en', 'Pattern', '2025-04-07 05:57:36', '2025-04-07 05:57:36'),
(6104, 2078, 'fr', '-', '2025-04-07 05:57:36', '2025-04-07 05:57:36'),
(6105, 2078, 'ar', 'النمط', '2025-04-07 05:57:36', '2025-04-07 05:57:36'),
(6106, 2079, 'en', 'TODO_BANK', '2025-04-07 05:57:36', '2025-04-07 05:57:36'),
(6107, 2079, 'fr', '-', '2025-04-07 05:57:36', '2025-04-07 05:57:36'),
(6108, 2079, 'ar', 'TODO_BANK', '2025-04-07 05:57:36', '2025-04-07 05:57:36'),
(6109, 2080, 'en', 'Device Management', '2025-04-07 05:57:36', '2025-04-07 05:57:36'),
(6110, 2080, 'fr', '-', '2025-04-07 05:57:36', '2025-04-07 05:57:36'),
(6111, 2080, 'ar', 'التحكم بالأجهزة', '2025-04-07 05:57:36', '2025-04-07 05:57:36'),
(6112, 2081, 'en', 'Primary device', '2025-04-07 05:57:36', '2025-04-07 05:57:36'),
(6113, 2081, 'fr', '-', '2025-04-07 05:57:36', '2025-04-07 05:57:36'),
(6114, 2081, 'ar', 'الجهاز الأساسي', '2025-04-07 05:57:36', '2025-04-07 05:57:36'),
(6115, 2082, 'en', 'Registered devices', '2025-04-07 05:57:36', '2025-04-07 05:57:36'),
(6116, 2082, 'fr', '-', '2025-04-07 05:57:36', '2025-04-07 05:57:36'),
(6117, 2082, 'ar', 'الأجهزة المسجلة', '2025-04-07 05:57:36', '2025-04-07 05:57:36'),
(6118, 2083, 'en', 'Device ID', '2025-04-07 05:57:36', '2025-04-07 05:57:36'),
(6119, 2083, 'fr', '-', '2025-04-07 05:57:36', '2025-04-07 05:57:36'),
(6120, 2083, 'ar', 'TODO_BANK', '2025-04-07 05:57:36', '2025-04-07 05:57:36'),
(6121, 2084, 'en', 'Other devices', '2025-04-07 05:57:36', '2025-04-07 05:57:36'),
(6122, 2084, 'fr', '-', '2025-04-07 05:57:36', '2025-04-07 05:57:36'),
(6123, 2084, 'ar', 'الأجهزة الأخرى', '2025-04-07 05:57:36', '2025-04-07 05:57:36'),
(6124, 2085, 'en', 'change primary device', '2025-04-07 05:57:36', '2025-04-07 05:57:36'),
(6125, 2085, 'fr', '-', '2025-04-07 05:57:36', '2025-04-07 05:57:36'),
(6126, 2085, 'ar', 'تغير الجهاز الأساسي', '2025-04-07 05:57:36', '2025-04-07 05:57:36'),
(6127, 2086, 'en', 'continue', '2025-04-07 05:57:36', '2025-04-07 05:57:36'),
(6128, 2086, 'fr', '-', '2025-04-07 05:57:36', '2025-04-07 05:57:36'),
(6129, 2086, 'ar', 'متابعة', '2025-04-07 05:57:36', '2025-04-07 05:57:36'),
(6130, 2087, 'en', 'TODO_BANK', '2025-04-07 05:57:36', '2025-04-07 05:57:36'),
(6131, 2087, 'fr', '-', '2025-04-07 05:57:36', '2025-04-07 05:57:36');
INSERT INTO `translations` (`id`, `resource_id`, `language_code`, `value`, `created_at`, `updated_at`) VALUES
(6132, 2087, 'ar', 'TODO_BANK', '2025-04-07 05:57:36', '2025-04-07 05:57:36'),
(6133, 2088, 'en', 'TODO_BANK', '2025-04-07 05:57:36', '2025-04-07 05:57:36'),
(6134, 2088, 'fr', '-', '2025-04-07 05:57:36', '2025-04-07 05:57:36'),
(6135, 2088, 'ar', 'TODO_BANK', '2025-04-07 05:57:36', '2025-04-07 05:57:36'),
(6136, 2089, 'en', 'TODO_BANK', '2025-04-07 05:57:36', '2025-04-07 05:57:36'),
(6137, 2089, 'fr', '-', '2025-04-07 05:57:36', '2025-04-07 05:57:36'),
(6138, 2089, 'ar', 'TODO_BANK', '2025-04-07 05:57:36', '2025-04-07 05:57:36'),
(6139, 2090, 'en', 'TODO_BANK', '2025-04-07 05:57:36', '2025-04-07 05:57:36'),
(6140, 2090, 'fr', '-', '2025-04-07 05:57:36', '2025-04-07 05:57:36'),
(6141, 2090, 'ar', 'TODO_BANK', '2025-04-07 05:57:36', '2025-04-07 05:57:36'),
(6142, 2091, 'en', 'TODO_BANK', '2025-04-07 05:57:36', '2025-04-07 05:57:36'),
(6143, 2091, 'fr', '-', '2025-04-07 05:57:36', '2025-04-07 05:57:36'),
(6144, 2091, 'ar', 'TODO_BANK', '2025-04-07 05:57:36', '2025-04-07 05:57:36'),
(6145, 2092, 'en', 'TODO_BANK', '2025-04-07 05:57:36', '2025-04-07 05:57:36'),
(6146, 2092, 'fr', '-', '2025-04-07 05:57:36', '2025-04-07 05:57:36'),
(6147, 2092, 'ar', 'TODO_BANK', '2025-04-07 05:57:36', '2025-04-07 05:57:36'),
(6148, 2093, 'en', 'TODO_BANK', '2025-04-07 05:57:36', '2025-04-07 05:57:36'),
(6149, 2093, 'fr', '-', '2025-04-07 05:57:36', '2025-04-07 05:57:36'),
(6150, 2093, 'ar', 'TODO_BANK', '2025-04-07 05:57:36', '2025-04-07 05:57:36'),
(6151, 2094, 'en', 'TODO_BANK', '2025-04-07 05:57:36', '2025-04-07 05:57:36'),
(6152, 2094, 'fr', '-', '2025-04-07 05:57:36', '2025-04-07 05:57:36'),
(6153, 2094, 'ar', 'TODO_BANK', '2025-04-07 05:57:36', '2025-04-07 05:57:36'),
(6154, 2095, 'en', 'TODO_BANK', '2025-04-07 05:57:36', '2025-04-07 05:57:36'),
(6155, 2095, 'fr', '-', '2025-04-07 05:57:36', '2025-04-07 05:57:36'),
(6156, 2095, 'ar', 'TODO_BANK', '2025-04-07 05:57:36', '2025-04-07 05:57:36'),
(6157, 2096, 'en', 'TODO_BANK', '2025-04-07 05:57:36', '2025-04-07 05:57:36'),
(6158, 2096, 'fr', '-', '2025-04-07 05:57:36', '2025-04-07 05:57:36'),
(6159, 2096, 'ar', 'TODO_BANK', '2025-04-07 05:57:36', '2025-04-07 05:57:36'),
(6160, 2097, 'en', 'TODO_BANK', '2025-04-07 05:57:36', '2025-04-07 05:57:36'),
(6161, 2097, 'fr', '-', '2025-04-07 05:57:36', '2025-04-07 05:57:36'),
(6162, 2097, 'ar', 'TODO_BANK', '2025-04-07 05:57:36', '2025-04-07 05:57:36'),
(6163, 2098, 'en', 'TODO_BANK', '2025-04-07 05:57:36', '2025-04-07 05:57:36'),
(6164, 2098, 'fr', '-', '2025-04-07 05:57:36', '2025-04-07 05:57:36'),
(6165, 2098, 'ar', 'TODO_BANK', '2025-04-07 05:57:36', '2025-04-07 05:57:36'),
(6166, 2099, 'en', 'TODO_BANK', '2025-04-07 05:57:36', '2025-04-07 05:57:36'),
(6167, 2099, 'fr', '-', '2025-04-07 05:57:36', '2025-04-07 05:57:36'),
(6168, 2099, 'ar', 'TODO_BANK', '2025-04-07 05:57:36', '2025-04-07 05:57:36'),
(6169, 2100, 'en', 'TODO_BANK', '2025-04-07 05:57:36', '2025-04-07 05:57:36'),
(6170, 2100, 'fr', '-', '2025-04-07 05:57:36', '2025-04-07 05:57:36'),
(6171, 2100, 'ar', 'TODO_BANK', '2025-04-07 05:57:36', '2025-04-07 05:57:36'),
(6172, 2101, 'en', 'TODO_BANK', '2025-04-07 05:57:36', '2025-04-07 05:57:36'),
(6173, 2101, 'fr', '-', '2025-04-07 05:57:36', '2025-04-07 05:57:36'),
(6174, 2101, 'ar', 'TODO_BANK', '2025-04-07 05:57:36', '2025-04-07 05:57:36'),
(6175, 2102, 'en', 'TODO_BANK', '2025-04-07 05:57:36', '2025-04-07 05:57:36'),
(6176, 2102, 'fr', '-', '2025-04-07 05:57:36', '2025-04-07 05:57:36'),
(6177, 2102, 'ar', 'TODO_BANK', '2025-04-07 05:57:36', '2025-04-07 05:57:36'),
(6178, 2103, 'en', 'TODO_BANK', '2025-04-07 05:57:36', '2025-04-07 05:57:36'),
(6179, 2103, 'fr', '-', '2025-04-07 05:57:36', '2025-04-07 05:57:36'),
(6180, 2103, 'ar', 'TODO_BANK', '2025-04-07 05:57:36', '2025-04-07 05:57:36'),
(6181, 2104, 'en', 'TODO_BANK', '2025-04-07 05:57:36', '2025-04-07 05:57:36'),
(6182, 2104, 'fr', '-', '2025-04-07 05:57:36', '2025-04-07 05:57:36'),
(6183, 2104, 'ar', 'TODO_BANK', '2025-04-07 05:57:36', '2025-04-07 05:57:36'),
(6184, 2105, 'en', 'Are you sure you want to log out from Arabi Mobile service?', '2025-04-07 05:57:36', '2025-04-07 05:57:36'),
(6185, 2105, 'fr', 'Êtes-vous sûr de quitter le service Arabi Mobile ?', '2025-04-07 05:57:36', '2025-04-07 05:57:36'),
(6186, 2105, 'ar', 'هل أنت متأكد من الخروج من خدمة عربي موبايل ؟', '2025-04-07 05:57:36', '2025-04-07 05:57:36'),
(6187, 2106, 'en', 'Log out', '2025-04-07 05:57:36', '2025-04-07 05:57:36'),
(6188, 2106, 'ar', 'الخروج', '2025-04-07 05:57:36', '2025-04-07 05:57:36'),
(6189, 2107, 'en', 'Yes', '2025-04-07 05:57:36', '2025-04-07 05:57:36'),
(6190, 2107, 'fr', 'Oui', '2025-04-07 05:57:36', '2025-04-07 05:57:36'),
(6191, 2107, 'ar', 'نعم', '2025-04-07 05:57:36', '2025-04-07 05:57:36'),
(6192, 2108, 'en', 'No', '2025-04-07 05:57:36', '2025-04-07 05:57:36'),
(6193, 2108, 'fr', 'Non', '2025-04-07 05:57:36', '2025-04-07 05:57:36'),
(6194, 2108, 'ar', 'لا', '2025-04-07 05:57:36', '2025-04-07 05:57:36'),
(6195, 2109, 'en', 'Your &quot;Arabi Mobile&quot; session has timed out. Please log in again.', '2025-04-07 05:57:36', '2025-04-07 05:57:36'),
(6196, 2109, 'fr', 'Service &quot;Arabi Mobile&quot; a été automatiquement quitté, veuillez-vous reconnecter', '2025-04-07 05:57:36', '2025-04-07 05:57:36'),
(6197, 2109, 'ar', 'تم الخروج ألياً من خدمة &quot;عربي موبايل&quot;، يرجى إعادة الدخول', '2025-04-07 05:57:36', '2025-04-07 05:57:36'),
(6198, 2110, 'en', 'Sorry, your request cannot be processed due to technical reasons. For any assistance please call our customer care center', '2025-04-07 05:57:36', '2025-04-07 05:57:36'),
(6199, 2110, 'fr', '-', '2025-04-07 05:57:36', '2025-04-07 05:57:36'),
(6200, 2110, 'ar', 'نأسف لا يمكن تنفيذ طلبك الآن و ذلك لأسباب فنية. للمزيد من المساعدة يرجى الاتصال بمركز خدمة العملاء', '2025-04-07 05:57:36', '2025-04-07 05:57:36'),
(6201, 2111, 'en', 'TODO_BANK', '2025-04-07 05:57:36', '2025-04-07 05:57:36'),
(6202, 2111, 'fr', '-', '2025-04-07 05:57:36', '2025-04-07 05:57:36'),
(6203, 2111, 'ar', 'TODO_BANK', '2025-04-07 05:57:36', '2025-04-07 05:57:36'),
(6204, 2112, 'en', 'Your credentials have been updated successfully!', '2025-04-07 05:57:36', '2025-04-07 05:57:36'),
(6205, 2112, 'fr', '-', '2025-04-07 05:57:36', '2025-04-07 05:57:36'),
(6206, 2112, 'ar', 'تم تعديل اسم المستخدم وكلمة السر بنجاح', '2025-04-07 05:57:36', '2025-04-07 05:57:36'),
(6207, 2113, 'en', 'Ok', '2025-04-07 05:57:36', '2025-04-07 05:57:36'),
(6208, 2113, 'fr', '-', '2025-04-07 05:57:36', '2025-04-07 05:57:36'),
(6209, 2113, 'ar', 'تم', '2025-04-07 05:57:36', '2025-04-07 05:57:36'),
(6210, 2114, 'en', 'TODO_BANK', '2025-04-07 05:57:36', '2025-04-07 05:57:36'),
(6211, 2114, 'fr', '-', '2025-04-07 05:57:36', '2025-04-07 05:57:36'),
(6212, 2114, 'ar', 'TODO_BANK', '2025-04-07 05:57:36', '2025-04-07 05:57:36'),
(6213, 2115, 'en', 'TODO_BANK', '2025-04-07 05:57:36', '2025-04-07 05:57:36'),
(6214, 2115, 'fr', '-', '2025-04-07 05:57:36', '2025-04-07 05:57:36'),
(6215, 2115, 'ar', 'TODO_BANK', '2025-04-07 05:57:36', '2025-04-07 05:57:36'),
(6216, 2116, 'en', 'TODO_BANK', '2025-04-07 05:57:36', '2025-04-07 05:57:36'),
(6217, 2116, 'fr', '-', '2025-04-07 05:57:36', '2025-04-07 05:57:36'),
(6218, 2116, 'ar', 'TODO_BANK', '2025-04-07 05:57:36', '2025-04-07 05:57:36'),
(6219, 2117, 'en', 'TODO_BANK', '2025-04-07 05:57:36', '2025-04-07 05:57:36'),
(6220, 2117, 'fr', '-', '2025-04-07 05:57:36', '2025-04-07 05:57:36'),
(6221, 2117, 'ar', 'TODO_BANK', '2025-04-07 05:57:36', '2025-04-07 05:57:36'),
(6222, 2118, 'en', 'TODO_BANK', '2025-04-07 05:57:36', '2025-04-07 05:57:36'),
(6223, 2118, 'fr', '-', '2025-04-07 05:57:36', '2025-04-07 05:57:36'),
(6224, 2118, 'ar', 'TODO_BANK', '2025-04-07 05:57:36', '2025-04-07 05:57:36'),
(6225, 2119, 'en', 'TODO_BANK', '2025-04-07 05:57:36', '2025-04-07 05:57:36'),
(6226, 2119, 'fr', '-', '2025-04-07 05:57:36', '2025-04-07 05:57:36'),
(6227, 2119, 'ar', 'TODO_BANK', '2025-04-07 05:57:36', '2025-04-07 05:57:36'),
(6228, 2120, 'en', 'TODO_BANK', '2025-04-07 05:57:36', '2025-04-07 05:57:36'),
(6229, 2120, 'fr', '-', '2025-04-07 05:57:36', '2025-04-07 05:57:36'),
(6230, 2120, 'ar', 'TODO_BANK', '2025-04-07 05:57:36', '2025-04-07 05:57:36'),
(6231, 2121, 'en', 'TODO_BANK', '2025-04-07 05:57:36', '2025-04-07 05:57:36'),
(6232, 2121, 'fr', '-', '2025-04-07 05:57:36', '2025-04-07 05:57:36'),
(6233, 2121, 'ar', 'TODO_BANK', '2025-04-07 05:57:36', '2025-04-07 05:57:36'),
(6234, 2122, 'en', 'TODO_BANK', '2025-04-07 05:57:36', '2025-04-07 05:57:36'),
(6235, 2122, 'fr', '-', '2025-04-07 05:57:36', '2025-04-07 05:57:36'),
(6236, 2122, 'ar', 'TODO_BANK', '2025-04-07 05:57:36', '2025-04-07 05:57:36'),
(6237, 2123, 'en', 'TODO_BANK', '2025-04-07 05:57:36', '2025-04-07 05:57:36'),
(6238, 2123, 'fr', '-', '2025-04-07 05:57:36', '2025-04-07 05:57:36'),
(6239, 2123, 'ar', 'TODO_BANK', '2025-04-07 05:57:36', '2025-04-07 05:57:36'),
(6240, 2124, 'en', 'TODO_BANK', '2025-04-07 05:57:36', '2025-04-07 05:57:36'),
(6241, 2124, 'fr', '-', '2025-04-07 05:57:36', '2025-04-07 05:57:36'),
(6242, 2124, 'ar', 'TODO_BANK', '2025-04-07 05:57:36', '2025-04-07 05:57:36'),
(6243, 2125, 'en', 'TODO_BANK', '2025-04-07 05:57:37', '2025-04-07 05:57:37'),
(6244, 2125, 'fr', '-', '2025-04-07 05:57:37', '2025-04-07 05:57:37'),
(6245, 2125, 'ar', 'TODO_BANK', '2025-04-07 05:57:37', '2025-04-07 05:57:37'),
(6246, 2126, 'en', 'TODO_BANK', '2025-04-07 05:57:37', '2025-04-07 05:57:37'),
(6247, 2126, 'fr', '-', '2025-04-07 05:57:37', '2025-04-07 05:57:37'),
(6248, 2126, 'ar', 'TODO_BANK', '2025-04-07 05:57:37', '2025-04-07 05:57:37'),
(6249, 2127, 'en', 'TODO_BANK', '2025-04-07 05:57:37', '2025-04-07 05:57:37'),
(6250, 2127, 'fr', '-', '2025-04-07 05:57:37', '2025-04-07 05:57:37'),
(6251, 2127, 'ar', 'TODO_BANK', '2025-04-07 05:57:37', '2025-04-07 05:57:37'),
(6252, 2128, 'en', 'TODO_BANK', '2025-04-07 05:57:37', '2025-04-07 05:57:37'),
(6253, 2128, 'fr', '-', '2025-04-07 05:57:37', '2025-04-07 05:57:37'),
(6254, 2128, 'ar', 'TODO_BANK', '2025-04-07 05:57:37', '2025-04-07 05:57:37'),
(6255, 2129, 'en', 'TODO_BANK', '2025-04-07 05:57:37', '2025-04-07 05:57:37'),
(6256, 2129, 'fr', '-', '2025-04-07 05:57:37', '2025-04-07 05:57:37'),
(6257, 2129, 'ar', 'TODO_BANK', '2025-04-07 05:57:37', '2025-04-07 05:57:37'),
(6258, 2130, 'en', 'TODO_BANK', '2025-04-07 05:57:37', '2025-04-07 05:57:37'),
(6259, 2130, 'fr', '-', '2025-04-07 05:57:37', '2025-04-07 05:57:37'),
(6260, 2130, 'ar', 'TODO_BANK', '2025-04-07 05:57:37', '2025-04-07 05:57:37'),
(7552, 2570, 'en', 'Sorry, your request cannot be processed due to technical reasons. For any assistance please call our customer care center', '2025-04-08 01:00:27', '2025-04-08 01:00:27'),
(7553, 2570, 'fr', '-', '2025-04-08 01:00:27', '2025-04-08 01:00:27'),
(7554, 2570, 'ar', 'نأسف لا يمكن تنفيذ طلبك الآن و ذلك لأسباب فنية. للمزيد من المساعدة يرجى الاتصال بمركز خدمة العملاء', '2025-04-08 01:00:27', '2025-04-08 01:00:27'),
(7555, 2571, 'en', 'Arabi Pass settings', '2025-04-08 01:00:27', '2025-04-08 01:00:27'),
(7556, 2571, 'fr', '-', '2025-04-08 01:00:27', '2025-04-08 01:00:27'),
(7557, 2571, 'ar', 'إعدادات العربي باس', '2025-04-08 01:00:27', '2025-04-08 01:00:27'),
(7558, 2572, 'en', 'Secure your account', '2025-04-08 01:00:27', '2025-04-08 01:00:27'),
(7559, 2572, 'fr', '-', '2025-04-08 01:00:27', '2025-04-08 01:00:27'),
(7560, 2572, 'ar', 'تأمين حسابك', '2025-04-08 01:00:27', '2025-04-08 01:00:27'),
(7561, 2573, 'en', 'Login Methods', '2025-04-08 01:00:27', '2025-04-08 01:00:27'),
(7562, 2573, 'fr', '-', '2025-04-08 01:00:27', '2025-04-08 01:00:27'),
(7563, 2573, 'ar', 'طرق تسجيل الدخول', '2025-04-08 01:00:27', '2025-04-08 01:00:27'),
(7564, 2574, 'en', 'Authorization  Methods', '2025-04-08 01:00:27', '2025-04-08 01:00:27'),
(7565, 2574, 'fr', '-', '2025-04-08 01:00:27', '2025-04-08 01:00:27'),
(7566, 2574, 'ar', 'طرق التفويض', '2025-04-08 01:00:27', '2025-04-08 01:00:27'),
(7567, 2575, 'en', 'General Settings', '2025-04-08 01:00:27', '2025-04-08 01:00:27'),
(7568, 2575, 'fr', '-', '2025-04-08 01:00:27', '2025-04-08 01:00:27'),
(7569, 2576, 'en', 'Manage Devices', '2025-04-08 01:00:27', '2025-04-08 01:00:27'),
(7570, 2576, 'fr', '-', '2025-04-08 01:00:27', '2025-04-08 01:00:27'),
(7571, 2576, 'ar', 'التحكم الأجهزة', '2025-04-08 01:00:27', '2025-04-08 01:00:27'),
(7572, 2577, 'en', 'Manage your registered devices and view activity', '2025-04-08 01:00:27', '2025-04-08 01:00:27'),
(7573, 2577, 'fr', '-', '2025-04-08 01:00:27', '2025-04-08 01:00:27'),
(7574, 2577, 'ar', 'إدارة أجهزتك المسجلة وعرض النشاط', '2025-04-08 01:00:27', '2025-04-08 01:00:27'),
(7575, 2578, 'en', 'Manage joint accounts', '2025-04-08 01:00:27', '2025-04-08 01:00:27'),
(7576, 2578, 'fr', '-', '2025-04-08 01:00:27', '2025-04-08 01:00:27'),
(7577, 2579, 'en', 'TODO_BANK', '2025-04-08 01:00:27', '2025-04-08 01:00:27'),
(7578, 2579, 'fr', '-', '2025-04-08 01:00:27', '2025-04-08 01:00:27'),
(7579, 2579, 'ar', 'TODO_BANK', '2025-04-08 01:00:27', '2025-04-08 01:00:27'),
(7580, 2580, 'en', 'TODO_BANK', '2025-04-08 01:00:27', '2025-04-08 01:00:27'),
(7581, 2580, 'fr', '-', '2025-04-08 01:00:27', '2025-04-08 01:00:27'),
(7582, 2580, 'ar', 'TODO_BANK', '2025-04-08 01:00:27', '2025-04-08 01:00:27'),
(7583, 2581, 'en', 'TODO_BANK', '2025-04-08 01:00:27', '2025-04-08 01:00:27'),
(7584, 2581, 'fr', '-', '2025-04-08 01:00:27', '2025-04-08 01:00:27'),
(7585, 2581, 'ar', 'TODO_BANK', '2025-04-08 01:00:27', '2025-04-08 01:00:27'),
(7586, 2582, 'en', 'TODO_BANK', '2025-04-08 01:00:27', '2025-04-08 01:00:27'),
(7587, 2582, 'fr', '-', '2025-04-08 01:00:27', '2025-04-08 01:00:27'),
(7588, 2582, 'ar', 'TODO_BANK', '2025-04-08 01:00:27', '2025-04-08 01:00:27'),
(7589, 2583, 'en', 'Sorry, your request cannot be processed due to technical reasons. For any assistance please call our customer care center', '2025-04-08 01:00:27', '2025-04-08 01:00:27'),
(7590, 2583, 'fr', '-', '2025-04-08 01:00:27', '2025-04-08 01:00:27'),
(7591, 2583, 'ar', 'نأسف لا يمكن تنفيذ طلبك الآن و ذلك لأسباب فنية. للمزيد من المساعدة يرجى الاتصال بمركز خدمة العملاء', '2025-04-08 01:00:27', '2025-04-08 01:00:27'),
(7592, 2584, 'en', 'Done', '2025-04-08 01:00:27', '2025-04-08 01:00:27'),
(7593, 2584, 'fr', '-', '2025-04-08 01:00:27', '2025-04-08 01:00:27'),
(7594, 2584, 'ar', 'تم', '2025-04-08 01:00:27', '2025-04-08 01:00:27'),
(7595, 2585, 'en', 'Suspended', '2025-04-08 01:00:27', '2025-04-08 01:00:27'),
(7596, 2585, 'fr', '-', '2025-04-08 01:00:27', '2025-04-08 01:00:27'),
(7597, 2585, 'ar', 'تم ايقاف الخدمة', '2025-04-08 01:00:27', '2025-04-08 01:00:27'),
(7598, 2586, 'en', 'Your account has been suspended', '2025-04-08 01:00:27', '2025-04-08 01:00:27'),
(7599, 2586, 'fr', '-', '2025-04-08 01:00:27', '2025-04-08 01:00:27'),
(7600, 2586, 'ar', 'تم إيقاف خدمة الخصائص الحيوية', '2025-04-08 01:00:27', '2025-04-08 01:00:27'),
(7601, 2587, 'en', 'Arabi Pass settings', '2025-04-08 01:00:27', '2025-04-08 01:00:27'),
(7602, 2587, 'fr', '-', '2025-04-08 01:00:27', '2025-04-08 01:00:27'),
(7603, 2587, 'ar', 'إعدادات العربي باس', '2025-04-08 01:00:27', '2025-04-08 01:00:27'),
(7604, 2588, 'en', 'Secure your account', '2025-04-08 01:00:27', '2025-04-08 01:00:27'),
(7605, 2588, 'fr', '-', '2025-04-08 01:00:27', '2025-04-08 01:00:27'),
(7606, 2588, 'ar', 'تأمين حسابك', '2025-04-08 01:00:27', '2025-04-08 01:00:27'),
(7607, 2589, 'en', 'Set authorization methods', '2025-04-08 01:00:27', '2025-04-08 01:00:27'),
(7608, 2589, 'fr', '-', '2025-04-08 01:00:27', '2025-04-08 01:00:27'),
(7609, 2589, 'ar', 'ضبط طرق التفويض', '2025-04-08 01:00:27', '2025-04-08 01:00:27'),
(7610, 2590, 'en', 'Facial biometrics', '2025-04-08 01:00:27', '2025-04-08 01:00:27'),
(7611, 2590, 'fr', '-', '2025-04-08 01:00:27', '2025-04-08 01:00:27'),
(7612, 2590, 'ar', 'القياسات الحيوية للوجه', '2025-04-08 01:00:27', '2025-04-08 01:00:27'),
(7613, 2591, 'en', 'Arabi token', '2025-04-08 01:00:27', '2025-04-08 01:00:27'),
(7614, 2591, 'fr', '-', '2025-04-08 01:00:27', '2025-04-08 01:00:27'),
(7615, 2591, 'ar', 'رمز عربي', '2025-04-08 01:00:27', '2025-04-08 01:00:27'),
(7616, 2592, 'en', 'Authorization password', '2025-04-08 01:00:27', '2025-04-08 01:00:27'),
(7617, 2592, 'fr', '-', '2025-04-08 01:00:27', '2025-04-08 01:00:27'),
(7618, 2592, 'ar', 'كلمة السر الخاصة بالتفويض', '2025-04-08 01:00:27', '2025-04-08 01:00:27'),
(7619, 2593, 'en', 'Set Authorization Method', '2025-04-08 01:00:27', '2025-04-08 01:00:27'),
(7620, 2593, 'fr', '-', '2025-04-08 01:00:27', '2025-04-08 01:00:27'),
(7621, 2593, 'ar', 'ضبط طرق التفويض', '2025-04-08 01:00:27', '2025-04-08 01:00:27'),
(7622, 2594, 'en', 'Facial Biometrics', '2025-04-08 01:00:27', '2025-04-08 01:00:27'),
(7623, 2594, 'fr', '-', '2025-04-08 01:00:27', '2025-04-08 01:00:27'),
(7624, 2594, 'ar', 'القياسات الحيوية للوجه', '2025-04-08 01:00:27', '2025-04-08 01:00:27'),
(7625, 2595, 'en', 'Arabi Token', '2025-04-08 01:00:27', '2025-04-08 01:00:27'),
(7626, 2595, 'fr', '-', '2025-04-08 01:00:27', '2025-04-08 01:00:27'),
(7627, 2595, 'ar', 'رمز عربي', '2025-04-08 01:00:27', '2025-04-08 01:00:27'),
(7628, 2596, 'en', 'Authorization Password', '2025-04-08 01:00:27', '2025-04-08 01:00:27'),
(7629, 2596, 'fr', '-', '2025-04-08 01:00:27', '2025-04-08 01:00:27'),
(7630, 2596, 'ar', 'كلمة السر الخاصة بالتفويض', '2025-04-08 01:00:27', '2025-04-08 01:00:27'),
(7631, 2597, 'en', 'Continue', '2025-04-08 01:00:27', '2025-04-08 01:00:27'),
(7632, 2597, 'fr', '-', '2025-04-08 01:00:27', '2025-04-08 01:00:27'),
(7633, 2597, 'ar', 'التالي', '2025-04-08 01:00:27', '2025-04-08 01:00:27'),
(7634, 2598, 'en', 'Authorization method updated', '2025-04-08 01:00:27', '2025-04-08 01:00:27'),
(7635, 2598, 'fr', '-', '2025-04-08 01:00:27', '2025-04-08 01:00:27'),
(7636, 2598, 'ar', 'تم تحديث طريقة التفويض', '2025-04-08 01:00:27', '2025-04-08 01:00:27'),
(7637, 2599, 'en', '(The selected method) has been set as your authorization method sucessfully', '2025-04-08 01:00:27', '2025-04-08 01:00:27'),
(7638, 2599, 'fr', '-', '2025-04-08 01:00:27', '2025-04-08 01:00:27'),
(7639, 2599, 'ar', 'تم تعيين (الطريقة المحددة) كطريقة التفويض الخاصة بك بنجاح', '2025-04-08 01:00:27', '2025-04-08 01:00:27'),
(7640, 2600, 'en', 'Sorry, your request cannot be processed due to technical reasons. For any assistance please call our customer care center', '2025-04-08 01:00:27', '2025-04-08 01:00:27'),
(7641, 2600, 'fr', '-', '2025-04-08 01:00:27', '2025-04-08 01:00:27'),
(7642, 2600, 'ar', 'نأسف لا يمكن تنفيذ طلبك الآن و ذلك لأسباب فنية. للمزيد من المساعدة يرجى الاتصال بمركز خدمة العملاء', '2025-04-08 01:00:27', '2025-04-08 01:00:27'),
(7643, 2601, 'en', 'Sorry, your request cannot be processed due to technical reasons. For any assistance please call our customer care center', '2025-04-08 01:00:27', '2025-04-08 01:00:27'),
(7644, 2601, 'fr', '-', '2025-04-08 01:00:27', '2025-04-08 01:00:27'),
(7645, 2601, 'ar', 'نأسف لا يمكن تنفيذ طلبك الآن و ذلك لأسباب فنية. للمزيد من المساعدة يرجى الاتصال بمركز خدمة العملاء', '2025-04-08 01:00:27', '2025-04-08 01:00:27'),
(7646, 2602, 'en', 'cancel', '2025-04-08 01:00:27', '2025-04-08 01:00:27'),
(7647, 2602, 'fr', '-', '2025-04-08 01:00:27', '2025-04-08 01:00:27'),
(7648, 2602, 'ar', 'الغاء', '2025-04-08 01:00:27', '2025-04-08 01:00:27'),
(7649, 2603, 'en', 'Proceed', '2025-04-08 01:00:27', '2025-04-08 01:00:27'),
(7650, 2603, 'fr', '-', '2025-04-08 01:00:27', '2025-04-08 01:00:27'),
(7651, 2603, 'ar', 'تابع', '2025-04-08 01:00:27', '2025-04-08 01:00:27'),
(7652, 2604, 'en', 'You don’t have any active methods', '2025-04-08 01:00:27', '2025-04-08 01:00:27'),
(7653, 2604, 'fr', '-', '2025-04-08 01:00:27', '2025-04-08 01:00:27'),
(7654, 2604, 'ar', 'ليس لديك أي أساليب نشطة', '2025-04-08 01:00:27', '2025-04-08 01:00:27'),
(7655, 2605, 'en', 'Activate a method', '2025-04-08 01:00:27', '2025-04-08 01:00:27'),
(7656, 2605, 'fr', '-', '2025-04-08 01:00:27', '2025-04-08 01:00:27'),
(7657, 2605, 'ar', 'تفعيل طريقة', '2025-04-08 01:00:27', '2025-04-08 01:00:27'),
(7658, 2606, 'en', 'TODO_BANK', '2025-04-08 01:00:27', '2025-04-08 01:00:27'),
(7659, 2606, 'fr', '-', '2025-04-08 01:00:27', '2025-04-08 01:00:27'),
(7660, 2606, 'ar', 'TODO_BANK', '2025-04-08 01:00:27', '2025-04-08 01:00:27'),
(7661, 2607, 'en', 'TODO_BANK', '2025-04-08 01:00:27', '2025-04-08 01:00:27'),
(7662, 2607, 'fr', '-', '2025-04-08 01:00:27', '2025-04-08 01:00:27'),
(7663, 2607, 'ar', 'TODO_BANK', '2025-04-08 01:00:27', '2025-04-08 01:00:27'),
(7664, 2608, 'en', 'verify your identity', '2025-04-08 01:00:27', '2025-04-08 01:00:27'),
(7665, 2608, 'fr', '-', '2025-04-08 01:00:27', '2025-04-08 01:00:27'),
(7666, 2608, 'ar', 'التحقق من هويتك', '2025-04-08 01:00:27', '2025-04-08 01:00:27'),
(7667, 2609, 'en', 'Selfie time!', '2025-04-08 01:00:27', '2025-04-08 01:00:27'),
(7668, 2609, 'fr', '-', '2025-04-08 01:00:27', '2025-04-08 01:00:27'),
(7669, 2610, 'en', 'To make sure your photo passes our ID verification please follow these guidelines:', '2025-04-08 01:00:27', '2025-04-08 01:00:27'),
(7670, 2610, 'fr', '-', '2025-04-08 01:00:27', '2025-04-08 01:00:27'),
(7671, 2610, 'ar', 'لتأكد من اجتياز صورتك للتحقق من الهوية، يرجى اتباع الإرشادات التالية:', '2025-04-08 01:00:27', '2025-04-08 01:00:27'),
(7672, 2611, 'en', 'Good Lighting', '2025-04-08 01:00:27', '2025-04-08 01:00:27'),
(7673, 2611, 'fr', '-', '2025-04-08 01:00:27', '2025-04-08 01:00:27'),
(7674, 2611, 'ar', 'إضاءة جيدة', '2025-04-08 01:00:27', '2025-04-08 01:00:27'),
(7675, 2612, 'en', 'Make sure you are in a well-lit area without glare or extreme lighting', '2025-04-08 01:00:27', '2025-04-08 01:00:27'),
(7676, 2612, 'fr', '-', '2025-04-08 01:00:27', '2025-04-08 01:00:27'),
(7677, 2612, 'ar', 'تأكد من أنك في منطقة مضاءة جيدًا دون وهج أو إضاءة شديدة', '2025-04-08 01:00:27', '2025-04-08 01:00:27'),
(7678, 2613, 'en', 'Look straight', '2025-04-08 01:00:27', '2025-04-08 01:00:27'),
(7679, 2613, 'fr', '-', '2025-04-08 01:00:27', '2025-04-08 01:00:27'),
(7680, 2613, 'ar', 'انظر بشكل مستقيم', '2025-04-08 01:00:27', '2025-04-08 01:00:27'),
(7681, 2614, 'en', 'Hold your phone at eye level and look straight into the camera', '2025-04-08 01:00:27', '2025-04-08 01:00:27'),
(7682, 2614, 'fr', '-', '2025-04-08 01:00:27', '2025-04-08 01:00:27'),
(7683, 2614, 'ar', 'أمسك هاتفك على مستوى العين وانظر مباشرة إلى الكاميرا', '2025-04-08 01:00:27', '2025-04-08 01:00:27'),
(7684, 2615, 'en', 'Hold steady', '2025-04-08 01:00:27', '2025-04-08 01:00:27'),
(7685, 2615, 'fr', '-', '2025-04-08 01:00:27', '2025-04-08 01:00:27'),
(7686, 2616, 'en', 'Make sure not to move your phone', '2025-04-08 01:00:27', '2025-04-08 01:00:27'),
(7687, 2616, 'fr', '-', '2025-04-08 01:00:27', '2025-04-08 01:00:27'),
(7688, 2616, 'ar', 'تأكد من عدم تحريك هاتفك', '2025-04-08 01:00:27', '2025-04-08 01:00:27'),
(7689, 2617, 'en', 'Please consider', '2025-04-08 01:00:27', '2025-04-08 01:00:27'),
(7690, 2617, 'fr', '-', '2025-04-08 01:00:27', '2025-04-08 01:00:27'),
(7691, 2617, 'ar', 'يرجى الأخذ بعين الاعتبار', '2025-04-08 01:00:27', '2025-04-08 01:00:27'),
(7692, 2618, 'en', 'Neutral expression, no smiling, no glasses', '2025-04-08 01:00:27', '2025-04-08 01:00:27'),
(7693, 2618, 'fr', '-', '2025-04-08 01:00:27', '2025-04-08 01:00:27'),
(7694, 2618, 'ar', 'تعبير محايد، لا ابتسامة ولا نظارات', '2025-04-08 01:00:27', '2025-04-08 01:00:27'),
(7695, 2619, 'en', 'Your photo will be reviewed', '2025-04-08 01:00:27', '2025-04-08 01:00:27'),
(7696, 2619, 'fr', '-', '2025-04-08 01:00:27', '2025-04-08 01:00:27'),
(7697, 2619, 'ar', 'سيتم مراجعة صورتك', '2025-04-08 01:00:27', '2025-04-08 01:00:27'),
(7698, 2620, 'en', 'We will review your photo to verify your identity', '2025-04-08 01:00:27', '2025-04-08 01:00:27'),
(7699, 2620, 'fr', '-', '2025-04-08 01:00:27', '2025-04-08 01:00:27'),
(7700, 2620, 'ar', 'سنراجع صورتك للتحقق من هويتك', '2025-04-08 01:00:27', '2025-04-08 01:00:27'),
(7701, 2621, 'en', 'Take my selfie', '2025-04-08 01:00:27', '2025-04-08 01:00:27'),
(7702, 2621, 'fr', '-', '2025-04-08 01:00:27', '2025-04-08 01:00:27'),
(7703, 2621, 'ar', 'اخذ صورتي الشخصية', '2025-04-08 01:00:27', '2025-04-08 01:00:27'),
(7704, 2622, 'en', 'Face ID', '2025-04-08 01:00:27', '2025-04-08 01:00:27'),
(7705, 2622, 'fr', '-', '2025-04-08 01:00:27', '2025-04-08 01:00:27'),
(7706, 2623, 'en', 'Position your face', '2025-04-08 01:00:27', '2025-04-08 01:00:27'),
(7707, 2623, 'fr', '-', '2025-04-08 01:00:28', '2025-04-08 01:00:28'),
(7708, 2623, 'ar', 'ضع وجهك', '2025-04-08 01:00:28', '2025-04-08 01:00:28'),
(7709, 2624, 'en', 'Verify your identity', '2025-04-08 01:00:28', '2025-04-08 01:00:28'),
(7710, 2624, 'fr', '-', '2025-04-08 01:00:28', '2025-04-08 01:00:28'),
(7711, 2624, 'ar', 'التحقق من هويتك', '2025-04-08 01:00:28', '2025-04-08 01:00:28'),
(7712, 2625, 'en', 'It will only take seconds', '2025-04-08 01:00:28', '2025-04-08 01:00:28'),
(7713, 2625, 'fr', '-', '2025-04-08 01:00:28', '2025-04-08 01:00:28'),
(7714, 2625, 'ar', 'سوف يستغرق ثواني فقط', '2025-04-08 01:00:28', '2025-04-08 01:00:28'),
(7715, 2626, 'en', 'Submit photo', '2025-04-08 01:00:28', '2025-04-08 01:00:28'),
(7716, 2626, 'fr', '-', '2025-04-08 01:00:28', '2025-04-08 01:00:28'),
(7717, 2626, 'ar', 'إرسال الصورة', '2025-04-08 01:00:28', '2025-04-08 01:00:28'),
(7718, 2627, 'en', 'Retake', '2025-04-08 01:00:28', '2025-04-08 01:00:28'),
(7719, 2627, 'fr', '-', '2025-04-08 01:00:28', '2025-04-08 01:00:28'),
(7720, 2627, 'ar', 'إعادة الالتقاط', '2025-04-08 01:00:28', '2025-04-08 01:00:28'),
(7721, 2628, 'en', 'Authorization password', '2025-04-08 01:00:28', '2025-04-08 01:00:28'),
(7722, 2628, 'fr', '-', '2025-04-08 01:00:28', '2025-04-08 01:00:28'),
(7723, 2628, 'ar', 'كلمة السر الخاصة بالتفويض', '2025-04-08 01:00:28', '2025-04-08 01:00:28'),
(7724, 2629, 'en', 'Secure your account', '2025-04-08 01:00:28', '2025-04-08 01:00:28'),
(7725, 2629, 'fr', '-', '2025-04-08 01:00:28', '2025-04-08 01:00:28'),
(7726, 2629, 'ar', 'تأمين حسابك', '2025-04-08 01:00:28', '2025-04-08 01:00:28'),
(7727, 2630, 'en', 'New password', '2025-04-08 01:00:28', '2025-04-08 01:00:28'),
(7728, 2630, 'fr', '-', '2025-04-08 01:00:28', '2025-04-08 01:00:28'),
(7729, 2630, 'ar', 'كلمة المرور الجديدة', '2025-04-08 01:00:28', '2025-04-08 01:00:28'),
(7730, 2631, 'en', 'Confirm Password', '2025-04-08 01:00:28', '2025-04-08 01:00:28'),
(7731, 2631, 'fr', '-', '2025-04-08 01:00:28', '2025-04-08 01:00:28'),
(7732, 2631, 'ar', 'تأكيد كلمة المرور', '2025-04-08 01:00:28', '2025-04-08 01:00:28'),
(7733, 2632, 'en', 'Please enter your password', '2025-04-08 01:00:28', '2025-04-08 01:00:28'),
(7734, 2632, 'fr', '-', '2025-04-08 01:00:28', '2025-04-08 01:00:28'),
(7735, 2632, 'ar', 'الرجاء إدخال كلمة المرور الخاصة بك', '2025-04-08 01:00:28', '2025-04-08 01:00:28'),
(7736, 2633, 'en', 'Continue', '2025-04-08 01:00:28', '2025-04-08 01:00:28'),
(7737, 2633, 'fr', '-', '2025-04-08 01:00:28', '2025-04-08 01:00:28'),
(7738, 2633, 'ar', 'التالي', '2025-04-08 01:00:28', '2025-04-08 01:00:28'),
(7739, 2634, 'en', 'Password and re-enter password must match', '2025-04-08 01:00:28', '2025-04-08 01:00:28'),
(7740, 2634, 'fr', '-', '2025-04-08 01:00:28', '2025-04-08 01:00:28'),
(7741, 2635, 'en', 'Password must be at least 8 characters long with a maximum of 20 characters.', '2025-04-08 01:00:28', '2025-04-08 01:00:28'),
(7742, 2635, 'fr', '-', '2025-04-08 01:00:28', '2025-04-08 01:00:28'),
(7743, 2635, 'ar', 'طول كلمة السر من 8 إلى 16 خانة.', '2025-04-08 01:00:28', '2025-04-08 01:00:28'),
(7744, 2636, 'en', 'Password cannot be the same as previous 3 passwords', '2025-04-08 01:00:28', '2025-04-08 01:00:28'),
(7745, 2636, 'fr', '-', '2025-04-08 01:00:28', '2025-04-08 01:00:28'),
(7746, 2636, 'ar', 'لا يمكن أن تكون كلمة المرور مماثلة لكلمات المرور الثلاثة السابقة', '2025-04-08 01:00:28', '2025-04-08 01:00:28'),
(7747, 2637, 'en', 'Password is case sensitive', '2025-04-08 01:00:28', '2025-04-08 01:00:28'),
(7748, 2637, 'fr', '-', '2025-04-08 01:00:28', '2025-04-08 01:00:28'),
(7749, 2637, 'ar', 'كلمة المرور حساسة لحالة الأحرف', '2025-04-08 01:00:28', '2025-04-08 01:00:28'),
(7750, 2638, 'en', 'Password should not contain any space', '2025-04-08 01:00:28', '2025-04-08 01:00:28'),
(7751, 2638, 'fr', '-', '2025-04-08 01:00:28', '2025-04-08 01:00:28'),
(7752, 2638, 'ar', 'يجب ألا تحتوي كلمة المرور على أي مسافة', '2025-04-08 01:00:28', '2025-04-08 01:00:28'),
(7753, 2639, 'en', 'Password should be different from the username', '2025-04-08 01:00:28', '2025-04-08 01:00:28'),
(7754, 2639, 'fr', '-', '2025-04-08 01:00:28', '2025-04-08 01:00:28'),
(7755, 2639, 'ar', 'يجب أن تكون كلمة المرور مختلفة عن اسم المستخدم', '2025-04-08 01:00:28', '2025-04-08 01:00:28'),
(7756, 2640, 'en', 'Password must contain any of the following special characters (! $ % &amp; ( ) * + , - . / @ := ?).', '2025-04-08 01:00:28', '2025-04-08 01:00:28'),
(7757, 2640, 'fr', '-', '2025-04-08 01:00:28', '2025-04-08 01:00:28'),
(7758, 2640, 'ar', 'يجب لكلمة السر أن تحتوي على واحد من الحروف الخاصة التالية (! $ % &amp; ( ) * + , - . / @ : = ?)..', '2025-04-08 01:00:28', '2025-04-08 01:00:28'),
(7759, 2641, 'en', 'Password should have at least one number, one letter, one capital letter and one special character among (!@#$ &amp; -_ .?)', '2025-04-08 01:00:28', '2025-04-08 01:00:28'),
(7760, 2641, 'fr', '-', '2025-04-08 01:00:28', '2025-04-08 01:00:28'),
(7761, 2641, 'ar', 'يجب أن تحتوي كلمة المرور على رقم واحد وحرف واحد وحرف كبير وحرف خاص واحد على الأقل بين (!@#$ &amp; -_ .?)', '2025-04-08 01:00:28', '2025-04-08 01:00:28'),
(7762, 2642, 'en', 'TODO_BANK', '2025-04-08 01:00:28', '2025-04-08 01:00:28'),
(7763, 2642, 'fr', '-', '2025-04-08 01:00:28', '2025-04-08 01:00:28'),
(7764, 2642, 'ar', 'TODO_BANK', '2025-04-08 01:00:28', '2025-04-08 01:00:28'),
(7765, 2643, 'en', 'TODO_BANK', '2025-04-08 01:00:28', '2025-04-08 01:00:28'),
(7766, 2643, 'fr', '-', '2025-04-08 01:00:28', '2025-04-08 01:00:28'),
(7767, 2643, 'ar', 'TODO_BANK', '2025-04-08 01:00:28', '2025-04-08 01:00:28'),
(7768, 2644, 'en', 'Sorry, your request cannot be processed due to technical reasons. For any assistance please call our customer care center', '2025-04-08 01:00:28', '2025-04-08 01:00:28'),
(7769, 2644, 'fr', '-', '2025-04-08 01:00:28', '2025-04-08 01:00:28'),
(7770, 2644, 'ar', 'نأسف لا يمكن تنفيذ طلبك الآن و ذلك لأسباب فنية. للمزيد من المساعدة يرجى الاتصال بمركز خدمة العملاء', '2025-04-08 01:00:28', '2025-04-08 01:00:28'),
(7771, 2645, 'en', 'Successfully', '2025-04-08 01:00:28', '2025-04-08 01:00:28'),
(7772, 2645, 'fr', '-', '2025-04-08 01:00:28', '2025-04-08 01:00:28'),
(7773, 2646, 'en', 'You have successfully changed the authorization password', '2025-04-08 01:00:28', '2025-04-08 01:00:28'),
(7774, 2646, 'fr', '-', '2025-04-08 01:00:28', '2025-04-08 01:00:28'),
(7775, 2646, 'ar', 'لقد قمت بتغيير كلمة مرور التفويض بنجاح', '2025-04-08 01:00:28', '2025-04-08 01:00:28'),
(7776, 2647, 'en', 'Done', '2025-04-08 01:00:28', '2025-04-08 01:00:28'),
(7777, 2647, 'fr', '-', '2025-04-08 01:00:28', '2025-04-08 01:00:28'),
(7778, 2647, 'ar', 'تم', '2025-04-08 01:00:28', '2025-04-08 01:00:28'),
(7779, 2648, 'en', 'TODO_BANK', '2025-04-08 01:00:28', '2025-04-08 01:00:28'),
(7780, 2648, 'fr', '-', '2025-04-08 01:00:28', '2025-04-08 01:00:28'),
(7781, 2648, 'ar', 'TODO_BANK', '2025-04-08 01:00:28', '2025-04-08 01:00:28'),
(7782, 2649, 'en', 'TODO_BANK', '2025-04-08 01:00:28', '2025-04-08 01:00:28'),
(7783, 2649, 'fr', '-', '2025-04-08 01:00:28', '2025-04-08 01:00:28'),
(7784, 2649, 'ar', 'TODO_BANK', '2025-04-08 01:00:28', '2025-04-08 01:00:28'),
(7785, 2650, 'en', 'TODO_BANK', '2025-04-08 01:00:28', '2025-04-08 01:00:28'),
(7786, 2650, 'fr', '-', '2025-04-08 01:00:28', '2025-04-08 01:00:28'),
(7787, 2650, 'ar', 'TODO_BANK', '2025-04-08 01:00:28', '2025-04-08 01:00:28'),
(7788, 2651, 'en', 'TODO_BANK', '2025-04-08 01:00:28', '2025-04-08 01:00:28'),
(7789, 2651, 'fr', '-', '2025-04-08 01:00:28', '2025-04-08 01:00:28'),
(7790, 2651, 'ar', 'TODO_BANK', '2025-04-08 01:00:28', '2025-04-08 01:00:28'),
(7791, 2652, 'en', 'TODO_BANK', '2025-04-08 01:00:28', '2025-04-08 01:00:28'),
(7792, 2652, 'fr', '-', '2025-04-08 01:00:28', '2025-04-08 01:00:28'),
(7793, 2652, 'ar', 'TODO_BANK', '2025-04-08 01:00:28', '2025-04-08 01:00:28'),
(7794, 2653, 'en', 'TODO_BANK', '2025-04-08 01:00:28', '2025-04-08 01:00:28'),
(7795, 2653, 'fr', '-', '2025-04-08 01:00:28', '2025-04-08 01:00:28'),
(7796, 2653, 'ar', 'TODO_BANK', '2025-04-08 01:00:28', '2025-04-08 01:00:28'),
(7797, 2654, 'en', 'TODO_BANK', '2025-04-08 01:00:28', '2025-04-08 01:00:28'),
(7798, 2654, 'fr', '-', '2025-04-08 01:00:28', '2025-04-08 01:00:28'),
(7799, 2654, 'ar', 'TODO_BANK', '2025-04-08 01:00:28', '2025-04-08 01:00:28'),
(7800, 2655, 'en', 'TODO_BANK', '2025-04-08 01:00:28', '2025-04-08 01:00:28'),
(7801, 2655, 'fr', '-', '2025-04-08 01:00:28', '2025-04-08 01:00:28'),
(7802, 2655, 'ar', 'TODO_BANK', '2025-04-08 01:00:28', '2025-04-08 01:00:28'),
(7803, 2656, 'en', 'TODO_BANK', '2025-04-08 01:00:28', '2025-04-08 01:00:28'),
(7804, 2656, 'fr', '-', '2025-04-08 01:00:28', '2025-04-08 01:00:28'),
(7805, 2656, 'ar', 'TODO_BANK', '2025-04-08 01:00:28', '2025-04-08 01:00:28'),
(7806, 2657, 'en', 'TODO_BANK', '2025-04-08 01:00:28', '2025-04-08 01:00:28'),
(7807, 2657, 'fr', '-', '2025-04-08 01:00:28', '2025-04-08 01:00:28'),
(7808, 2657, 'ar', 'TODO_BANK', '2025-04-08 01:00:28', '2025-04-08 01:00:28'),
(7809, 2658, 'en', 'TODO_BANK', '2025-04-08 01:00:28', '2025-04-08 01:00:28'),
(7810, 2658, 'fr', '-', '2025-04-08 01:00:28', '2025-04-08 01:00:28'),
(7811, 2658, 'ar', 'TODO_BANK', '2025-04-08 01:00:28', '2025-04-08 01:00:28'),
(7812, 2659, 'en', 'TODO_BANK', '2025-04-08 01:00:28', '2025-04-08 01:00:28'),
(7813, 2659, 'fr', '-', '2025-04-08 01:00:28', '2025-04-08 01:00:28'),
(7814, 2659, 'ar', 'TODO_BANK', '2025-04-08 01:00:28', '2025-04-08 01:00:28'),
(7815, 2660, 'en', 'Change Authorization password', '2025-04-08 01:00:28', '2025-04-08 01:00:28'),
(7816, 2660, 'fr', '-', '2025-04-08 01:00:28', '2025-04-08 01:00:28'),
(7817, 2660, 'ar', 'تغير كلمة السر الخاصة بالتفويض', '2025-04-08 01:00:28', '2025-04-08 01:00:28'),
(7818, 2661, 'en', 'New password', '2025-04-08 01:00:28', '2025-04-08 01:00:28'),
(7819, 2661, 'fr', '-', '2025-04-08 01:00:28', '2025-04-08 01:00:28'),
(7820, 2661, 'ar', 'كلمة المرور الجديدة', '2025-04-08 01:00:28', '2025-04-08 01:00:28'),
(7821, 2662, 'en', 'Confirm Password', '2025-04-08 01:00:28', '2025-04-08 01:00:28'),
(7822, 2662, 'fr', '-', '2025-04-08 01:00:28', '2025-04-08 01:00:28'),
(7823, 2662, 'ar', 'تأكيد كلمة المرور', '2025-04-08 01:00:28', '2025-04-08 01:00:28'),
(7824, 2663, 'en', 'Please enter your password', '2025-04-08 01:00:28', '2025-04-08 01:00:28'),
(7825, 2663, 'fr', '-', '2025-04-08 01:00:28', '2025-04-08 01:00:28'),
(7826, 2663, 'ar', 'الرجاء إدخال كلمة المرور الخاصة بك', '2025-04-08 01:00:28', '2025-04-08 01:00:28'),
(7827, 2664, 'en', 'Continue', '2025-04-08 01:00:28', '2025-04-08 01:00:28'),
(7828, 2664, 'fr', '-', '2025-04-08 01:00:28', '2025-04-08 01:00:28'),
(7829, 2664, 'ar', 'التالي', '2025-04-08 01:00:28', '2025-04-08 01:00:28'),
(7830, 2665, 'en', 'Password and re-enter password must match', '2025-04-08 01:00:28', '2025-04-08 01:00:28'),
(7831, 2665, 'fr', '-', '2025-04-08 01:00:28', '2025-04-08 01:00:28'),
(7832, 2666, 'en', 'Password must be at least 8 characters long with a maximum of 20 characters.', '2025-04-08 01:00:28', '2025-04-08 01:00:28'),
(7833, 2666, 'fr', '-', '2025-04-08 01:00:28', '2025-04-08 01:00:28'),
(7834, 2666, 'ar', 'طول كلمة السر من 8 إلى 16 خانة.', '2025-04-08 01:00:28', '2025-04-08 01:00:28'),
(7835, 2667, 'en', 'Password cannot be the same as previous 3 passwords', '2025-04-08 01:00:28', '2025-04-08 01:00:28'),
(7836, 2667, 'fr', '-', '2025-04-08 01:00:28', '2025-04-08 01:00:28'),
(7837, 2667, 'ar', 'لا يمكن أن تكون كلمة المرور مماثلة لكلمات المرور الثلاثة السابقة', '2025-04-08 01:00:28', '2025-04-08 01:00:28'),
(7838, 2668, 'en', 'Password is case sensitive', '2025-04-08 01:00:28', '2025-04-08 01:00:28'),
(7839, 2668, 'fr', '-', '2025-04-08 01:00:28', '2025-04-08 01:00:28'),
(7840, 2668, 'ar', 'كلمة المرور حساسة لحالة الأحرف', '2025-04-08 01:00:28', '2025-04-08 01:00:28'),
(7841, 2669, 'en', 'Password should not contain any space', '2025-04-08 01:00:28', '2025-04-08 01:00:28'),
(7842, 2669, 'fr', '-', '2025-04-08 01:00:28', '2025-04-08 01:00:28'),
(7843, 2669, 'ar', 'يجب ألا تحتوي كلمة المرور على أي مسافة', '2025-04-08 01:00:28', '2025-04-08 01:00:28'),
(7844, 2670, 'en', 'Password should be different from the username', '2025-04-08 01:00:28', '2025-04-08 01:00:28'),
(7845, 2670, 'fr', '-', '2025-04-08 01:00:28', '2025-04-08 01:00:28'),
(7846, 2670, 'ar', 'يجب أن تكون كلمة المرور مختلفة عن اسم المستخدم', '2025-04-08 01:00:28', '2025-04-08 01:00:28'),
(7847, 2671, 'en', 'Password must contain any of the following special characters (! $ % &amp; ( ) * + , - . / @ := ?).', '2025-04-08 01:00:28', '2025-04-08 01:00:28'),
(7848, 2671, 'fr', '-', '2025-04-08 01:00:28', '2025-04-08 01:00:28'),
(7849, 2671, 'ar', 'يجب لكلمة السر أن تحتوي على واحد من الحروف الخاصة التالية (! $ % &amp; ( ) * + , - . / @ : = ?)..', '2025-04-08 01:00:28', '2025-04-08 01:00:28'),
(7850, 2672, 'en', 'Password should have at least one number, one letter, one capital letter and one special character among (!@#$ &amp; -_ .?)', '2025-04-08 01:00:28', '2025-04-08 01:00:28'),
(7851, 2672, 'fr', '-', '2025-04-08 01:00:28', '2025-04-08 01:00:28'),
(7852, 2672, 'ar', 'يجب أن تحتوي كلمة المرور على رقم واحد وحرف واحد وحرف كبير وحرف خاص واحد على الأقل بين (!@#$ &amp; -_ .?)', '2025-04-08 01:00:28', '2025-04-08 01:00:28'),
(7853, 2673, 'en', 'Sorry, your request cannot be processed due to technical reasons. For any assistance please call our customer care center', '2025-04-08 01:00:28', '2025-04-08 01:00:28'),
(7854, 2673, 'fr', '-', '2025-04-08 01:00:28', '2025-04-08 01:00:28'),
(7855, 2673, 'ar', 'نأسف لا يمكن تنفيذ طلبك الآن و ذلك لأسباب فنية. للمزيد من المساعدة يرجى الاتصال بمركز خدمة العملاء', '2025-04-08 01:00:28', '2025-04-08 01:00:28'),
(7856, 2674, 'en', 'Well Done!', '2025-04-08 01:00:28', '2025-04-08 01:00:28'),
(7857, 2674, 'fr', '-', '2025-04-08 01:00:28', '2025-04-08 01:00:28'),
(7858, 2674, 'ar', 'أحسنت!', '2025-04-08 01:00:28', '2025-04-08 01:00:28'),
(7859, 2675, 'en', 'Arabi Pass Password Changed Successfully!', '2025-04-08 01:00:28', '2025-04-08 01:00:28'),
(7860, 2675, 'fr', '-', '2025-04-08 01:00:28', '2025-04-08 01:00:28'),
(7861, 2675, 'ar', 'تم تغيير كلمة مرور عربي باس بنجاح!', '2025-04-08 01:00:28', '2025-04-08 01:00:28'),
(7862, 2676, 'en', 'Done', '2025-04-08 01:00:28', '2025-04-08 01:00:28'),
(7863, 2676, 'fr', '-', '2025-04-08 01:00:28', '2025-04-08 01:00:28'),
(7864, 2676, 'ar', 'تم', '2025-04-08 01:00:28', '2025-04-08 01:00:28'),
(7865, 2677, 'en', 'TODO_BANK', '2025-04-08 01:00:28', '2025-04-08 01:00:28'),
(7866, 2677, 'fr', '-', '2025-04-08 01:00:28', '2025-04-08 01:00:28'),
(7867, 2677, 'ar', 'TODO_BANK', '2025-04-08 01:00:28', '2025-04-08 01:00:28'),
(7868, 2678, 'en', 'TODO_BANK', '2025-04-08 01:00:28', '2025-04-08 01:00:28'),
(7869, 2678, 'fr', '-', '2025-04-08 01:00:28', '2025-04-08 01:00:28'),
(7870, 2678, 'ar', 'TODO_BANK', '2025-04-08 01:00:28', '2025-04-08 01:00:28'),
(7871, 2679, 'en', 'TODO_BANK', '2025-04-08 01:00:28', '2025-04-08 01:00:28'),
(7872, 2679, 'fr', '-', '2025-04-08 01:00:28', '2025-04-08 01:00:28'),
(7873, 2679, 'ar', 'TODO_BANK', '2025-04-08 01:00:28', '2025-04-08 01:00:28'),
(7874, 2680, 'en', 'TODO_BANK', '2025-04-08 01:00:28', '2025-04-08 01:00:28'),
(7875, 2680, 'fr', '-', '2025-04-08 01:00:28', '2025-04-08 01:00:28'),
(7876, 2680, 'ar', 'TODO_BANK', '2025-04-08 01:00:28', '2025-04-08 01:00:28'),
(7877, 2681, 'en', 'TODO_BANK', '2025-04-08 01:00:28', '2025-04-08 01:00:28'),
(7878, 2681, 'fr', '-', '2025-04-08 01:00:28', '2025-04-08 01:00:28'),
(7879, 2681, 'ar', 'TODO_BANK', '2025-04-08 01:00:28', '2025-04-08 01:00:28'),
(7880, 2682, 'en', 'TODO_BANK', '2025-04-08 01:00:28', '2025-04-08 01:00:28'),
(7881, 2682, 'fr', '-', '2025-04-08 01:00:28', '2025-04-08 01:00:28'),
(7882, 2682, 'ar', 'TODO_BANK', '2025-04-08 01:00:28', '2025-04-08 01:00:28'),
(7883, 2683, 'en', 'TODO_BANK', '2025-04-08 01:00:28', '2025-04-08 01:00:28'),
(7884, 2683, 'fr', '-', '2025-04-08 01:00:28', '2025-04-08 01:00:28'),
(7885, 2683, 'ar', 'TODO_BANK', '2025-04-08 01:00:28', '2025-04-08 01:00:28'),
(7886, 2684, 'en', 'TODO_BANK', '2025-04-08 01:00:28', '2025-04-08 01:00:28'),
(7887, 2684, 'fr', '-', '2025-04-08 01:00:28', '2025-04-08 01:00:28'),
(7888, 2684, 'ar', 'TODO_BANK', '2025-04-08 01:00:28', '2025-04-08 01:00:28'),
(7889, 2685, 'en', 'TODO_BANK', '2025-04-08 01:00:28', '2025-04-08 01:00:28'),
(7890, 2685, 'fr', '-', '2025-04-08 01:00:28', '2025-04-08 01:00:28'),
(7891, 2685, 'ar', 'TODO_BANK', '2025-04-08 01:00:28', '2025-04-08 01:00:28'),
(7892, 2686, 'en', 'TODO_BANK', '2025-04-08 01:00:28', '2025-04-08 01:00:28'),
(7893, 2686, 'fr', '-', '2025-04-08 01:00:28', '2025-04-08 01:00:28'),
(7894, 2686, 'ar', 'TODO_BANK', '2025-04-08 01:00:28', '2025-04-08 01:00:28'),
(7895, 2687, 'en', 'Arabi Pass Settings', '2025-04-08 01:00:28', '2025-04-08 01:00:28'),
(7896, 2687, 'fr', '-', '2025-04-08 01:00:28', '2025-04-08 01:00:28'),
(7897, 2687, 'ar', 'إعدادات العربي باس', '2025-04-08 01:00:28', '2025-04-08 01:00:28'),
(7898, 2688, 'en', 'Secure your account', '2025-04-08 01:00:28', '2025-04-08 01:00:28'),
(7899, 2688, 'fr', '-', '2025-04-08 01:00:28', '2025-04-08 01:00:28'),
(7900, 2688, 'ar', 'تأمين حسابك', '2025-04-08 01:00:28', '2025-04-08 01:00:28'),
(7901, 2689, 'en', 'change login password', '2025-04-08 01:00:28', '2025-04-08 01:00:28'),
(7902, 2689, 'fr', '-', '2025-04-08 01:00:28', '2025-04-08 01:00:28'),
(7903, 2689, 'ar', 'تغيير كلمة مرور تسجيل الدخول', '2025-04-08 01:00:28', '2025-04-08 01:00:28'),
(7904, 2690, 'en', 'Face ID and pattern', '2025-04-08 01:00:28', '2025-04-08 01:00:28'),
(7905, 2690, 'fr', '-', '2025-04-08 01:00:28', '2025-04-08 01:00:28'),
(7906, 2690, 'ar', 'معرف الوجه والنمط', '2025-04-08 01:00:28', '2025-04-08 01:00:28'),
(7907, 2691, 'en', 'Authorization password to allow you to login to the mobile app', '2025-04-08 01:00:28', '2025-04-08 01:00:28'),
(7908, 2691, 'fr', '-', '2025-04-08 01:00:28', '2025-04-08 01:00:28'),
(7909, 2691, 'ar', 'كلمة مرور التفويض للسماح لك بتسجيل الدخول إلى تطبيق الهاتف المحمول', '2025-04-08 01:00:28', '2025-04-08 01:00:28'),
(7910, 2692, 'en', 'Change login password', '2025-04-08 01:00:28', '2025-04-08 01:00:28'),
(7911, 2692, 'fr', '-', '2025-04-08 01:00:28', '2025-04-08 01:00:28'),
(7912, 2692, 'ar', 'تغير كلمة السر الخاصة بتسجيل الدخول', '2025-04-08 01:00:28', '2025-04-08 01:00:28'),
(7913, 2693, 'en', 'New password', '2025-04-08 01:00:28', '2025-04-08 01:00:28'),
(7914, 2693, 'fr', '-', '2025-04-08 01:00:28', '2025-04-08 01:00:28'),
(7915, 2693, 'ar', 'كلمة المرور الجديدة', '2025-04-08 01:00:28', '2025-04-08 01:00:28'),
(7916, 2694, 'en', 'Confirm Password', '2025-04-08 01:00:28', '2025-04-08 01:00:28'),
(7917, 2694, 'fr', '-', '2025-04-08 01:00:28', '2025-04-08 01:00:28'),
(7918, 2694, 'ar', 'تأكيد كلمة المرور', '2025-04-08 01:00:28', '2025-04-08 01:00:28'),
(7919, 2695, 'en', 'Please enter your password', '2025-04-08 01:00:28', '2025-04-08 01:00:28'),
(7920, 2695, 'fr', '-', '2025-04-08 01:00:28', '2025-04-08 01:00:28'),
(7921, 2695, 'ar', 'الرجاء إدخال كلمة المرور الخاصة بك', '2025-04-08 01:00:28', '2025-04-08 01:00:28'),
(7922, 2696, 'en', 'Continue', '2025-04-08 01:00:28', '2025-04-08 01:00:28'),
(7923, 2696, 'fr', '-', '2025-04-08 01:00:28', '2025-04-08 01:00:28'),
(7924, 2696, 'ar', 'التالي', '2025-04-08 01:00:28', '2025-04-08 01:00:28'),
(7925, 2697, 'en', 'Password and re-enter password must match', '2025-04-08 01:00:28', '2025-04-08 01:00:28'),
(7926, 2697, 'fr', '-', '2025-04-08 01:00:28', '2025-04-08 01:00:28'),
(7927, 2698, 'en', 'Password must be at least 8 characters long with a maximum of 20 characters.', '2025-04-08 01:00:28', '2025-04-08 01:00:28'),
(7928, 2698, 'fr', '-', '2025-04-08 01:00:28', '2025-04-08 01:00:28'),
(7929, 2698, 'ar', 'طول كلمة السر من 8 إلى 16 خانة.', '2025-04-08 01:00:28', '2025-04-08 01:00:28'),
(7930, 2699, 'en', 'Password cannot be the same as previous 3 passwords', '2025-04-08 01:00:28', '2025-04-08 01:00:28'),
(7931, 2699, 'fr', '-', '2025-04-08 01:00:28', '2025-04-08 01:00:28'),
(7932, 2699, 'ar', 'لا يمكن أن تكون كلمة المرور مماثلة لكلمات المرور الثلاثة السابقة', '2025-04-08 01:00:28', '2025-04-08 01:00:28'),
(7933, 2700, 'en', 'Password is case sensitive', '2025-04-08 01:00:28', '2025-04-08 01:00:28'),
(7934, 2700, 'fr', '-', '2025-04-08 01:00:28', '2025-04-08 01:00:28'),
(7935, 2700, 'ar', 'كلمة المرور حساسة لحالة الأحرف', '2025-04-08 01:00:28', '2025-04-08 01:00:28'),
(7936, 2701, 'en', 'Password should not contain any space', '2025-04-08 01:00:28', '2025-04-08 01:00:28'),
(7937, 2701, 'fr', '-', '2025-04-08 01:00:28', '2025-04-08 01:00:28'),
(7938, 2701, 'ar', 'يجب ألا تحتوي كلمة المرور على أي مسافة', '2025-04-08 01:00:28', '2025-04-08 01:00:28'),
(7939, 2702, 'en', 'Password should be different from the username', '2025-04-08 01:00:28', '2025-04-08 01:00:28'),
(7940, 2702, 'fr', '-', '2025-04-08 01:00:28', '2025-04-08 01:00:28'),
(7941, 2702, 'ar', 'يجب أن تكون كلمة المرور مختلفة عن اسم المستخدم', '2025-04-08 01:00:28', '2025-04-08 01:00:28'),
(7942, 2703, 'en', 'Password must contain any of the following special characters (! $ % &amp; ( ) * + , - . / @ := ?).', '2025-04-08 01:00:28', '2025-04-08 01:00:28'),
(7943, 2703, 'fr', '-', '2025-04-08 01:00:28', '2025-04-08 01:00:28'),
(7944, 2703, 'ar', 'يجب لكلمة السر أن تحتوي على واحد من الحروف الخاصة التالية (! $ % &amp; ( ) * + , - . / @ : = ?)..', '2025-04-08 01:00:28', '2025-04-08 01:00:28'),
(7945, 2704, 'en', 'New password', '2025-04-08 01:00:28', '2025-04-08 01:00:28'),
(7946, 2704, 'fr', '-', '2025-04-08 01:00:28', '2025-04-08 01:00:28'),
(7947, 2704, 'ar', 'كلمة المرور الجديدة', '2025-04-08 01:00:28', '2025-04-08 01:00:28'),
(7948, 2705, 'en', 'New Password should have at least one number, one letter, and one capital letter', '2025-04-08 01:00:28', '2025-04-08 01:00:28'),
(7949, 2705, 'fr', '-', '2025-04-08 01:00:28', '2025-04-08 01:00:28'),
(7950, 2705, 'ar', 'يجب أن تحتوي كلمة المرور الجديدة على رقم واحد وحرف واحد وحرف كبير واحد على الأقل', '2025-04-08 01:00:28', '2025-04-08 01:00:28'),
(7951, 2706, 'en', 'Sorry, your request cannot be processed due to technical reasons. For any assistance please call our customer care center', '2025-04-08 01:00:28', '2025-04-08 01:00:28'),
(7952, 2706, 'fr', '-', '2025-04-08 01:00:28', '2025-04-08 01:00:28'),
(7953, 2706, 'ar', 'نأسف لا يمكن تنفيذ طلبك الآن و ذلك لأسباب فنية. للمزيد من المساعدة يرجى الاتصال بمركز خدمة العملاء', '2025-04-08 01:00:28', '2025-04-08 01:00:28'),
(7954, 2707, 'en', 'Face ID management', '2025-04-08 01:00:28', '2025-04-08 01:00:28'),
(7955, 2707, 'fr', '-', '2025-04-08 01:00:28', '2025-04-08 01:00:28'),
(7956, 2708, 'en', 'Face ID is Active', '2025-04-08 01:00:28', '2025-04-08 01:00:28'),
(7957, 2708, 'fr', '-', '2025-04-08 01:00:28', '2025-04-08 01:00:28'),
(7958, 2708, 'ar', 'معرف الوجه مفعل', '2025-04-08 01:00:28', '2025-04-08 01:00:28'),
(7959, 2709, 'en', 'Accept and Activate', '2025-04-08 01:00:28', '2025-04-08 01:00:28'),
(7960, 2709, 'fr', '-', '2025-04-08 01:00:28', '2025-04-08 01:00:28'),
(7961, 2709, 'ar', 'موافق وقم بالتفعيل', '2025-04-08 01:00:28', '2025-04-08 01:00:28'),
(7962, 2710, 'en', 'cancel', '2025-04-08 01:00:28', '2025-04-08 01:00:28'),
(7963, 2710, 'fr', '-', '2025-04-08 01:00:28', '2025-04-08 01:00:28'),
(7964, 2710, 'ar', 'الغاء', '2025-04-08 01:00:28', '2025-04-08 01:00:28'),
(7965, 2711, 'en', 'Face ID management', '2025-04-08 01:00:28', '2025-04-08 01:00:28'),
(7966, 2711, 'fr', '-', '2025-04-08 01:00:28', '2025-04-08 01:00:28'),
(7967, 2711, 'ar', 'إدارة التعريف بface ID', '2025-04-08 01:00:28', '2025-04-08 01:00:28'),
(7968, 2712, 'en', 'Face ID is not active', '2025-04-08 01:00:29', '2025-04-08 01:00:29'),
(7969, 2712, 'fr', '-', '2025-04-08 01:00:29', '2025-04-08 01:00:29'),
(7970, 2712, 'ar', 'معرف الوجه مفعل غير', '2025-04-08 01:00:29', '2025-04-08 01:00:29'),
(7971, 2713, 'en', 'ON/OFF toggle', '2025-04-08 01:00:29', '2025-04-08 01:00:29'),
(7972, 2713, 'fr', '-', '2025-04-08 01:00:29', '2025-04-08 01:00:29'),
(7973, 2713, 'ar', 'ON/OFF toggle', '2025-04-08 01:00:29', '2025-04-08 01:00:29'),
(7974, 2714, 'en', 'Manage Pattern Authentication', '2025-04-08 01:00:29', '2025-04-08 01:00:29'),
(7975, 2714, 'fr', '-', '2025-04-08 01:00:29', '2025-04-08 01:00:29'),
(7976, 2715, 'en', 'Pattern is defined', '2025-04-08 01:00:29', '2025-04-08 01:00:29'),
(7977, 2715, 'fr', '-', '2025-04-08 01:00:29', '2025-04-08 01:00:29'),
(7978, 2715, 'ar', 'النمط معرف', '2025-04-08 01:00:29', '2025-04-08 01:00:29'),
(7979, 2716, 'en', 'Manage Pattern Authentication', '2025-04-08 01:00:29', '2025-04-08 01:00:29'),
(7980, 2716, 'fr', '-', '2025-04-08 01:00:29', '2025-04-08 01:00:29'),
(7981, 2717, 'en', 'Pattern is not defined', '2025-04-08 01:00:29', '2025-04-08 01:00:29'),
(7982, 2717, 'fr', '-', '2025-04-08 01:00:29', '2025-04-08 01:00:29'),
(7983, 2717, 'ar', 'النمط غير معرف', '2025-04-08 01:00:29', '2025-04-08 01:00:29'),
(7984, 2718, 'en', 'Touch ID management', '2025-04-08 01:00:29', '2025-04-08 01:00:29'),
(7985, 2718, 'fr', '-', '2025-04-08 01:00:29', '2025-04-08 01:00:29'),
(7986, 2718, 'ar', 'إدارة معرف اللمس', '2025-04-08 01:00:29', '2025-04-08 01:00:29'),
(7987, 2719, 'en', 'Touch ID is not active', '2025-04-08 01:00:29', '2025-04-08 01:00:29'),
(7988, 2719, 'fr', '-', '2025-04-08 01:00:29', '2025-04-08 01:00:29'),
(7989, 2719, 'ar', 'معرف اللمس غير مفعل', '2025-04-08 01:00:29', '2025-04-08 01:00:29'),
(7990, 2720, 'en', 'Touch ID is Active', '2025-04-08 01:00:29', '2025-04-08 01:00:29'),
(7991, 2720, 'fr', '-', '2025-04-08 01:00:29', '2025-04-08 01:00:29'),
(7992, 2720, 'ar', 'معرف اللمس مفعل', '2025-04-08 01:00:29', '2025-04-08 01:00:29'),
(7993, 2721, 'en', 'Activate Touch ID', '2025-04-08 01:00:29', '2025-04-08 01:00:29'),
(7994, 2721, 'fr', '-', '2025-04-08 01:00:29', '2025-04-08 01:00:29'),
(7995, 2721, 'ar', 'تفعيل معرف اللمس', '2025-04-08 01:00:29', '2025-04-08 01:00:29'),
(7996, 2722, 'en', 'Face ID and Pattern', '2025-04-08 01:00:29', '2025-04-08 01:00:29'),
(7997, 2722, 'fr', '-', '2025-04-08 01:00:29', '2025-04-08 01:00:29'),
(7998, 2722, 'ar', 'معرف الوجه والنمط', '2025-04-08 01:00:29', '2025-04-08 01:00:29'),
(7999, 2723, 'en', 'For login authentications you can choose only one method from the following', '2025-04-08 01:00:29', '2025-04-08 01:00:29'),
(8000, 2723, 'fr', '-', '2025-04-08 01:00:29', '2025-04-08 01:00:29'),
(8001, 2723, 'ar', 'النسبة لمصادقة تسجيل الدخول، يمكنك اختيار طريقة واحدة فقط مما يلي', '2025-04-08 01:00:29', '2025-04-08 01:00:29'),
(8002, 2724, 'en', 'Face ID', '2025-04-08 01:00:29', '2025-04-08 01:00:29'),
(8003, 2724, 'fr', '-', '2025-04-08 01:00:29', '2025-04-08 01:00:29'),
(8004, 2724, 'ar', 'معرف الوجه', '2025-04-08 01:00:29', '2025-04-08 01:00:29'),
(8005, 2725, 'en', 'Biometric authentication should be enabled on the device, you can enable biometric authentication touch ID or Face ID for easier and faster login', '2025-04-08 01:00:29', '2025-04-08 01:00:29');
INSERT INTO `translations` (`id`, `resource_id`, `language_code`, `value`, `created_at`, `updated_at`) VALUES
(8006, 2725, 'fr', '-', '2025-04-08 01:00:29', '2025-04-08 01:00:29'),
(8007, 2725, 'ar', 'يجب تمكين المصادقة البيومترية على الجهاز، يمكنك تمكين المصادقة البيومترية باستخدام معرف اللمس أو معرف الوجه لتسجيل الدخول بشكل أسهل وأسرع', '2025-04-08 01:00:29', '2025-04-08 01:00:29'),
(8008, 2726, 'en', 'Touch ID', '2025-04-08 01:00:29', '2025-04-08 01:00:29'),
(8009, 2726, 'fr', '-', '2025-04-08 01:00:29', '2025-04-08 01:00:29'),
(8010, 2726, 'ar', 'معرف اللمس', '2025-04-08 01:00:29', '2025-04-08 01:00:29'),
(8011, 2727, 'en', 'Biometric authentication should be enabled on the device, you can enable biometric authentication touch ID or Face ID for easier and faster login', '2025-04-08 01:00:29', '2025-04-08 01:00:29'),
(8012, 2727, 'fr', '-', '2025-04-08 01:00:29', '2025-04-08 01:00:29'),
(8013, 2727, 'ar', 'يجب تمكين المصادقة البيومترية على الجهاز، يمكنك تمكين المصادقة البيومترية باستخدام معرف اللمس أو معرف الوجه لتسجيل الدخول بشكل أسهل وأسرع', '2025-04-08 01:00:29', '2025-04-08 01:00:29'),
(8014, 2728, 'en', 'Clear', '2025-04-08 01:00:29', '2025-04-08 01:00:29'),
(8015, 2728, 'fr', '-', '2025-04-08 01:00:29', '2025-04-08 01:00:29'),
(8016, 2728, 'ar', 'مسح', '2025-04-08 01:00:29', '2025-04-08 01:00:29'),
(8017, 2729, 'en', 'Next', '2025-04-08 01:00:29', '2025-04-08 01:00:29'),
(8018, 2729, 'fr', '-', '2025-04-08 01:00:29', '2025-04-08 01:00:29'),
(8019, 2729, 'ar', 'التالي', '2025-04-08 01:00:29', '2025-04-08 01:00:29'),
(8020, 2730, 'en', 'Enable biometric login', '2025-04-08 01:00:29', '2025-04-08 01:00:29'),
(8021, 2730, 'fr', '-', '2025-04-08 01:00:29', '2025-04-08 01:00:29'),
(8022, 2730, 'ar', 'تفعيل تسجيل الدخول معرف الوجه', '2025-04-08 01:00:29', '2025-04-08 01:00:29'),
(8023, 2731, 'en', 'Disable biometric login', '2025-04-08 01:00:29', '2025-04-08 01:00:29'),
(8024, 2731, 'fr', '-', '2025-04-08 01:00:29', '2025-04-08 01:00:29'),
(8025, 2731, 'ar', 'إِيْقَاف تسجيل الدخول معرف الوجه', '2025-04-08 01:00:29', '2025-04-08 01:00:29'),
(8026, 2732, 'en', 'Enable/disable Face ID login', '2025-04-08 01:00:29', '2025-04-08 01:00:29'),
(8027, 2732, 'fr', '-', '2025-04-08 01:00:29', '2025-04-08 01:00:29'),
(8028, 2732, 'ar', 'تفعيل/إِيْقَاف تسجيل الدخول معرف الوجه', '2025-04-08 01:00:29', '2025-04-08 01:00:29'),
(8029, 2733, 'en', 'Draw your  login pattern. Connect at least 5 dots.', '2025-04-08 01:00:29', '2025-04-08 01:00:29'),
(8030, 2733, 'fr', '-', '2025-04-08 01:00:29', '2025-04-08 01:00:29'),
(8031, 2733, 'ar', 'ارسم نمط تسجيل الدخول الخاص بك. قم بتوصيل 5 نقاط على الأقل.', '2025-04-08 01:00:29', '2025-04-08 01:00:29'),
(8032, 2734, 'en', 'TODO_BANK', '2025-04-08 01:00:29', '2025-04-08 01:00:29'),
(8033, 2734, 'fr', '-', '2025-04-08 01:00:29', '2025-04-08 01:00:29'),
(8034, 2734, 'ar', 'TODO_BANK', '2025-04-08 01:00:29', '2025-04-08 01:00:29'),
(8035, 2735, 'en', 'TODO_BANK', '2025-04-08 01:00:29', '2025-04-08 01:00:29'),
(8036, 2735, 'fr', '-', '2025-04-08 01:00:29', '2025-04-08 01:00:29'),
(8037, 2735, 'ar', 'TODO_BANK', '2025-04-08 01:00:29', '2025-04-08 01:00:29'),
(8038, 2736, 'en', 'Pattern', '2025-04-08 01:00:29', '2025-04-08 01:00:29'),
(8039, 2736, 'fr', '-', '2025-04-08 01:00:29', '2025-04-08 01:00:29'),
(8040, 2736, 'ar', 'النمط', '2025-04-08 01:00:29', '2025-04-08 01:00:29'),
(8041, 2737, 'en', 'TODO_BANK', '2025-04-08 01:00:29', '2025-04-08 01:00:29'),
(8042, 2737, 'fr', '-', '2025-04-08 01:00:29', '2025-04-08 01:00:29'),
(8043, 2737, 'ar', 'TODO_BANK', '2025-04-08 01:00:29', '2025-04-08 01:00:29'),
(8044, 2738, 'en', 'Device Management', '2025-04-08 01:00:29', '2025-04-08 01:00:29'),
(8045, 2738, 'fr', '-', '2025-04-08 01:00:29', '2025-04-08 01:00:29'),
(8046, 2738, 'ar', 'التحكم بالأجهزة', '2025-04-08 01:00:29', '2025-04-08 01:00:29'),
(8047, 2739, 'en', 'Primary device', '2025-04-08 01:00:29', '2025-04-08 01:00:29'),
(8048, 2739, 'fr', '-', '2025-04-08 01:00:29', '2025-04-08 01:00:29'),
(8049, 2739, 'ar', 'الجهاز الأساسي', '2025-04-08 01:00:29', '2025-04-08 01:00:29'),
(8050, 2740, 'en', 'Registered devices', '2025-04-08 01:00:29', '2025-04-08 01:00:29'),
(8051, 2740, 'fr', '-', '2025-04-08 01:00:29', '2025-04-08 01:00:29'),
(8052, 2740, 'ar', 'الأجهزة المسجلة', '2025-04-08 01:00:29', '2025-04-08 01:00:29'),
(8053, 2741, 'en', 'Device ID', '2025-04-08 01:00:29', '2025-04-08 01:00:29'),
(8054, 2741, 'fr', '-', '2025-04-08 01:00:29', '2025-04-08 01:00:29'),
(8055, 2741, 'ar', 'TODO_BANK', '2025-04-08 01:00:29', '2025-04-08 01:00:29'),
(8056, 2742, 'en', 'Other devices', '2025-04-08 01:00:29', '2025-04-08 01:00:29'),
(8057, 2742, 'fr', '-', '2025-04-08 01:00:29', '2025-04-08 01:00:29'),
(8058, 2742, 'ar', 'الأجهزة الأخرى', '2025-04-08 01:00:29', '2025-04-08 01:00:29'),
(8059, 2743, 'en', 'change primary device', '2025-04-08 01:00:29', '2025-04-08 01:00:29'),
(8060, 2743, 'fr', '-', '2025-04-08 01:00:29', '2025-04-08 01:00:29'),
(8061, 2743, 'ar', 'تغير الجهاز الأساسي', '2025-04-08 01:00:29', '2025-04-08 01:00:29'),
(8062, 2744, 'en', 'change primary device', '2025-04-08 01:00:29', '2025-04-08 01:00:29'),
(8063, 2744, 'fr', '-', '2025-04-08 01:00:29', '2025-04-08 01:00:29'),
(8064, 2744, 'ar', 'تغير الجهاز الأساسي', '2025-04-08 01:00:29', '2025-04-08 01:00:29'),
(8065, 2745, 'en', 'continue', '2025-04-08 01:00:29', '2025-04-08 01:00:29'),
(8066, 2745, 'fr', '-', '2025-04-08 01:00:29', '2025-04-08 01:00:29'),
(8067, 2745, 'ar', 'متابعة', '2025-04-08 01:00:29', '2025-04-08 01:00:29'),
(8068, 2746, 'en', 'TODO_BANK', '2025-04-08 01:00:29', '2025-04-08 01:00:29'),
(8069, 2746, 'fr', '-', '2025-04-08 01:00:29', '2025-04-08 01:00:29'),
(8070, 2746, 'ar', 'TODO_BANK', '2025-04-08 01:00:29', '2025-04-08 01:00:29'),
(8071, 2747, 'en', 'TODO_BANK', '2025-04-08 01:00:29', '2025-04-08 01:00:29'),
(8072, 2747, 'fr', '-', '2025-04-08 01:00:29', '2025-04-08 01:00:29'),
(8073, 2747, 'ar', 'TODO_BANK', '2025-04-08 01:00:29', '2025-04-08 01:00:29'),
(8074, 2748, 'en', 'TODO_BANK', '2025-04-08 01:00:29', '2025-04-08 01:00:29'),
(8075, 2748, 'fr', '-', '2025-04-08 01:00:29', '2025-04-08 01:00:29'),
(8076, 2748, 'ar', 'TODO_BANK', '2025-04-08 01:00:29', '2025-04-08 01:00:29'),
(8077, 2749, 'en', 'TODO_BANK', '2025-04-08 01:00:29', '2025-04-08 01:00:29'),
(8078, 2749, 'fr', '-', '2025-04-08 01:00:29', '2025-04-08 01:00:29'),
(8079, 2749, 'ar', 'TODO_BANK', '2025-04-08 01:00:29', '2025-04-08 01:00:29'),
(8080, 2750, 'en', 'TODO_BANK', '2025-04-08 01:00:29', '2025-04-08 01:00:29'),
(8081, 2750, 'fr', '-', '2025-04-08 01:00:29', '2025-04-08 01:00:29'),
(8082, 2750, 'ar', 'TODO_BANK', '2025-04-08 01:00:29', '2025-04-08 01:00:29'),
(8083, 2751, 'en', 'TODO_BANK', '2025-04-08 01:00:29', '2025-04-08 01:00:29'),
(8084, 2751, 'fr', '-', '2025-04-08 01:00:29', '2025-04-08 01:00:29'),
(8085, 2751, 'ar', 'TODO_BANK', '2025-04-08 01:00:29', '2025-04-08 01:00:29'),
(8086, 2752, 'en', 'TODO_BANK', '2025-04-08 01:00:29', '2025-04-08 01:00:29'),
(8087, 2752, 'fr', '-', '2025-04-08 01:00:29', '2025-04-08 01:00:29'),
(8088, 2752, 'ar', 'TODO_BANK', '2025-04-08 01:00:29', '2025-04-08 01:00:29'),
(8089, 2753, 'en', 'TODO_BANK', '2025-04-08 01:00:29', '2025-04-08 01:00:29'),
(8090, 2753, 'fr', '-', '2025-04-08 01:00:29', '2025-04-08 01:00:29'),
(8091, 2753, 'ar', 'TODO_BANK', '2025-04-08 01:00:29', '2025-04-08 01:00:29'),
(8092, 2754, 'en', 'TODO_BANK', '2025-04-08 01:00:29', '2025-04-08 01:00:29'),
(8093, 2754, 'fr', '-', '2025-04-08 01:00:29', '2025-04-08 01:00:29'),
(8094, 2754, 'ar', 'TODO_BANK', '2025-04-08 01:00:29', '2025-04-08 01:00:29'),
(8095, 2755, 'en', 'TODO_BANK', '2025-04-08 01:00:29', '2025-04-08 01:00:29'),
(8096, 2755, 'fr', '-', '2025-04-08 01:00:29', '2025-04-08 01:00:29'),
(8097, 2755, 'ar', 'TODO_BANK', '2025-04-08 01:00:29', '2025-04-08 01:00:29'),
(8098, 2756, 'en', 'TODO_BANK', '2025-04-08 01:00:29', '2025-04-08 01:00:29'),
(8099, 2756, 'fr', '-', '2025-04-08 01:00:29', '2025-04-08 01:00:29'),
(8100, 2756, 'ar', 'TODO_BANK', '2025-04-08 01:00:29', '2025-04-08 01:00:29'),
(8101, 2757, 'en', 'TODO_BANK', '2025-04-08 01:00:29', '2025-04-08 01:00:29'),
(8102, 2757, 'fr', '-', '2025-04-08 01:00:29', '2025-04-08 01:00:29'),
(8103, 2757, 'ar', 'TODO_BANK', '2025-04-08 01:00:29', '2025-04-08 01:00:29'),
(8104, 2758, 'en', 'TODO_BANK', '2025-04-08 01:00:29', '2025-04-08 01:00:29'),
(8105, 2758, 'fr', '-', '2025-04-08 01:00:29', '2025-04-08 01:00:29'),
(8106, 2758, 'ar', 'TODO_BANK', '2025-04-08 01:00:29', '2025-04-08 01:00:29'),
(8107, 2759, 'en', 'TODO_BANK', '2025-04-08 01:00:29', '2025-04-08 01:00:29'),
(8108, 2759, 'fr', '-', '2025-04-08 01:00:29', '2025-04-08 01:00:29'),
(8109, 2759, 'ar', 'TODO_BANK', '2025-04-08 01:00:29', '2025-04-08 01:00:29'),
(8110, 2760, 'en', 'TODO_BANK', '2025-04-08 01:00:29', '2025-04-08 01:00:29'),
(8111, 2760, 'fr', '-', '2025-04-08 01:00:29', '2025-04-08 01:00:29'),
(8112, 2760, 'ar', 'TODO_BANK', '2025-04-08 01:00:29', '2025-04-08 01:00:29'),
(8113, 2761, 'en', 'TODO_BANK', '2025-04-08 01:00:29', '2025-04-08 01:00:29'),
(8114, 2761, 'fr', '-', '2025-04-08 01:00:29', '2025-04-08 01:00:29'),
(8115, 2761, 'ar', 'TODO_BANK', '2025-04-08 01:00:29', '2025-04-08 01:00:29'),
(8116, 2762, 'en', 'TODO_BANK', '2025-04-08 01:00:29', '2025-04-08 01:00:29'),
(8117, 2762, 'fr', '-', '2025-04-08 01:00:29', '2025-04-08 01:00:29'),
(8118, 2762, 'ar', 'TODO_BANK', '2025-04-08 01:00:29', '2025-04-08 01:00:29'),
(8119, 2763, 'en', 'TODO_BANK', '2025-04-08 01:00:29', '2025-04-08 01:00:29'),
(8120, 2763, 'fr', '-', '2025-04-08 01:00:29', '2025-04-08 01:00:29'),
(8121, 2763, 'ar', 'TODO_BANK', '2025-04-08 01:00:29', '2025-04-08 01:00:29'),
(8122, 2764, 'en', 'Are you sure you want to log out from Arabi Mobile service?', '2025-04-08 01:00:29', '2025-04-08 01:00:29'),
(8123, 2764, 'fr', 'Êtes-vous sûr de quitter le service Arabi Mobile ?', '2025-04-08 01:00:29', '2025-04-08 01:00:29'),
(8124, 2764, 'ar', 'هل أنت متأكد من الخروج من خدمة عربي موبايل ؟', '2025-04-08 01:00:29', '2025-04-08 01:00:29'),
(8125, 2765, 'en', 'Log out', '2025-04-08 01:00:29', '2025-04-08 01:00:29'),
(8126, 2765, 'ar', 'الخروج', '2025-04-08 01:00:29', '2025-04-08 01:00:29'),
(8127, 2766, 'en', 'Yes', '2025-04-08 01:00:29', '2025-04-08 01:00:29'),
(8128, 2766, 'fr', 'Oui', '2025-04-08 01:00:29', '2025-04-08 01:00:29'),
(8129, 2766, 'ar', 'نعم', '2025-04-08 01:00:29', '2025-04-08 01:00:29'),
(8130, 2767, 'en', 'No', '2025-04-08 01:00:29', '2025-04-08 01:00:29'),
(8131, 2767, 'fr', 'Non', '2025-04-08 01:00:29', '2025-04-08 01:00:29'),
(8132, 2767, 'ar', 'لا', '2025-04-08 01:00:29', '2025-04-08 01:00:29'),
(8133, 2768, 'en', 'Your &quot;Arabi Mobile&quot; session has timed out. Please log in again.', '2025-04-08 01:00:29', '2025-04-08 01:00:29'),
(8134, 2768, 'fr', 'Service &quot;Arabi Mobile&quot; a été automatiquement quitté, veuillez-vous reconnecter', '2025-04-08 01:00:29', '2025-04-08 01:00:29'),
(8135, 2768, 'ar', 'تم الخروج ألياً من خدمة &quot;عربي موبايل&quot;، يرجى إعادة الدخول', '2025-04-08 01:00:29', '2025-04-08 01:00:29'),
(8136, 2769, 'en', 'Sorry, your request cannot be processed due to technical reasons. For any assistance please call our customer care center', '2025-04-08 01:00:29', '2025-04-08 01:00:29'),
(8137, 2769, 'fr', '-', '2025-04-08 01:00:29', '2025-04-08 01:00:29'),
(8138, 2769, 'ar', 'نأسف لا يمكن تنفيذ طلبك الآن و ذلك لأسباب فنية. للمزيد من المساعدة يرجى الاتصال بمركز خدمة العملاء', '2025-04-08 01:00:29', '2025-04-08 01:00:29'),
(8139, 2770, 'en', 'TODO_BANK', '2025-04-08 01:00:29', '2025-04-08 01:00:29'),
(8140, 2770, 'fr', '-', '2025-04-08 01:00:29', '2025-04-08 01:00:29'),
(8141, 2770, 'ar', 'TODO_BANK', '2025-04-08 01:00:29', '2025-04-08 01:00:29'),
(8142, 2771, 'en', 'Your credentials have been updated successfully!', '2025-04-08 01:00:29', '2025-04-08 01:00:29'),
(8143, 2771, 'fr', '-', '2025-04-08 01:00:29', '2025-04-08 01:00:29'),
(8144, 2771, 'ar', 'تم تعديل اسم المستخدم وكلمة السر بنجاح', '2025-04-08 01:00:29', '2025-04-08 01:00:29'),
(8145, 2772, 'en', 'Ok', '2025-04-08 01:00:29', '2025-04-08 01:00:29'),
(8146, 2772, 'fr', '-', '2025-04-08 01:00:29', '2025-04-08 01:00:29'),
(8147, 2772, 'ar', 'تم', '2025-04-08 01:00:29', '2025-04-08 01:00:29'),
(8148, 2773, 'en', 'TODO_BANK', '2025-04-08 01:00:29', '2025-04-08 01:00:29'),
(8149, 2773, 'fr', '-', '2025-04-08 01:00:29', '2025-04-08 01:00:29'),
(8150, 2773, 'ar', 'TODO_BANK', '2025-04-08 01:00:29', '2025-04-08 01:00:29'),
(8151, 2774, 'en', 'TODO_BANK', '2025-04-08 01:00:29', '2025-04-08 01:00:29'),
(8152, 2774, 'fr', '-', '2025-04-08 01:00:29', '2025-04-08 01:00:29'),
(8153, 2774, 'ar', 'TODO_BANK', '2025-04-08 01:00:29', '2025-04-08 01:00:29'),
(8154, 2775, 'en', 'TODO_BANK', '2025-04-08 01:00:29', '2025-04-08 01:00:29'),
(8155, 2775, 'fr', '-', '2025-04-08 01:00:29', '2025-04-08 01:00:29'),
(8156, 2775, 'ar', 'TODO_BANK', '2025-04-08 01:00:29', '2025-04-08 01:00:29'),
(8157, 2776, 'en', 'TODO_BANK', '2025-04-08 01:00:29', '2025-04-08 01:00:29'),
(8158, 2776, 'fr', '-', '2025-04-08 01:00:29', '2025-04-08 01:00:29'),
(8159, 2776, 'ar', 'TODO_BANK', '2025-04-08 01:00:29', '2025-04-08 01:00:29'),
(8160, 2777, 'en', 'TODO_BANK', '2025-04-08 01:00:29', '2025-04-08 01:00:29'),
(8161, 2777, 'fr', '-', '2025-04-08 01:00:29', '2025-04-08 01:00:29'),
(8162, 2777, 'ar', 'TODO_BANK', '2025-04-08 01:00:29', '2025-04-08 01:00:29'),
(8163, 2778, 'en', 'TODO_BANK', '2025-04-08 01:00:29', '2025-04-08 01:00:29'),
(8164, 2778, 'fr', '-', '2025-04-08 01:00:29', '2025-04-08 01:00:29'),
(8165, 2778, 'ar', 'TODO_BANK', '2025-04-08 01:00:29', '2025-04-08 01:00:29'),
(8166, 2779, 'en', 'TODO_BANK', '2025-04-08 01:00:29', '2025-04-08 01:00:29'),
(8167, 2779, 'fr', '-', '2025-04-08 01:00:29', '2025-04-08 01:00:29'),
(8168, 2779, 'ar', 'TODO_BANK', '2025-04-08 01:00:29', '2025-04-08 01:00:29'),
(8169, 2780, 'en', 'TODO_BANK', '2025-04-08 01:00:29', '2025-04-08 01:00:29'),
(8170, 2780, 'fr', '-', '2025-04-08 01:00:29', '2025-04-08 01:00:29'),
(8171, 2780, 'ar', 'TODO_BANK', '2025-04-08 01:00:29', '2025-04-08 01:00:29'),
(8172, 2781, 'en', 'TODO_BANK', '2025-04-08 01:00:29', '2025-04-08 01:00:29'),
(8173, 2781, 'fr', '-', '2025-04-08 01:00:29', '2025-04-08 01:00:29'),
(8174, 2781, 'ar', 'TODO_BANK', '2025-04-08 01:00:29', '2025-04-08 01:00:29'),
(8175, 2782, 'en', 'TODO_BANK', '2025-04-08 01:00:29', '2025-04-08 01:00:29'),
(8176, 2782, 'fr', '-', '2025-04-08 01:00:29', '2025-04-08 01:00:29'),
(8177, 2782, 'ar', 'TODO_BANK', '2025-04-08 01:00:29', '2025-04-08 01:00:29'),
(8178, 2783, 'en', 'TODO_BANK', '2025-04-08 01:00:29', '2025-04-08 01:00:29'),
(8179, 2783, 'fr', '-', '2025-04-08 01:00:29', '2025-04-08 01:00:29'),
(8180, 2783, 'ar', 'TODO_BANK', '2025-04-08 01:00:29', '2025-04-08 01:00:29'),
(8181, 2784, 'en', 'TODO_BANK', '2025-04-08 01:00:29', '2025-04-08 01:00:29'),
(8182, 2784, 'fr', '-', '2025-04-08 01:00:29', '2025-04-08 01:00:29'),
(8183, 2784, 'ar', 'TODO_BANK', '2025-04-08 01:00:29', '2025-04-08 01:00:29'),
(8184, 2785, 'en', 'TODO_BANK', '2025-04-08 01:00:29', '2025-04-08 01:00:29'),
(8185, 2785, 'fr', '-', '2025-04-08 01:00:29', '2025-04-08 01:00:29'),
(8186, 2785, 'ar', 'TODO_BANK', '2025-04-08 01:00:29', '2025-04-08 01:00:29'),
(8187, 2786, 'en', 'TODO_BANK', '2025-04-08 01:00:29', '2025-04-08 01:00:29'),
(8188, 2786, 'fr', '-', '2025-04-08 01:00:29', '2025-04-08 01:00:29'),
(8189, 2786, 'ar', 'TODO_BANK', '2025-04-08 01:00:29', '2025-04-08 01:00:29'),
(8190, 2787, 'en', 'TODO_BANK', '2025-04-08 01:00:29', '2025-04-08 01:00:29'),
(8191, 2787, 'fr', '-', '2025-04-08 01:00:29', '2025-04-08 01:00:29'),
(8192, 2787, 'ar', 'TODO_BANK', '2025-04-08 01:00:29', '2025-04-08 01:00:29'),
(8193, 2788, 'en', 'TODO_BANK', '2025-04-08 01:00:29', '2025-04-08 01:00:29'),
(8194, 2788, 'fr', '-', '2025-04-08 01:00:29', '2025-04-08 01:00:29'),
(8195, 2788, 'ar', 'TODO_BANK', '2025-04-08 01:00:29', '2025-04-08 01:00:29'),
(8196, 2789, 'en', 'TODO_BANK', '2025-04-08 01:00:29', '2025-04-08 01:00:29'),
(8197, 2789, 'fr', '-', '2025-04-08 01:00:29', '2025-04-08 01:00:29'),
(8198, 2789, 'ar', 'TODO_BANK', '2025-04-08 01:00:29', '2025-04-08 01:00:29');

-- --------------------------------------------------------

--
-- Table structure for table `users`
--

CREATE TABLE `users` (
  `id` bigint UNSIGNED NOT NULL,
  `name` varchar(255) COLLATE utf8mb4_unicode_ci NOT NULL,
  `email` varchar(255) COLLATE utf8mb4_unicode_ci NOT NULL,
  `email_verified_at` timestamp NULL DEFAULT NULL,
  `password` varchar(255) COLLATE utf8mb4_unicode_ci NOT NULL,
  `remember_token` varchar(100) COLLATE utf8mb4_unicode_ci DEFAULT NULL,
  `created_at` timestamp NULL DEFAULT NULL,
  `updated_at` timestamp NULL DEFAULT NULL
) ENGINE=InnoDB DEFAULT CHARSET=utf8mb4 COLLATE=utf8mb4_unicode_ci;

--
-- Dumping data for table `users`
--

INSERT INTO `users` (`id`, `name`, `email`, `email_verified_at`, `password`, `remember_token`, `created_at`, `updated_at`) VALUES
(1, 'Malik', 'test@example.com', NULL, '$2y$12$KfbHxK5cRh6L58EL3ad2he.OGShHXFCAsUxdjWdiaF1clfVDFRBYi', 'WeJo65bCEGwcZAcIAn3vxvZ774jt7ZLI1ihfPDTPdC7NkNmV5lSFlqdQa4cl', '2025-04-06 06:56:08', '2025-04-06 07:25:06'),
(4, 'Admin User', 'admin@example.com', NULL, '$2y$12$mCCI7y.PZow/C4vVc.ukHeoTlsvPfNTZOh7sLWjsmeNzDWmvIAEo.', NULL, '2025-04-07 04:05:56', '2025-04-07 04:05:56'),
(5, 'Editor User', 'editor@example.com', NULL, '$2y$12$bXWnFbtulNJY.sRBTFgsF.5OEYtPo.hJvkXV/krTb6nIYMAszSLOi', NULL, '2025-04-07 04:05:57', '2025-04-07 04:05:57'),
(6, 'Viewer User', 'viewer@example.com', NULL, '$2y$12$BHyRYYFJgJkmKVVCLS/K8u9lkPw4w8/9yDYSoQFww5ewDnDx49zIq', NULL, '2025-04-07 04:05:57', '2025-04-07 04:05:57');

--
-- Indexes for dumped tables
--

--
-- Indexes for table `cache`
--
ALTER TABLE `cache`
  ADD PRIMARY KEY (`key`);

--
-- Indexes for table `cache_locks`
--
ALTER TABLE `cache_locks`
  ADD PRIMARY KEY (`key`);

--
-- Indexes for table `failed_jobs`
--
ALTER TABLE `failed_jobs`
  ADD PRIMARY KEY (`id`),
  ADD UNIQUE KEY `failed_jobs_uuid_unique` (`uuid`);

--
-- Indexes for table `jobs`
--
ALTER TABLE `jobs`
  ADD PRIMARY KEY (`id`),
  ADD KEY `jobs_queue_index` (`queue`);

--
-- Indexes for table `job_batches`
--
ALTER TABLE `job_batches`
  ADD PRIMARY KEY (`id`);

--
-- Indexes for table `migrations`
--
ALTER TABLE `migrations`
  ADD PRIMARY KEY (`id`);

--
-- Indexes for table `model_has_permissions`
--
ALTER TABLE `model_has_permissions`
  ADD PRIMARY KEY (`permission_id`,`model_id`,`model_type`),
  ADD KEY `model_has_permissions_model_id_model_type_index` (`model_id`,`model_type`);

--
-- Indexes for table `model_has_roles`
--
ALTER TABLE `model_has_roles`
  ADD PRIMARY KEY (`role_id`,`model_id`,`model_type`),
  ADD KEY `model_has_roles_model_id_model_type_index` (`model_id`,`model_type`);

--
-- Indexes for table `password_reset_tokens`
--
ALTER TABLE `password_reset_tokens`
  ADD PRIMARY KEY (`email`);

--
-- Indexes for table `permissions`
--
ALTER TABLE `permissions`
  ADD PRIMARY KEY (`id`),
  ADD UNIQUE KEY `permissions_name_guard_name_unique` (`name`,`guard_name`);

--
-- Indexes for table `projects`
--
ALTER TABLE `projects`
  ADD PRIMARY KEY (`id`),
  ADD KEY `projects_user_id_foreign` (`user_id`);

--
-- Indexes for table `resources`
--
ALTER TABLE `resources`
  ADD PRIMARY KEY (`id`),
  ADD KEY `resources_project_id_foreign` (`project_id`);

--
-- Indexes for table `roles`
--
ALTER TABLE `roles`
  ADD PRIMARY KEY (`id`),
  ADD UNIQUE KEY `roles_name_guard_name_unique` (`name`,`guard_name`);

--
-- Indexes for table `role_has_permissions`
--
ALTER TABLE `role_has_permissions`
  ADD PRIMARY KEY (`permission_id`,`role_id`),
  ADD KEY `role_has_permissions_role_id_foreign` (`role_id`);

--
-- Indexes for table `sessions`
--
ALTER TABLE `sessions`
  ADD PRIMARY KEY (`id`),
  ADD KEY `sessions_user_id_index` (`user_id`),
  ADD KEY `sessions_last_activity_index` (`last_activity`);

--
-- Indexes for table `translations`
--
ALTER TABLE `translations`
  ADD PRIMARY KEY (`id`),
  ADD KEY `translations_resource_id_foreign` (`resource_id`);

--
-- Indexes for table `users`
--
ALTER TABLE `users`
  ADD PRIMARY KEY (`id`),
  ADD UNIQUE KEY `users_email_unique` (`email`);

--
-- AUTO_INCREMENT for dumped tables
--

--
-- AUTO_INCREMENT for table `failed_jobs`
--
ALTER TABLE `failed_jobs`
  MODIFY `id` bigint UNSIGNED NOT NULL AUTO_INCREMENT;

--
-- AUTO_INCREMENT for table `jobs`
--
ALTER TABLE `jobs`
  MODIFY `id` bigint UNSIGNED NOT NULL AUTO_INCREMENT;

--
-- AUTO_INCREMENT for table `migrations`
--
ALTER TABLE `migrations`
  MODIFY `id` int UNSIGNED NOT NULL AUTO_INCREMENT, AUTO_INCREMENT=8;

--
-- AUTO_INCREMENT for table `permissions`
--
ALTER TABLE `permissions`
  MODIFY `id` bigint UNSIGNED NOT NULL AUTO_INCREMENT, AUTO_INCREMENT=8;

--
-- AUTO_INCREMENT for table `projects`
--
ALTER TABLE `projects`
  MODIFY `id` bigint UNSIGNED NOT NULL AUTO_INCREMENT, AUTO_INCREMENT=14;

--
-- AUTO_INCREMENT for table `resources`
--
ALTER TABLE `resources`
  MODIFY `id` bigint UNSIGNED NOT NULL AUTO_INCREMENT, AUTO_INCREMENT=2790;

--
-- AUTO_INCREMENT for table `roles`
--
ALTER TABLE `roles`
  MODIFY `id` bigint UNSIGNED NOT NULL AUTO_INCREMENT, AUTO_INCREMENT=4;

--
-- AUTO_INCREMENT for table `translations`
--
ALTER TABLE `translations`
  MODIFY `id` bigint UNSIGNED NOT NULL AUTO_INCREMENT, AUTO_INCREMENT=8199;

--
-- AUTO_INCREMENT for table `users`
--
ALTER TABLE `users`
  MODIFY `id` bigint UNSIGNED NOT NULL AUTO_INCREMENT, AUTO_INCREMENT=8;

--
-- Constraints for dumped tables
--

--
-- Constraints for table `model_has_permissions`
--
ALTER TABLE `model_has_permissions`
  ADD CONSTRAINT `model_has_permissions_permission_id_foreign` FOREIGN KEY (`permission_id`) REFERENCES `permissions` (`id`) ON DELETE CASCADE;

--
-- Constraints for table `model_has_roles`
--
ALTER TABLE `model_has_roles`
  ADD CONSTRAINT `model_has_roles_role_id_foreign` FOREIGN KEY (`role_id`) REFERENCES `roles` (`id`) ON DELETE CASCADE;

--
-- Constraints for table `projects`
--
ALTER TABLE `projects`
  ADD CONSTRAINT `projects_user_id_foreign` FOREIGN KEY (`user_id`) REFERENCES `users` (`id`) ON DELETE CASCADE;

--
-- Constraints for table `resources`
--
ALTER TABLE `resources`
  ADD CONSTRAINT `resources_project_id_foreign` FOREIGN KEY (`project_id`) REFERENCES `projects` (`id`) ON DELETE CASCADE;

--
-- Constraints for table `role_has_permissions`
--
ALTER TABLE `role_has_permissions`
  ADD CONSTRAINT `role_has_permissions_permission_id_foreign` FOREIGN KEY (`permission_id`) REFERENCES `permissions` (`id`) ON DELETE CASCADE,
  ADD CONSTRAINT `role_has_permissions_role_id_foreign` FOREIGN KEY (`role_id`) REFERENCES `roles` (`id`) ON DELETE CASCADE;

--
-- Constraints for table `translations`
--
ALTER TABLE `translations`
  ADD CONSTRAINT `translations_resource_id_foreign` FOREIGN KEY (`resource_id`) REFERENCES `resources` (`id`) ON DELETE CASCADE;
COMMIT;

